{"id":21179,"date":"2023-08-31T02:00:00","date_gmt":"2023-08-31T00:00:00","guid":{"rendered":"https:\/\/dreyersforlag.forenteforlag.no\/produkt\/pandemi-panikk-og-politikk\/"},"modified":"2025-08-27T08:58:08","modified_gmt":"2025-08-27T06:58:08","slug":"pandemi-panikk-og-politikk","status":"publish","type":"product","link":"https:\/\/staging.forenteforlag.no\/dreyers\/produkt\/pandemi-panikk-og-politikk\/","title":{"rendered":"Pandemi, panikk og politikk"},"content":{"rendered":"<p>PANDEMI VAR EI VENTA KRISE <\/p>\n<p>Noreg hadde beredskapsplanane klare d\u00e5 viruset var p\u00e5 veg. Likevel vart vi tatt p\u00e5 senga. <\/p>\n<p>D\u00e5 Erna Solberg ville trykke p\u00e5 den store raude knappen, var der ingen stor raud knapp. Gjennom nokre hektiske timar utforma ei lita gruppe tilsette i Helsedirektoratet dei mest inngripande tiltaka i Noreg i fredstid. Den 12. mars 2020 stengde landet. <\/p>\n<p>Gatene vart folketomme, skulane stengde, og norsk \u00f8konomi br\u00e5stoppa. Dei \u00f8konomiske og sosiale e.ektane var enorme. Tiltaka var verken testa eller greidd ut. <\/p>\n<p>Sverige kalla den norske responsen for eit eksperiment, og heldt i staden p\u00e5 beredskapsplanen sin. Resultatet dei fekk var eit stort smitteutbrot og mange tusen d\u00f8dsfall som kunne vore unng\u00e5tt. <\/p>\n<p>Denne boka handlar om den norske stenginga 12. mars 2020. Dette er historia om nedprioritert beredskap, fagleg sektortenking, og manglande f\u00f8restillingsevne. Det er ogs\u00e5 historia om snarr\u00e5digheit d\u00e5 det verkeleg drog seg til. Eit n\u00e6rt samarbeid mellom politikarar, Helsedirektoratet og FHI redda p\u00e5 rekordtid Noreg fr\u00e5 eit kritisk koronautbrot. Dessutan hadde vi ein god porsjon .aks &#8211; for det kunne faktisk ha g\u00e5tt mykje verre. <\/p>\n<p>Ved neste krise kan vi ikkje stole p\u00e5 flaksen. D\u00e5 m\u00e5 vi vere budd.<\/p>\n","protected":false},"excerpt":{"rendered":"<p>PANDEMI VAR EI VENTA KRISE Noreg hadde beredskapsplanane klare d\u00e5 viruset var p\u00e5 veg. Likevel vart vi tatt p\u00e5 senga. D\u00e5 Erna Solberg ville trykke p\u00e5 den store raude knappen, var der ingen stor raud knapp. Gjennom nokre hektiske timar utforma ei lita gruppe tilsette i Helsedirektoratet dei mest inngripande tiltaka i Noreg i fredstid. [&hellip;]<\/p>\n","protected":false},"featured_media":24139,"template":"","meta":{"_acf_changed":false,"inline_featured_image":false},"product_brand":[],"product_cat":[1785,32,355],"product_tag":[362,1724,488,439,489,392],"class_list":{"0":"post-21179","1":"product","2":"type-product","3":"status-publish","4":"has-post-thumbnail","6":"product_cat-fripris","7":"product_cat-samfunn-og-politikk","8":"product_cat-tilbud","9":"product_tag-faglitteratur","10":"product_tag-identitetspolitikk","11":"product_tag-koronavirussykdommer","12":"product_tag-nord-norge","13":"product_tag-pandemier","14":"product_tag-samfunnsanalyse","15":"pa_format-innbundet","17":"first","18":"instock","19":"shipping-taxable","20":"purchasable","21":"product-type-simple"},"acf":{"anmeldelse":null},"yoast_head":"<!-- This site is optimized with the Yoast SEO plugin v26.6 - https:\/\/yoast.com\/wordpress\/plugins\/seo\/ -->\n<title>Pandemi, panikk og politikk - Dreyers Forlag<\/title>\n<meta name=\"robots\" content=\"noindex, follow, max-snippet:-1, max-image-preview:large, max-video-preview:-1\" \/>\n<meta property=\"og:locale\" content=\"nb_NO\" \/>\n<meta property=\"og:type\" content=\"article\" \/>\n<meta property=\"og:title\" content=\"Pandemi, panikk og politikk - Dreyers Forlag\" \/>\n<meta property=\"og:description\" content=\"PANDEMI VAR EI VENTA KRISE Noreg hadde beredskapsplanane klare d\u00e5 viruset var p\u00e5 veg. Likevel vart vi tatt p\u00e5 senga. D\u00e5 Erna Solberg ville trykke p\u00e5 den store raude knappen, var der ingen stor raud knapp. Gjennom nokre hektiske timar utforma ei lita gruppe tilsette i Helsedirektoratet dei mest inngripande tiltaka i Noreg i fredstid. [&hellip;]\" \/>\n<meta property=\"og:url\" content=\"https:\/\/staging.forenteforlag.no\/dreyers\/produkt\/pandemi-panikk-og-politikk\/\" \/>\n<meta property=\"og:site_name\" content=\"Dreyers Forlag\" \/>\n<meta property=\"article:modified_time\" content=\"2025-08-27T06:58:08+00:00\" \/>\n<meta property=\"og:image\" content=\"https:\/\/staging.forenteforlag.no\/dreyers\/wp-content\/uploads\/sites\/2\/2025\/08\/jpg-6630-scaled.jpg\" \/>\n\t<meta property=\"og:image:width\" content=\"1228\" \/>\n\t<meta property=\"og:image:height\" content=\"1920\" \/>\n\t<meta property=\"og:image:type\" content=\"image\/jpeg\" \/>\n<meta name=\"twitter:card\" content=\"summary_large_image\" \/>\n<meta name=\"twitter:label1\" content=\"Ansl. lesetid\" \/>\n\t<meta name=\"twitter:data1\" content=\"1 minutt\" \/>\n<script type=\"application\/ld+json\" class=\"yoast-schema-graph\">{\"@context\":\"https:\/\/schema.org\",\"@graph\":[{\"@type\":\"WebPage\",\"@id\":\"https:\/\/staging.forenteforlag.no\/dreyers\/produkt\/pandemi-panikk-og-politikk\/\",\"url\":\"https:\/\/staging.forenteforlag.no\/dreyers\/produkt\/pandemi-panikk-og-politikk\/\",\"name\":\"Pandemi, panikk og politikk - Dreyers Forlag\",\"isPartOf\":{\"@id\":\"https:\/\/staging.forenteforlag.no\/dreyers\/#website\"},\"primaryImageOfPage\":{\"@id\":\"https:\/\/staging.forenteforlag.no\/dreyers\/produkt\/pandemi-panikk-og-politikk\/#primaryimage\"},\"image\":{\"@id\":\"https:\/\/staging.forenteforlag.no\/dreyers\/produkt\/pandemi-panikk-og-politikk\/#primaryimage\"},\"thumbnailUrl\":\"https:\/\/staging.forenteforlag.no\/dreyers\/wp-content\/uploads\/sites\/2\/2025\/08\/jpg-6630-scaled.jpg\",\"datePublished\":\"2023-08-31T00:00:00+00:00\",\"dateModified\":\"2025-08-27T06:58:08+00:00\",\"breadcrumb\":{\"@id\":\"https:\/\/staging.forenteforlag.no\/dreyers\/produkt\/pandemi-panikk-og-politikk\/#breadcrumb\"},\"inLanguage\":\"nb-NO\",\"potentialAction\":[{\"@type\":\"ReadAction\",\"target\":[\"https:\/\/staging.forenteforlag.no\/dreyers\/produkt\/pandemi-panikk-og-politikk\/\"]}]},{\"@type\":\"ImageObject\",\"inLanguage\":\"nb-NO\",\"@id\":\"https:\/\/staging.forenteforlag.no\/dreyers\/produkt\/pandemi-panikk-og-politikk\/#primaryimage\",\"url\":\"https:\/\/staging.forenteforlag.no\/dreyers\/wp-content\/uploads\/sites\/2\/2025\/08\/jpg-6630-scaled.jpg\",\"contentUrl\":\"https:\/\/staging.forenteforlag.no\/dreyers\/wp-content\/uploads\/sites\/2\/2025\/08\/jpg-6630-scaled.jpg\",\"width\":1228,\"height\":1920},{\"@type\":\"BreadcrumbList\",\"@id\":\"https:\/\/staging.forenteforlag.no\/dreyers\/produkt\/pandemi-panikk-og-politikk\/#breadcrumb\",\"itemListElement\":[{\"@type\":\"ListItem\",\"position\":1,\"name\":\"Hjem\",\"item\":\"https:\/\/staging.forenteforlag.no\/dreyers\/\"},{\"@type\":\"ListItem\",\"position\":2,\"name\":\"Alle b\u00f8ker\",\"item\":\"https:\/\/staging.forenteforlag.no\/dreyers\/butikk\/\"},{\"@type\":\"ListItem\",\"position\":3,\"name\":\"Pandemi, panikk og politikk\"}]},{\"@type\":\"WebSite\",\"@id\":\"https:\/\/staging.forenteforlag.no\/dreyers\/#website\",\"url\":\"https:\/\/staging.forenteforlag.no\/dreyers\/\",\"name\":\"Dreyers Forlag\",\"description\":\"\",\"potentialAction\":[{\"@type\":\"SearchAction\",\"target\":{\"@type\":\"EntryPoint\",\"urlTemplate\":\"https:\/\/staging.forenteforlag.no\/dreyers\/?s={search_term_string}\"},\"query-input\":{\"@type\":\"PropertyValueSpecification\",\"valueRequired\":true,\"valueName\":\"search_term_string\"}}],\"inLanguage\":\"nb-NO\"}]}<\/script>\n<!-- \/ Yoast SEO plugin. -->","yoast_head_json":{"title":"Pandemi, panikk og politikk - Dreyers Forlag","robots":{"index":"noindex","follow":"follow","max-snippet":"max-snippet:-1","max-image-preview":"max-image-preview:large","max-video-preview":"max-video-preview:-1"},"og_locale":"nb_NO","og_type":"article","og_title":"Pandemi, panikk og politikk - Dreyers Forlag","og_description":"PANDEMI VAR EI VENTA KRISE Noreg hadde beredskapsplanane klare d\u00e5 viruset var p\u00e5 veg. Likevel vart vi tatt p\u00e5 senga. D\u00e5 Erna Solberg ville trykke p\u00e5 den store raude knappen, var der ingen stor raud knapp. Gjennom nokre hektiske timar utforma ei lita gruppe tilsette i Helsedirektoratet dei mest inngripande tiltaka i Noreg i fredstid. [&hellip;]","og_url":"https:\/\/staging.forenteforlag.no\/dreyers\/produkt\/pandemi-panikk-og-politikk\/","og_site_name":"Dreyers Forlag","article_modified_time":"2025-08-27T06:58:08+00:00","og_image":[{"width":1228,"height":1920,"url":"https:\/\/staging.forenteforlag.no\/dreyers\/wp-content\/uploads\/sites\/2\/2025\/08\/jpg-6630-scaled.jpg","type":"image\/jpeg"}],"twitter_card":"summary_large_image","twitter_misc":{"Ansl. lesetid":"1 minutt"},"schema":{"@context":"https:\/\/schema.org","@graph":[{"@type":"WebPage","@id":"https:\/\/staging.forenteforlag.no\/dreyers\/produkt\/pandemi-panikk-og-politikk\/","url":"https:\/\/staging.forenteforlag.no\/dreyers\/produkt\/pandemi-panikk-og-politikk\/","name":"Pandemi, panikk og politikk - Dreyers Forlag","isPartOf":{"@id":"https:\/\/staging.forenteforlag.no\/dreyers\/#website"},"primaryImageOfPage":{"@id":"https:\/\/staging.forenteforlag.no\/dreyers\/produkt\/pandemi-panikk-og-politikk\/#primaryimage"},"image":{"@id":"https:\/\/staging.forenteforlag.no\/dreyers\/produkt\/pandemi-panikk-og-politikk\/#primaryimage"},"thumbnailUrl":"https:\/\/staging.forenteforlag.no\/dreyers\/wp-content\/uploads\/sites\/2\/2025\/08\/jpg-6630-scaled.jpg","datePublished":"2023-08-31T00:00:00+00:00","dateModified":"2025-08-27T06:58:08+00:00","breadcrumb":{"@id":"https:\/\/staging.forenteforlag.no\/dreyers\/produkt\/pandemi-panikk-og-politikk\/#breadcrumb"},"inLanguage":"nb-NO","potentialAction":[{"@type":"ReadAction","target":["https:\/\/staging.forenteforlag.no\/dreyers\/produkt\/pandemi-panikk-og-politikk\/"]}]},{"@type":"ImageObject","inLanguage":"nb-NO","@id":"https:\/\/staging.forenteforlag.no\/dreyers\/produkt\/pandemi-panikk-og-politikk\/#primaryimage","url":"https:\/\/staging.forenteforlag.no\/dreyers\/wp-content\/uploads\/sites\/2\/2025\/08\/jpg-6630-scaled.jpg","contentUrl":"https:\/\/staging.forenteforlag.no\/dreyers\/wp-content\/uploads\/sites\/2\/2025\/08\/jpg-6630-scaled.jpg","width":1228,"height":1920},{"@type":"BreadcrumbList","@id":"https:\/\/staging.forenteforlag.no\/dreyers\/produkt\/pandemi-panikk-og-politikk\/#breadcrumb","itemListElement":[{"@type":"ListItem","position":1,"name":"Hjem","item":"https:\/\/staging.forenteforlag.no\/dreyers\/"},{"@type":"ListItem","position":2,"name":"Alle b\u00f8ker","item":"https:\/\/staging.forenteforlag.no\/dreyers\/butikk\/"},{"@type":"ListItem","position":3,"name":"Pandemi, panikk og politikk"}]},{"@type":"WebSite","@id":"https:\/\/staging.forenteforlag.no\/dreyers\/#website","url":"https:\/\/staging.forenteforlag.no\/dreyers\/","name":"Dreyers Forlag","description":"","potentialAction":[{"@type":"SearchAction","target":{"@type":"EntryPoint","urlTemplate":"https:\/\/staging.forenteforlag.no\/dreyers\/?s={search_term_string}"},"query-input":{"@type":"PropertyValueSpecification","valueRequired":true,"valueName":"search_term_string"}}],"inLanguage":"nb-NO"}]}},"_links":{"self":[{"href":"https:\/\/staging.forenteforlag.no\/dreyers\/wp-json\/wp\/v2\/product\/21179","targetHints":{"allow":["GET"]}}],"collection":[{"href":"https:\/\/staging.forenteforlag.no\/dreyers\/wp-json\/wp\/v2\/product"}],"about":[{"href":"https:\/\/staging.forenteforlag.no\/dreyers\/wp-json\/wp\/v2\/types\/product"}],"wp:featuredmedia":[{"embeddable":true,"href":"https:\/\/staging.forenteforlag.no\/dreyers\/wp-json\/wp\/v2\/media\/24139"}],"wp:attachment":[{"href":"https:\/\/staging.forenteforlag.no\/dreyers\/wp-json\/wp\/v2\/media?parent=21179"}],"wp:term":[{"taxonomy":"product_brand","embeddable":true,"href":"https:\/\/staging.forenteforlag.no\/dreyers\/wp-json\/wp\/v2\/product_brand?post=21179"},{"taxonomy":"product_cat","embeddable":true,"href":"https:\/\/staging.forenteforlag.no\/dreyers\/wp-json\/wp\/v2\/product_cat?post=21179"},{"taxonomy":"product_tag","embeddable":true,"href":"https:\/\/staging.forenteforlag.no\/dreyers\/wp-json\/wp\/v2\/product_tag?post=21179"}],"curies":[{"name":"wp","href":"https:\/\/api.w.org\/{rel}","templated":true}]}}

<p>PANDEMI VAR EI VENTA KRISE </p>
<p>Noreg hadde beredskapsplanane klare då viruset var på veg. Likevel vart vi tatt på senga. </p>
<p>Då Erna Solberg ville trykke på den store raude knappen, var der ingen stor raud knapp. Gjennom nokre hektiske timar utforma ei lita gruppe tilsette i Helsedirektoratet dei mest inngripande tiltaka i Noreg i fredstid. Den 12. mars 2020 stengde landet. </p>
<p>Gatene vart folketomme, skulane stengde, og norsk økonomi bråstoppa. Dei økonomiske og sosiale e.ektane var enorme. Tiltaka var verken testa eller greidd ut. </p>
<p>Sverige kalla den norske responsen for eit eksperiment, og heldt i staden på beredskapsplanen sin. Resultatet dei fekk var eit stort smitteutbrot og mange tusen dødsfall som kunne vore unngått. </p>
<p>Denne boka handlar om den norske stenginga 12. mars 2020. Dette er historia om nedprioritert beredskap, fagleg sektortenking, og manglande førestillingsevne. Det er også historia om snarrådigheit då det verkeleg drog seg til. Eit nært samarbeid mellom politikarar, Helsedirektoratet og FHI redda på rekordtid Noreg frå eit kritisk koronautbrot. Dessutan hadde vi ein god porsjon .aks &#8211; for det kunne faktisk ha gått mykje verre. </p>
<p>Ved neste krise kan vi ikkje stole på flaksen. Då må vi vere budd.</p>

<p>PANDEMI VAR EI VENTA KRISE Noreg hadde beredskapsplanane klare då viruset var på veg. Likevel vart vi tatt på senga. Då Erna Solberg ville trykke på den store raude knappen, var der ingen stor raud knapp. Gjennom nokre hektiske timar utforma ei lita gruppe tilsette i Helsedirektoratet dei mest inngripande tiltaka i Noreg i fredstid. [&hellip;]</p>

<!-- This site is optimized with the Yoast SEO plugin v26.6 - https://yoast.com/wordpress/plugins/seo/ -->
<title>Pandemi, panikk og politikk - Dreyers Forlag</title>
<meta name="robots" content="noindex, follow, max-snippet:-1, max-image-preview:large, max-video-preview:-1" />
<meta property="og:locale" content="nb_NO" />
<meta property="og:type" content="article" />
<meta property="og:title" content="Pandemi, panikk og politikk - Dreyers Forlag" />
<meta property="og:description" content="PANDEMI VAR EI VENTA KRISE Noreg hadde beredskapsplanane klare då viruset var på veg. Likevel vart vi tatt på senga. Då Erna Solberg ville trykke på den store raude knappen, var der ingen stor raud knapp. Gjennom nokre hektiske timar utforma ei lita gruppe tilsette i Helsedirektoratet dei mest inngripande tiltaka i Noreg i fredstid. [&hellip;]" />
<meta property="og:url" content="https://staging.forenteforlag.no/dreyers/produkt/pandemi-panikk-og-politikk/" />
<meta property="og:site_name" content="Dreyers Forlag" />
<meta property="article:modified_time" content="2025-08-27T06:58:08+00:00" />
<meta property="og:image" content="https://staging.forenteforlag.no/dreyers/wp-content/uploads/sites/2/2025/08/jpg-6630-scaled.jpg" />
	<meta property="og:image:width" content="1228" />
	<meta property="og:image:height" content="1920" />
	<meta property="og:image:type" content="image/jpeg" />
<meta name="twitter:card" content="summary_large_image" />
<meta name="twitter:label1" content="Ansl. lesetid" />
	<meta name="twitter:data1" content="1 minutt" />
<script type="application/ld+json" class="yoast-schema-graph">{"@context":"https://schema.org","@graph":[{"@type":"WebPage","@id":"https://staging.forenteforlag.no/dreyers/produkt/pandemi-panikk-og-politikk/","url":"https://staging.forenteforlag.no/dreyers/produkt/pandemi-panikk-og-politikk/","name":"Pandemi, panikk og politikk - Dreyers Forlag","isPartOf":{"@id":"https://staging.forenteforlag.no/dreyers/#website"},"primaryImageOfPage":{"@id":"https://staging.forenteforlag.no/dreyers/produkt/pandemi-panikk-og-politikk/#primaryimage"},"image":{"@id":"https://staging.forenteforlag.no/dreyers/produkt/pandemi-panikk-og-politikk/#primaryimage"},"thumbnailUrl":"https://staging.forenteforlag.no/dreyers/wp-content/uploads/sites/2/2025/08/jpg-6630-scaled.jpg","datePublished":"2023-08-31T00:00:00+00:00","dateModified":"2025-08-27T06:58:08+00:00","breadcrumb":{"@id":"https://staging.forenteforlag.no/dreyers/produkt/pandemi-panikk-og-politikk/#breadcrumb"},"inLanguage":"nb-NO","potentialAction":[{"@type":"ReadAction","target":["https://staging.forenteforlag.no/dreyers/produkt/pandemi-panikk-og-politikk/"]}]},{"@type":"ImageObject","inLanguage":"nb-NO","@id":"https://staging.forenteforlag.no/dreyers/produkt/pandemi-panikk-og-politikk/#primaryimage","url":"https://staging.forenteforlag.no/dreyers/wp-content/uploads/sites/2/2025/08/jpg-6630-scaled.jpg","contentUrl":"https://staging.forenteforlag.no/dreyers/wp-content/uploads/sites/2/2025/08/jpg-6630-scaled.jpg","width":1228,"height":1920},{"@type":"BreadcrumbList","@id":"https://staging.forenteforlag.no/dreyers/produkt/pandemi-panikk-og-politikk/#breadcrumb","itemListElement":[{"@type":"ListItem","position":1,"name":"Hjem","item":"https://staging.forenteforlag.no/dreyers/"},{"@type":"ListItem","position":2,"name":"Alle bøker","item":"https://staging.forenteforlag.no/dreyers/butikk/"},{"@type":"ListItem","position":3,"name":"Pandemi, panikk og politikk"}]},{"@type":"WebSite","@id":"https://staging.forenteforlag.no/dreyers/#website","url":"https://staging.forenteforlag.no/dreyers/","name":"Dreyers Forlag","description":"","potentialAction":[{"@type":"SearchAction","target":{"@type":"EntryPoint","urlTemplate":"https://staging.forenteforlag.no/dreyers/?s={search_term_string}"},"query-input":{"@type":"PropertyValueSpecification","valueRequired":true,"valueName":"search_term_string"}}],"inLanguage":"nb-NO"}]}</script>
<!-- / Yoast SEO plugin. -->

PANDEMI VAR EI VENTA KRISE Noreg hadde beredskapsplanane klare då viruset var på veg. Likevel vart vi tatt på senga. Då Erna Solberg ville trykke på den store raude knappen, var der ingen stor raud knapp. Gjennom nokre hektiske timar utforma ei lita gruppe tilsette i Helsedirektoratet dei mest inngripande tiltaka i Noreg i fredstid. [&hellip;]

Alle bøker
