{"id":21174,"date":"2023-10-30T01:00:00","date_gmt":"2023-10-30T00:00:00","guid":{"rendered":"https:\/\/dreyersforlag.forenteforlag.no\/produkt\/myter-og-merkedager\/"},"modified":"2026-02-24T06:15:40","modified_gmt":"2026-02-24T05:15:40","slug":"myter-og-merkedager","status":"publish","type":"product","link":"https:\/\/staging.forenteforlag.no\/dreyers\/produkt\/myter-og-merkedager\/","title":{"rendered":"Myter og merkedager"},"content":{"rendered":"<p>Hver eneste av \u00e5rets dager har forgreninger bakover i kulturhistorien. Noen er kjente merkedager: Helligtrekongersaften, Sankthans og Olsok, mens andre er delvis glemte, som helgendagene for Magnus, Hallvard og Sunniva.<\/p>\n<p>Det er p\u00e5 h\u00f8y tid at betegnelsen merkedager ikke lenger bare innbefatter middelalderens helgener, praktiske r\u00e5d og varsler for \u00e5rstiden, men inkluderer nyere tradisjoner, som Earth Hour (26. mars) og Verdens bokdag (23. april). Dessuten .ns det noen helt spesielle dager, feiret kun av de s\u00e6reste blant oss, men nettopp derfor er de desto mer interessante, som \u00abPi-dagen\u00bb (14. mars), Verdens sykkeldag (3. juni) og Verdens sjakkdag (20. juli). Mer selvf\u00f8lgelige merkedager hos oss er samenes nasjonaldag (6. februar), den norske epledagen (17. oktober), og minnedagen for terroren 22. juli. Boken tar ogs\u00e5 med \u00e5rsdager for norske storheter som Snorre Sturlason, Klosterlasse og Hans Nielsen Hauge, s\u00e5 vel som noen merkedager i andre religioner.<\/p>\n<p>Terje Nordby forteller de ofte overraskende og dramatiske fortellingene bak merkedagene, og setter dem i en historisk sammenheng. Kriteriene for utvalget er at dagene blir feiret, har v\u00e6rt feiret eller er i ferd med \u00e5 bli feiret &#8211; og at hver eneste av dem er interessant \u00e5 lese om!<\/p>\n","protected":false},"excerpt":{"rendered":"<p>Hver eneste av \u00e5rets dager har forgreninger bakover i kulturhistorien. Noen er kjente merkedager: Helligtrekongersaften, Sankthans og Olsok, mens andre er delvis glemte, som helgendagene for Magnus, Hallvard og Sunniva. Det er p\u00e5 h\u00f8y tid at betegnelsen merkedager ikke lenger bare innbefatter middelalderens helgener, praktiske r\u00e5d og varsler for \u00e5rstiden, men inkluderer nyere tradisjoner, som [&hellip;]<\/p>\n","protected":false},"featured_media":24247,"template":"","meta":{"_acf_changed":false,"inline_featured_image":false},"product_brand":[],"product_cat":[1785,31,355],"product_tag":[362],"class_list":{"0":"post-21174","1":"product","2":"type-product","3":"status-publish","4":"has-post-thumbnail","6":"product_cat-fripris","7":"product_cat-religion","8":"product_cat-tilbud","9":"product_tag-faglitteratur","10":"pa_format-innbundet","12":"first","13":"outofstock","14":"shipping-taxable","15":"purchasable","16":"product-type-simple"},"acf":{"anmeldelse":null},"yoast_head":"<!-- This site is optimized with the Yoast SEO plugin v26.6 - https:\/\/yoast.com\/wordpress\/plugins\/seo\/ -->\n<title>Myter og merkedager - Dreyers Forlag<\/title>\n<meta name=\"robots\" content=\"noindex, follow, max-snippet:-1, max-image-preview:large, max-video-preview:-1\" \/>\n<meta property=\"og:locale\" content=\"nb_NO\" \/>\n<meta property=\"og:type\" content=\"article\" \/>\n<meta property=\"og:title\" content=\"Myter og merkedager - Dreyers Forlag\" \/>\n<meta property=\"og:description\" content=\"Hver eneste av \u00e5rets dager har forgreninger bakover i kulturhistorien. Noen er kjente merkedager: Helligtrekongersaften, Sankthans og Olsok, mens andre er delvis glemte, som helgendagene for Magnus, Hallvard og Sunniva. Det er p\u00e5 h\u00f8y tid at betegnelsen merkedager ikke lenger bare innbefatter middelalderens helgener, praktiske r\u00e5d og varsler for \u00e5rstiden, men inkluderer nyere tradisjoner, som [&hellip;]\" \/>\n<meta property=\"og:url\" content=\"https:\/\/staging.forenteforlag.no\/dreyers\/produkt\/myter-og-merkedager\/\" \/>\n<meta property=\"og:site_name\" content=\"Dreyers Forlag\" \/>\n<meta property=\"article:modified_time\" content=\"2026-02-24T05:15:40+00:00\" \/>\n<meta property=\"og:image\" content=\"https:\/\/staging.forenteforlag.no\/dreyers\/wp-content\/uploads\/sites\/2\/2025\/08\/jpg-7676.jpg\" \/>\n\t<meta property=\"og:image:width\" content=\"494\" \/>\n\t<meta property=\"og:image:height\" content=\"696\" \/>\n\t<meta property=\"og:image:type\" content=\"image\/jpeg\" \/>\n<meta name=\"twitter:card\" content=\"summary_large_image\" \/>\n<meta name=\"twitter:label1\" content=\"Ansl. lesetid\" \/>\n\t<meta name=\"twitter:data1\" content=\"1 minutt\" \/>\n<script type=\"application\/ld+json\" class=\"yoast-schema-graph\">{\"@context\":\"https:\/\/schema.org\",\"@graph\":[{\"@type\":\"WebPage\",\"@id\":\"https:\/\/staging.forenteforlag.no\/dreyers\/produkt\/myter-og-merkedager\/\",\"url\":\"https:\/\/staging.forenteforlag.no\/dreyers\/produkt\/myter-og-merkedager\/\",\"name\":\"Myter og merkedager - Dreyers Forlag\",\"isPartOf\":{\"@id\":\"https:\/\/staging.forenteforlag.no\/dreyers\/#website\"},\"primaryImageOfPage\":{\"@id\":\"https:\/\/staging.forenteforlag.no\/dreyers\/produkt\/myter-og-merkedager\/#primaryimage\"},\"image\":{\"@id\":\"https:\/\/staging.forenteforlag.no\/dreyers\/produkt\/myter-og-merkedager\/#primaryimage\"},\"thumbnailUrl\":\"https:\/\/staging.forenteforlag.no\/dreyers\/wp-content\/uploads\/sites\/2\/2025\/08\/jpg-7676.jpg\",\"datePublished\":\"2023-10-30T00:00:00+00:00\",\"dateModified\":\"2026-02-24T05:15:40+00:00\",\"breadcrumb\":{\"@id\":\"https:\/\/staging.forenteforlag.no\/dreyers\/produkt\/myter-og-merkedager\/#breadcrumb\"},\"inLanguage\":\"nb-NO\",\"potentialAction\":[{\"@type\":\"ReadAction\",\"target\":[\"https:\/\/staging.forenteforlag.no\/dreyers\/produkt\/myter-og-merkedager\/\"]}]},{\"@type\":\"ImageObject\",\"inLanguage\":\"nb-NO\",\"@id\":\"https:\/\/staging.forenteforlag.no\/dreyers\/produkt\/myter-og-merkedager\/#primaryimage\",\"url\":\"https:\/\/staging.forenteforlag.no\/dreyers\/wp-content\/uploads\/sites\/2\/2025\/08\/jpg-7676.jpg\",\"contentUrl\":\"https:\/\/staging.forenteforlag.no\/dreyers\/wp-content\/uploads\/sites\/2\/2025\/08\/jpg-7676.jpg\",\"width\":494,\"height\":696},{\"@type\":\"BreadcrumbList\",\"@id\":\"https:\/\/staging.forenteforlag.no\/dreyers\/produkt\/myter-og-merkedager\/#breadcrumb\",\"itemListElement\":[{\"@type\":\"ListItem\",\"position\":1,\"name\":\"Hjem\",\"item\":\"https:\/\/staging.forenteforlag.no\/dreyers\/\"},{\"@type\":\"ListItem\",\"position\":2,\"name\":\"Alle b\u00f8ker\",\"item\":\"https:\/\/staging.forenteforlag.no\/dreyers\/butikk\/\"},{\"@type\":\"ListItem\",\"position\":3,\"name\":\"Myter og merkedager\"}]},{\"@type\":\"WebSite\",\"@id\":\"https:\/\/staging.forenteforlag.no\/dreyers\/#website\",\"url\":\"https:\/\/staging.forenteforlag.no\/dreyers\/\",\"name\":\"Dreyers Forlag\",\"description\":\"\",\"potentialAction\":[{\"@type\":\"SearchAction\",\"target\":{\"@type\":\"EntryPoint\",\"urlTemplate\":\"https:\/\/staging.forenteforlag.no\/dreyers\/?s={search_term_string}\"},\"query-input\":{\"@type\":\"PropertyValueSpecification\",\"valueRequired\":true,\"valueName\":\"search_term_string\"}}],\"inLanguage\":\"nb-NO\"}]}<\/script>\n<!-- \/ Yoast SEO plugin. -->","yoast_head_json":{"title":"Myter og merkedager - Dreyers Forlag","robots":{"index":"noindex","follow":"follow","max-snippet":"max-snippet:-1","max-image-preview":"max-image-preview:large","max-video-preview":"max-video-preview:-1"},"og_locale":"nb_NO","og_type":"article","og_title":"Myter og merkedager - Dreyers Forlag","og_description":"Hver eneste av \u00e5rets dager har forgreninger bakover i kulturhistorien. Noen er kjente merkedager: Helligtrekongersaften, Sankthans og Olsok, mens andre er delvis glemte, som helgendagene for Magnus, Hallvard og Sunniva. Det er p\u00e5 h\u00f8y tid at betegnelsen merkedager ikke lenger bare innbefatter middelalderens helgener, praktiske r\u00e5d og varsler for \u00e5rstiden, men inkluderer nyere tradisjoner, som [&hellip;]","og_url":"https:\/\/staging.forenteforlag.no\/dreyers\/produkt\/myter-og-merkedager\/","og_site_name":"Dreyers Forlag","article_modified_time":"2026-02-24T05:15:40+00:00","og_image":[{"width":494,"height":696,"url":"https:\/\/staging.forenteforlag.no\/dreyers\/wp-content\/uploads\/sites\/2\/2025\/08\/jpg-7676.jpg","type":"image\/jpeg"}],"twitter_card":"summary_large_image","twitter_misc":{"Ansl. lesetid":"1 minutt"},"schema":{"@context":"https:\/\/schema.org","@graph":[{"@type":"WebPage","@id":"https:\/\/staging.forenteforlag.no\/dreyers\/produkt\/myter-og-merkedager\/","url":"https:\/\/staging.forenteforlag.no\/dreyers\/produkt\/myter-og-merkedager\/","name":"Myter og merkedager - Dreyers Forlag","isPartOf":{"@id":"https:\/\/staging.forenteforlag.no\/dreyers\/#website"},"primaryImageOfPage":{"@id":"https:\/\/staging.forenteforlag.no\/dreyers\/produkt\/myter-og-merkedager\/#primaryimage"},"image":{"@id":"https:\/\/staging.forenteforlag.no\/dreyers\/produkt\/myter-og-merkedager\/#primaryimage"},"thumbnailUrl":"https:\/\/staging.forenteforlag.no\/dreyers\/wp-content\/uploads\/sites\/2\/2025\/08\/jpg-7676.jpg","datePublished":"2023-10-30T00:00:00+00:00","dateModified":"2026-02-24T05:15:40+00:00","breadcrumb":{"@id":"https:\/\/staging.forenteforlag.no\/dreyers\/produkt\/myter-og-merkedager\/#breadcrumb"},"inLanguage":"nb-NO","potentialAction":[{"@type":"ReadAction","target":["https:\/\/staging.forenteforlag.no\/dreyers\/produkt\/myter-og-merkedager\/"]}]},{"@type":"ImageObject","inLanguage":"nb-NO","@id":"https:\/\/staging.forenteforlag.no\/dreyers\/produkt\/myter-og-merkedager\/#primaryimage","url":"https:\/\/staging.forenteforlag.no\/dreyers\/wp-content\/uploads\/sites\/2\/2025\/08\/jpg-7676.jpg","contentUrl":"https:\/\/staging.forenteforlag.no\/dreyers\/wp-content\/uploads\/sites\/2\/2025\/08\/jpg-7676.jpg","width":494,"height":696},{"@type":"BreadcrumbList","@id":"https:\/\/staging.forenteforlag.no\/dreyers\/produkt\/myter-og-merkedager\/#breadcrumb","itemListElement":[{"@type":"ListItem","position":1,"name":"Hjem","item":"https:\/\/staging.forenteforlag.no\/dreyers\/"},{"@type":"ListItem","position":2,"name":"Alle b\u00f8ker","item":"https:\/\/staging.forenteforlag.no\/dreyers\/butikk\/"},{"@type":"ListItem","position":3,"name":"Myter og merkedager"}]},{"@type":"WebSite","@id":"https:\/\/staging.forenteforlag.no\/dreyers\/#website","url":"https:\/\/staging.forenteforlag.no\/dreyers\/","name":"Dreyers Forlag","description":"","potentialAction":[{"@type":"SearchAction","target":{"@type":"EntryPoint","urlTemplate":"https:\/\/staging.forenteforlag.no\/dreyers\/?s={search_term_string}"},"query-input":{"@type":"PropertyValueSpecification","valueRequired":true,"valueName":"search_term_string"}}],"inLanguage":"nb-NO"}]}},"_links":{"self":[{"href":"https:\/\/staging.forenteforlag.no\/dreyers\/wp-json\/wp\/v2\/product\/21174","targetHints":{"allow":["GET"]}}],"collection":[{"href":"https:\/\/staging.forenteforlag.no\/dreyers\/wp-json\/wp\/v2\/product"}],"about":[{"href":"https:\/\/staging.forenteforlag.no\/dreyers\/wp-json\/wp\/v2\/types\/product"}],"wp:featuredmedia":[{"embeddable":true,"href":"https:\/\/staging.forenteforlag.no\/dreyers\/wp-json\/wp\/v2\/media\/24247"}],"wp:attachment":[{"href":"https:\/\/staging.forenteforlag.no\/dreyers\/wp-json\/wp\/v2\/media?parent=21174"}],"wp:term":[{"taxonomy":"product_brand","embeddable":true,"href":"https:\/\/staging.forenteforlag.no\/dreyers\/wp-json\/wp\/v2\/product_brand?post=21174"},{"taxonomy":"product_cat","embeddable":true,"href":"https:\/\/staging.forenteforlag.no\/dreyers\/wp-json\/wp\/v2\/product_cat?post=21174"},{"taxonomy":"product_tag","embeddable":true,"href":"https:\/\/staging.forenteforlag.no\/dreyers\/wp-json\/wp\/v2\/product_tag?post=21174"}],"curies":[{"name":"wp","href":"https:\/\/api.w.org\/{rel}","templated":true}]}}

<p>Hver eneste av årets dager har forgreninger bakover i kulturhistorien. Noen er kjente merkedager: Helligtrekongersaften, Sankthans og Olsok, mens andre er delvis glemte, som helgendagene for Magnus, Hallvard og Sunniva.</p>
<p>Det er på høy tid at betegnelsen merkedager ikke lenger bare innbefatter middelalderens helgener, praktiske råd og varsler for årstiden, men inkluderer nyere tradisjoner, som Earth Hour (26. mars) og Verdens bokdag (23. april). Dessuten .ns det noen helt spesielle dager, feiret kun av de særeste blant oss, men nettopp derfor er de desto mer interessante, som «Pi-dagen» (14. mars), Verdens sykkeldag (3. juni) og Verdens sjakkdag (20. juli). Mer selvfølgelige merkedager hos oss er samenes nasjonaldag (6. februar), den norske epledagen (17. oktober), og minnedagen for terroren 22. juli. Boken tar også med årsdager for norske storheter som Snorre Sturlason, Klosterlasse og Hans Nielsen Hauge, så vel som noen merkedager i andre religioner.</p>
<p>Terje Nordby forteller de ofte overraskende og dramatiske fortellingene bak merkedagene, og setter dem i en historisk sammenheng. Kriteriene for utvalget er at dagene blir feiret, har vært feiret eller er i ferd med å bli feiret &#8211; og at hver eneste av dem er interessant å lese om!</p>

<p>Hver eneste av årets dager har forgreninger bakover i kulturhistorien. Noen er kjente merkedager: Helligtrekongersaften, Sankthans og Olsok, mens andre er delvis glemte, som helgendagene for Magnus, Hallvard og Sunniva. Det er på høy tid at betegnelsen merkedager ikke lenger bare innbefatter middelalderens helgener, praktiske råd og varsler for årstiden, men inkluderer nyere tradisjoner, som [&hellip;]</p>

<!-- This site is optimized with the Yoast SEO plugin v26.6 - https://yoast.com/wordpress/plugins/seo/ -->
<title>Myter og merkedager - Dreyers Forlag</title>
<meta name="robots" content="noindex, follow, max-snippet:-1, max-image-preview:large, max-video-preview:-1" />
<meta property="og:locale" content="nb_NO" />
<meta property="og:type" content="article" />
<meta property="og:title" content="Myter og merkedager - Dreyers Forlag" />
<meta property="og:description" content="Hver eneste av årets dager har forgreninger bakover i kulturhistorien. Noen er kjente merkedager: Helligtrekongersaften, Sankthans og Olsok, mens andre er delvis glemte, som helgendagene for Magnus, Hallvard og Sunniva. Det er på høy tid at betegnelsen merkedager ikke lenger bare innbefatter middelalderens helgener, praktiske råd og varsler for årstiden, men inkluderer nyere tradisjoner, som [&hellip;]" />
<meta property="og:url" content="https://staging.forenteforlag.no/dreyers/produkt/myter-og-merkedager/" />
<meta property="og:site_name" content="Dreyers Forlag" />
<meta property="article:modified_time" content="2026-02-24T05:15:40+00:00" />
<meta property="og:image" content="https://staging.forenteforlag.no/dreyers/wp-content/uploads/sites/2/2025/08/jpg-7676.jpg" />
	<meta property="og:image:width" content="494" />
	<meta property="og:image:height" content="696" />
	<meta property="og:image:type" content="image/jpeg" />
<meta name="twitter:card" content="summary_large_image" />
<meta name="twitter:label1" content="Ansl. lesetid" />
	<meta name="twitter:data1" content="1 minutt" />
<script type="application/ld+json" class="yoast-schema-graph">{"@context":"https://schema.org","@graph":[{"@type":"WebPage","@id":"https://staging.forenteforlag.no/dreyers/produkt/myter-og-merkedager/","url":"https://staging.forenteforlag.no/dreyers/produkt/myter-og-merkedager/","name":"Myter og merkedager - Dreyers Forlag","isPartOf":{"@id":"https://staging.forenteforlag.no/dreyers/#website"},"primaryImageOfPage":{"@id":"https://staging.forenteforlag.no/dreyers/produkt/myter-og-merkedager/#primaryimage"},"image":{"@id":"https://staging.forenteforlag.no/dreyers/produkt/myter-og-merkedager/#primaryimage"},"thumbnailUrl":"https://staging.forenteforlag.no/dreyers/wp-content/uploads/sites/2/2025/08/jpg-7676.jpg","datePublished":"2023-10-30T00:00:00+00:00","dateModified":"2026-02-24T05:15:40+00:00","breadcrumb":{"@id":"https://staging.forenteforlag.no/dreyers/produkt/myter-og-merkedager/#breadcrumb"},"inLanguage":"nb-NO","potentialAction":[{"@type":"ReadAction","target":["https://staging.forenteforlag.no/dreyers/produkt/myter-og-merkedager/"]}]},{"@type":"ImageObject","inLanguage":"nb-NO","@id":"https://staging.forenteforlag.no/dreyers/produkt/myter-og-merkedager/#primaryimage","url":"https://staging.forenteforlag.no/dreyers/wp-content/uploads/sites/2/2025/08/jpg-7676.jpg","contentUrl":"https://staging.forenteforlag.no/dreyers/wp-content/uploads/sites/2/2025/08/jpg-7676.jpg","width":494,"height":696},{"@type":"BreadcrumbList","@id":"https://staging.forenteforlag.no/dreyers/produkt/myter-og-merkedager/#breadcrumb","itemListElement":[{"@type":"ListItem","position":1,"name":"Hjem","item":"https://staging.forenteforlag.no/dreyers/"},{"@type":"ListItem","position":2,"name":"Alle bøker","item":"https://staging.forenteforlag.no/dreyers/butikk/"},{"@type":"ListItem","position":3,"name":"Myter og merkedager"}]},{"@type":"WebSite","@id":"https://staging.forenteforlag.no/dreyers/#website","url":"https://staging.forenteforlag.no/dreyers/","name":"Dreyers Forlag","description":"","potentialAction":[{"@type":"SearchAction","target":{"@type":"EntryPoint","urlTemplate":"https://staging.forenteforlag.no/dreyers/?s={search_term_string}"},"query-input":{"@type":"PropertyValueSpecification","valueRequired":true,"valueName":"search_term_string"}}],"inLanguage":"nb-NO"}]}</script>
<!-- / Yoast SEO plugin. -->

Hver eneste av årets dager har forgreninger bakover i kulturhistorien. Noen er kjente merkedager: Helligtrekongersaften, Sankthans og Olsok, mens andre er delvis glemte, som helgendagene for Magnus, Hallvard og Sunniva. Det er på høy tid at betegnelsen merkedager ikke lenger bare innbefatter middelalderens helgener, praktiske råd og varsler for årstiden, men inkluderer nyere tradisjoner, som [&hellip;]

Alle bøker
