{"id":21172,"date":"2023-11-03T01:00:00","date_gmt":"2023-11-03T00:00:00","guid":{"rendered":"https:\/\/dreyersforlag.forenteforlag.no\/produkt\/takknemlighetens-filosofi\/"},"modified":"2025-08-27T09:36:25","modified_gmt":"2025-08-27T07:36:25","slug":"takknemlighetens-filosofi","status":"publish","type":"product","link":"https:\/\/staging.forenteforlag.no\/dreyers\/produkt\/takknemlighetens-filosofi\/","title":{"rendered":"Takknemlighetens filosofi"},"content":{"rendered":"<p>Vi er alle takknemlige. Takknemlighet er en av de vanligste sosialmoralske praksisene vi kjenner til. Men hva er egentlig takknemlighet? Hva vil det si \u00e5 v\u00e6re takknemlig? Og hva kan og b\u00f8r vi v\u00e6re takknemlige for? Filosofen Espen Gamlund har v\u00e6rt opptatt av takknemlighet s\u00e5 lenge han kan huske. N\u00e5 har han grublet seg frem til noen svar p\u00e5 disse og andre sp\u00f8rsm\u00e5l om takknemlighet.<\/p>\n<p>I Takknemlighetens filosofi trekker Gamlund linjer tilbake til klassiske .losofer, og tar samtidig temperaturen p\u00e5 moderne psykologisk forskning p\u00e5 takknemlighet. Han kombinerer skarp analyse og eksempler fra hverdagslivet for \u00e5 gi leseren anledning til \u00e5 re.ektere over takknemlighetens betydning. Takknemlighet er som Gamlund viser n\u00f8dvendig, men samtidig vanskelig. Men hvis vi vil forst\u00e5 oss selv og det samfunnet vi lever i, m\u00e5 vi forst\u00e5 hva takknemlighet er.<\/p>\n","protected":false},"excerpt":{"rendered":"<p>Vi er alle takknemlige. Takknemlighet er en av de vanligste sosialmoralske praksisene vi kjenner til. Men hva er egentlig takknemlighet? Hva vil det si \u00e5 v\u00e6re takknemlig? Og hva kan og b\u00f8r vi v\u00e6re takknemlige for? Filosofen Espen Gamlund har v\u00e6rt opptatt av takknemlighet s\u00e5 lenge han kan huske. N\u00e5 har han grublet seg frem [&hellip;]<\/p>\n","protected":false},"featured_media":24195,"template":"","meta":{"_acf_changed":false,"inline_featured_image":false},"product_brand":[],"product_cat":[21,1785,355],"product_tag":[1272,362,1250],"class_list":{"0":"post-21172","1":"product","2":"type-product","3":"status-publish","4":"has-post-thumbnail","6":"product_cat-filosofi","7":"product_cat-fripris","8":"product_cat-tilbud","9":"product_tag-apologetikk","10":"product_tag-faglitteratur","11":"product_tag-folelser","12":"pa_format-innbundet","14":"first","15":"instock","16":"shipping-taxable","17":"purchasable","18":"product-type-simple"},"acf":{"anmeldelse":null},"yoast_head":"<!-- This site is optimized with the Yoast SEO plugin v26.6 - https:\/\/yoast.com\/wordpress\/plugins\/seo\/ -->\n<title>Takknemlighetens filosofi - Dreyers Forlag<\/title>\n<meta name=\"robots\" content=\"noindex, follow, max-snippet:-1, max-image-preview:large, max-video-preview:-1\" \/>\n<meta property=\"og:locale\" content=\"nb_NO\" \/>\n<meta property=\"og:type\" content=\"article\" \/>\n<meta property=\"og:title\" content=\"Takknemlighetens filosofi - Dreyers Forlag\" \/>\n<meta property=\"og:description\" content=\"Vi er alle takknemlige. Takknemlighet er en av de vanligste sosialmoralske praksisene vi kjenner til. Men hva er egentlig takknemlighet? Hva vil det si \u00e5 v\u00e6re takknemlig? Og hva kan og b\u00f8r vi v\u00e6re takknemlige for? Filosofen Espen Gamlund har v\u00e6rt opptatt av takknemlighet s\u00e5 lenge han kan huske. N\u00e5 har han grublet seg frem [&hellip;]\" \/>\n<meta property=\"og:url\" content=\"https:\/\/staging.forenteforlag.no\/dreyers\/produkt\/takknemlighetens-filosofi\/\" \/>\n<meta property=\"og:site_name\" content=\"Dreyers Forlag\" \/>\n<meta property=\"article:modified_time\" content=\"2025-08-27T07:36:25+00:00\" \/>\n<meta property=\"og:image\" content=\"https:\/\/staging.forenteforlag.no\/dreyers\/wp-content\/uploads\/sites\/2\/2025\/08\/jpg-7128-scaled.jpg\" \/>\n\t<meta property=\"og:image:width\" content=\"1240\" \/>\n\t<meta property=\"og:image:height\" content=\"1920\" \/>\n\t<meta property=\"og:image:type\" content=\"image\/jpeg\" \/>\n<meta name=\"twitter:card\" content=\"summary_large_image\" \/>\n<meta name=\"twitter:label1\" content=\"Ansl. lesetid\" \/>\n\t<meta name=\"twitter:data1\" content=\"1 minutt\" \/>\n<script type=\"application\/ld+json\" class=\"yoast-schema-graph\">{\"@context\":\"https:\/\/schema.org\",\"@graph\":[{\"@type\":\"WebPage\",\"@id\":\"https:\/\/staging.forenteforlag.no\/dreyers\/produkt\/takknemlighetens-filosofi\/\",\"url\":\"https:\/\/staging.forenteforlag.no\/dreyers\/produkt\/takknemlighetens-filosofi\/\",\"name\":\"Takknemlighetens filosofi - Dreyers Forlag\",\"isPartOf\":{\"@id\":\"https:\/\/staging.forenteforlag.no\/dreyers\/#website\"},\"primaryImageOfPage\":{\"@id\":\"https:\/\/staging.forenteforlag.no\/dreyers\/produkt\/takknemlighetens-filosofi\/#primaryimage\"},\"image\":{\"@id\":\"https:\/\/staging.forenteforlag.no\/dreyers\/produkt\/takknemlighetens-filosofi\/#primaryimage\"},\"thumbnailUrl\":\"https:\/\/staging.forenteforlag.no\/dreyers\/wp-content\/uploads\/sites\/2\/2025\/08\/jpg-7128-scaled.jpg\",\"datePublished\":\"2023-11-03T00:00:00+00:00\",\"dateModified\":\"2025-08-27T07:36:25+00:00\",\"breadcrumb\":{\"@id\":\"https:\/\/staging.forenteforlag.no\/dreyers\/produkt\/takknemlighetens-filosofi\/#breadcrumb\"},\"inLanguage\":\"nb-NO\",\"potentialAction\":[{\"@type\":\"ReadAction\",\"target\":[\"https:\/\/staging.forenteforlag.no\/dreyers\/produkt\/takknemlighetens-filosofi\/\"]}]},{\"@type\":\"ImageObject\",\"inLanguage\":\"nb-NO\",\"@id\":\"https:\/\/staging.forenteforlag.no\/dreyers\/produkt\/takknemlighetens-filosofi\/#primaryimage\",\"url\":\"https:\/\/staging.forenteforlag.no\/dreyers\/wp-content\/uploads\/sites\/2\/2025\/08\/jpg-7128-scaled.jpg\",\"contentUrl\":\"https:\/\/staging.forenteforlag.no\/dreyers\/wp-content\/uploads\/sites\/2\/2025\/08\/jpg-7128-scaled.jpg\",\"width\":1240,\"height\":1920},{\"@type\":\"BreadcrumbList\",\"@id\":\"https:\/\/staging.forenteforlag.no\/dreyers\/produkt\/takknemlighetens-filosofi\/#breadcrumb\",\"itemListElement\":[{\"@type\":\"ListItem\",\"position\":1,\"name\":\"Hjem\",\"item\":\"https:\/\/staging.forenteforlag.no\/dreyers\/\"},{\"@type\":\"ListItem\",\"position\":2,\"name\":\"Alle b\u00f8ker\",\"item\":\"https:\/\/staging.forenteforlag.no\/dreyers\/butikk\/\"},{\"@type\":\"ListItem\",\"position\":3,\"name\":\"Takknemlighetens filosofi\"}]},{\"@type\":\"WebSite\",\"@id\":\"https:\/\/staging.forenteforlag.no\/dreyers\/#website\",\"url\":\"https:\/\/staging.forenteforlag.no\/dreyers\/\",\"name\":\"Dreyers Forlag\",\"description\":\"\",\"potentialAction\":[{\"@type\":\"SearchAction\",\"target\":{\"@type\":\"EntryPoint\",\"urlTemplate\":\"https:\/\/staging.forenteforlag.no\/dreyers\/?s={search_term_string}\"},\"query-input\":{\"@type\":\"PropertyValueSpecification\",\"valueRequired\":true,\"valueName\":\"search_term_string\"}}],\"inLanguage\":\"nb-NO\"}]}<\/script>\n<!-- \/ Yoast SEO plugin. -->","yoast_head_json":{"title":"Takknemlighetens filosofi - Dreyers Forlag","robots":{"index":"noindex","follow":"follow","max-snippet":"max-snippet:-1","max-image-preview":"max-image-preview:large","max-video-preview":"max-video-preview:-1"},"og_locale":"nb_NO","og_type":"article","og_title":"Takknemlighetens filosofi - Dreyers Forlag","og_description":"Vi er alle takknemlige. Takknemlighet er en av de vanligste sosialmoralske praksisene vi kjenner til. Men hva er egentlig takknemlighet? Hva vil det si \u00e5 v\u00e6re takknemlig? Og hva kan og b\u00f8r vi v\u00e6re takknemlige for? Filosofen Espen Gamlund har v\u00e6rt opptatt av takknemlighet s\u00e5 lenge han kan huske. N\u00e5 har han grublet seg frem [&hellip;]","og_url":"https:\/\/staging.forenteforlag.no\/dreyers\/produkt\/takknemlighetens-filosofi\/","og_site_name":"Dreyers Forlag","article_modified_time":"2025-08-27T07:36:25+00:00","og_image":[{"width":1240,"height":1920,"url":"https:\/\/staging.forenteforlag.no\/dreyers\/wp-content\/uploads\/sites\/2\/2025\/08\/jpg-7128-scaled.jpg","type":"image\/jpeg"}],"twitter_card":"summary_large_image","twitter_misc":{"Ansl. lesetid":"1 minutt"},"schema":{"@context":"https:\/\/schema.org","@graph":[{"@type":"WebPage","@id":"https:\/\/staging.forenteforlag.no\/dreyers\/produkt\/takknemlighetens-filosofi\/","url":"https:\/\/staging.forenteforlag.no\/dreyers\/produkt\/takknemlighetens-filosofi\/","name":"Takknemlighetens filosofi - Dreyers Forlag","isPartOf":{"@id":"https:\/\/staging.forenteforlag.no\/dreyers\/#website"},"primaryImageOfPage":{"@id":"https:\/\/staging.forenteforlag.no\/dreyers\/produkt\/takknemlighetens-filosofi\/#primaryimage"},"image":{"@id":"https:\/\/staging.forenteforlag.no\/dreyers\/produkt\/takknemlighetens-filosofi\/#primaryimage"},"thumbnailUrl":"https:\/\/staging.forenteforlag.no\/dreyers\/wp-content\/uploads\/sites\/2\/2025\/08\/jpg-7128-scaled.jpg","datePublished":"2023-11-03T00:00:00+00:00","dateModified":"2025-08-27T07:36:25+00:00","breadcrumb":{"@id":"https:\/\/staging.forenteforlag.no\/dreyers\/produkt\/takknemlighetens-filosofi\/#breadcrumb"},"inLanguage":"nb-NO","potentialAction":[{"@type":"ReadAction","target":["https:\/\/staging.forenteforlag.no\/dreyers\/produkt\/takknemlighetens-filosofi\/"]}]},{"@type":"ImageObject","inLanguage":"nb-NO","@id":"https:\/\/staging.forenteforlag.no\/dreyers\/produkt\/takknemlighetens-filosofi\/#primaryimage","url":"https:\/\/staging.forenteforlag.no\/dreyers\/wp-content\/uploads\/sites\/2\/2025\/08\/jpg-7128-scaled.jpg","contentUrl":"https:\/\/staging.forenteforlag.no\/dreyers\/wp-content\/uploads\/sites\/2\/2025\/08\/jpg-7128-scaled.jpg","width":1240,"height":1920},{"@type":"BreadcrumbList","@id":"https:\/\/staging.forenteforlag.no\/dreyers\/produkt\/takknemlighetens-filosofi\/#breadcrumb","itemListElement":[{"@type":"ListItem","position":1,"name":"Hjem","item":"https:\/\/staging.forenteforlag.no\/dreyers\/"},{"@type":"ListItem","position":2,"name":"Alle b\u00f8ker","item":"https:\/\/staging.forenteforlag.no\/dreyers\/butikk\/"},{"@type":"ListItem","position":3,"name":"Takknemlighetens filosofi"}]},{"@type":"WebSite","@id":"https:\/\/staging.forenteforlag.no\/dreyers\/#website","url":"https:\/\/staging.forenteforlag.no\/dreyers\/","name":"Dreyers Forlag","description":"","potentialAction":[{"@type":"SearchAction","target":{"@type":"EntryPoint","urlTemplate":"https:\/\/staging.forenteforlag.no\/dreyers\/?s={search_term_string}"},"query-input":{"@type":"PropertyValueSpecification","valueRequired":true,"valueName":"search_term_string"}}],"inLanguage":"nb-NO"}]}},"_links":{"self":[{"href":"https:\/\/staging.forenteforlag.no\/dreyers\/wp-json\/wp\/v2\/product\/21172","targetHints":{"allow":["GET"]}}],"collection":[{"href":"https:\/\/staging.forenteforlag.no\/dreyers\/wp-json\/wp\/v2\/product"}],"about":[{"href":"https:\/\/staging.forenteforlag.no\/dreyers\/wp-json\/wp\/v2\/types\/product"}],"wp:featuredmedia":[{"embeddable":true,"href":"https:\/\/staging.forenteforlag.no\/dreyers\/wp-json\/wp\/v2\/media\/24195"}],"wp:attachment":[{"href":"https:\/\/staging.forenteforlag.no\/dreyers\/wp-json\/wp\/v2\/media?parent=21172"}],"wp:term":[{"taxonomy":"product_brand","embeddable":true,"href":"https:\/\/staging.forenteforlag.no\/dreyers\/wp-json\/wp\/v2\/product_brand?post=21172"},{"taxonomy":"product_cat","embeddable":true,"href":"https:\/\/staging.forenteforlag.no\/dreyers\/wp-json\/wp\/v2\/product_cat?post=21172"},{"taxonomy":"product_tag","embeddable":true,"href":"https:\/\/staging.forenteforlag.no\/dreyers\/wp-json\/wp\/v2\/product_tag?post=21172"}],"curies":[{"name":"wp","href":"https:\/\/api.w.org\/{rel}","templated":true}]}}

<p>Vi er alle takknemlige. Takknemlighet er en av de vanligste sosialmoralske praksisene vi kjenner til. Men hva er egentlig takknemlighet? Hva vil det si å være takknemlig? Og hva kan og bør vi være takknemlige for? Filosofen Espen Gamlund har vært opptatt av takknemlighet så lenge han kan huske. Nå har han grublet seg frem til noen svar på disse og andre spørsmål om takknemlighet.</p>
<p>I Takknemlighetens filosofi trekker Gamlund linjer tilbake til klassiske .losofer, og tar samtidig temperaturen på moderne psykologisk forskning på takknemlighet. Han kombinerer skarp analyse og eksempler fra hverdagslivet for å gi leseren anledning til å re.ektere over takknemlighetens betydning. Takknemlighet er som Gamlund viser nødvendig, men samtidig vanskelig. Men hvis vi vil forstå oss selv og det samfunnet vi lever i, må vi forstå hva takknemlighet er.</p>

<p>Vi er alle takknemlige. Takknemlighet er en av de vanligste sosialmoralske praksisene vi kjenner til. Men hva er egentlig takknemlighet? Hva vil det si å være takknemlig? Og hva kan og bør vi være takknemlige for? Filosofen Espen Gamlund har vært opptatt av takknemlighet så lenge han kan huske. Nå har han grublet seg frem [&hellip;]</p>

<!-- This site is optimized with the Yoast SEO plugin v26.6 - https://yoast.com/wordpress/plugins/seo/ -->
<title>Takknemlighetens filosofi - Dreyers Forlag</title>
<meta name="robots" content="noindex, follow, max-snippet:-1, max-image-preview:large, max-video-preview:-1" />
<meta property="og:locale" content="nb_NO" />
<meta property="og:type" content="article" />
<meta property="og:title" content="Takknemlighetens filosofi - Dreyers Forlag" />
<meta property="og:description" content="Vi er alle takknemlige. Takknemlighet er en av de vanligste sosialmoralske praksisene vi kjenner til. Men hva er egentlig takknemlighet? Hva vil det si å være takknemlig? Og hva kan og bør vi være takknemlige for? Filosofen Espen Gamlund har vært opptatt av takknemlighet så lenge han kan huske. Nå har han grublet seg frem [&hellip;]" />
<meta property="og:url" content="https://staging.forenteforlag.no/dreyers/produkt/takknemlighetens-filosofi/" />
<meta property="og:site_name" content="Dreyers Forlag" />
<meta property="article:modified_time" content="2025-08-27T07:36:25+00:00" />
<meta property="og:image" content="https://staging.forenteforlag.no/dreyers/wp-content/uploads/sites/2/2025/08/jpg-7128-scaled.jpg" />
	<meta property="og:image:width" content="1240" />
	<meta property="og:image:height" content="1920" />
	<meta property="og:image:type" content="image/jpeg" />
<meta name="twitter:card" content="summary_large_image" />
<meta name="twitter:label1" content="Ansl. lesetid" />
	<meta name="twitter:data1" content="1 minutt" />
<script type="application/ld+json" class="yoast-schema-graph">{"@context":"https://schema.org","@graph":[{"@type":"WebPage","@id":"https://staging.forenteforlag.no/dreyers/produkt/takknemlighetens-filosofi/","url":"https://staging.forenteforlag.no/dreyers/produkt/takknemlighetens-filosofi/","name":"Takknemlighetens filosofi - Dreyers Forlag","isPartOf":{"@id":"https://staging.forenteforlag.no/dreyers/#website"},"primaryImageOfPage":{"@id":"https://staging.forenteforlag.no/dreyers/produkt/takknemlighetens-filosofi/#primaryimage"},"image":{"@id":"https://staging.forenteforlag.no/dreyers/produkt/takknemlighetens-filosofi/#primaryimage"},"thumbnailUrl":"https://staging.forenteforlag.no/dreyers/wp-content/uploads/sites/2/2025/08/jpg-7128-scaled.jpg","datePublished":"2023-11-03T00:00:00+00:00","dateModified":"2025-08-27T07:36:25+00:00","breadcrumb":{"@id":"https://staging.forenteforlag.no/dreyers/produkt/takknemlighetens-filosofi/#breadcrumb"},"inLanguage":"nb-NO","potentialAction":[{"@type":"ReadAction","target":["https://staging.forenteforlag.no/dreyers/produkt/takknemlighetens-filosofi/"]}]},{"@type":"ImageObject","inLanguage":"nb-NO","@id":"https://staging.forenteforlag.no/dreyers/produkt/takknemlighetens-filosofi/#primaryimage","url":"https://staging.forenteforlag.no/dreyers/wp-content/uploads/sites/2/2025/08/jpg-7128-scaled.jpg","contentUrl":"https://staging.forenteforlag.no/dreyers/wp-content/uploads/sites/2/2025/08/jpg-7128-scaled.jpg","width":1240,"height":1920},{"@type":"BreadcrumbList","@id":"https://staging.forenteforlag.no/dreyers/produkt/takknemlighetens-filosofi/#breadcrumb","itemListElement":[{"@type":"ListItem","position":1,"name":"Hjem","item":"https://staging.forenteforlag.no/dreyers/"},{"@type":"ListItem","position":2,"name":"Alle bøker","item":"https://staging.forenteforlag.no/dreyers/butikk/"},{"@type":"ListItem","position":3,"name":"Takknemlighetens filosofi"}]},{"@type":"WebSite","@id":"https://staging.forenteforlag.no/dreyers/#website","url":"https://staging.forenteforlag.no/dreyers/","name":"Dreyers Forlag","description":"","potentialAction":[{"@type":"SearchAction","target":{"@type":"EntryPoint","urlTemplate":"https://staging.forenteforlag.no/dreyers/?s={search_term_string}"},"query-input":{"@type":"PropertyValueSpecification","valueRequired":true,"valueName":"search_term_string"}}],"inLanguage":"nb-NO"}]}</script>
<!-- / Yoast SEO plugin. -->

Vi er alle takknemlige. Takknemlighet er en av de vanligste sosialmoralske praksisene vi kjenner til. Men hva er egentlig takknemlighet? Hva vil det si å være takknemlig? Og hva kan og bør vi være takknemlige for? Filosofen Espen Gamlund har vært opptatt av takknemlighet så lenge han kan huske. Nå har han grublet seg frem [&hellip;]

Alle bøker
