{"id":21166,"date":"2024-02-16T01:00:00","date_gmt":"2024-02-16T00:00:00","guid":{"rendered":"https:\/\/dreyersforlag.forenteforlag.no\/produkt\/hegel-2\/"},"modified":"2025-11-12T08:40:09","modified_gmt":"2025-11-12T07:40:09","slug":"hegel-2","status":"publish","type":"product","link":"https:\/\/staging.forenteforlag.no\/dreyers\/produkt\/hegel-2\/","title":{"rendered":"Hegel"},"content":{"rendered":"<p>Den tyske filosofen Georg Wilhelm Friedrich Hegel har betydd s\u00e5 mye for v\u00e5r forst\u00e5else av historie, modernitet, frihet og fremskritt at han garantert preger m\u00e5ten du tenker p\u00e5 &#8211; kanskje uten at du vet det selv. <\/p>\n<p>Hva skjer n\u00e5r Hegels tanker m\u00f8ter v\u00e5r tid? Det er sp\u00f8rsm\u00e5let, n\u00e5r den unge filosofen Sigurd Hverven tar med Hegel p\u00e5 en rundreise i v\u00e5r samtid. Boka viser at sentrale hegelianske ideer &#8211; om frihet, anerkjennelse, historie, fremmedgj\u00f8ring og kj\u00e6rlighet &#8211; fremdeles er relevante for \u00e5 forst\u00e5 brennbare sp\u00f8rsm\u00e5l i v\u00e5r egen tid. Samtidig bruker Hverven Hegels tenkning til \u00e5 kaste lys over fenomener Hegel ikke kjente til, som velferdsstaten, smarttelefoner og feministiske og antirasistiske frigj\u00f8ringsbevegelser. <\/p>\n<p>Hegels tekster er beryktet for \u00e5 v\u00e6re vanskelige, p\u00e5 grensen til det uforst\u00e5elige. Men i denne boka blir Hegel forst\u00e5elig selv for lesere uten store filosofiske forkunnskaper. Med biografiske detaljer fra Hegels liv, kombinert med sl\u00e5ende eksempler fra v\u00e5r tid, gj\u00f8r Hverven det abstrakte filosofiske stoffet levende. Boka er samtidig en tilgjengelig innf\u00f8ring i Hegels filosofi, og en vidtfavnende aktualisering av denne tyske mestertenkeren.<\/p>\n","protected":false},"excerpt":{"rendered":"<p>Den tyske filosofen Georg Wilhelm Friedrich Hegel har betydd s\u00e5 mye for v\u00e5r forst\u00e5else av historie, modernitet, frihet og fremskritt at han garantert preger m\u00e5ten du tenker p\u00e5 &#8211; kanskje uten at du vet det selv. Hva skjer n\u00e5r Hegels tanker m\u00f8ter v\u00e5r tid? Det er sp\u00f8rsm\u00e5let, n\u00e5r den unge filosofen Sigurd Hverven tar med [&hellip;]<\/p>\n","protected":false},"featured_media":24512,"template":"","meta":{"_acf_changed":false,"inline_featured_image":false},"product_brand":[],"product_cat":[21],"product_tag":[362],"class_list":{"0":"post-21166","1":"product","2":"type-product","3":"status-publish","4":"has-post-thumbnail","6":"product_cat-filosofi","7":"product_tag-faglitteratur","8":"pa_format-innbundet","10":"first","11":"instock","12":"shipping-taxable","13":"purchasable","14":"product-type-simple"},"acf":{"anmeldelse":[{"tekst_anmeldelser":"\u00abDette var en inspirerende og tankevekkende bok \u00e5 lese \u2026 med dagligdagse eksempler p\u00e5 filosofiske konsekvenser av smarttelefonbruk, barneoppdragelse og kj\u00e6rlighetsforhold. \u00c5 bruke Hegel til dette er et originalt grep og representerer verdifull popularisering.\u00bb","av_anmeldelser":"Eivind Tj\u00f8nneland","terningkast":false,"kilde":"Ny Tid"},{"tekst_anmeldelser":"\u00abSigurd Hvervens omfattande bok om Hegel er noko av det mest imponerande eg har lese p\u00e5 lang tid\u2026 Filosofifaget kan for mange verka teoretisk og livsfjernt \u2026 Det storslegne med Hvervens bok er at han viser det motsette. Filosofien kan hjelpa oss til \u00e5 forst\u00e5 kvardagslivet, politikken, oppsedinga, dei sosiale media \u2013 og meir \u2013 klarare og betre.\u00bb","av_anmeldelser":"Jan Inge S\u00f8rb\u00f8","terningkast":false,"kilde":"Dag og Tid"},{"tekst_anmeldelser":"\u00abHvervens bok om Hegel fortjener \u00e5 bli lest av mange, ogs\u00e5 \u2018uinnvidde\u2019. Dette er en glimrende bok og en gavepakke til ikke-filosofer med interesse for filosofi.\u00bb","av_anmeldelser":"Lars Bugge","terningkast":false,"kilde":"Klassekampen"},{"tekst_anmeldelser":"\u00abHverven skriver usedvanlig godt og lettfattelig \u2026 Med entusiasme og formidlingsglede tar han tak i mange av de sentrale hegelske begrepene og ideene \u2026 Samtidig setter han dem i sammenheng med fenomener i v\u00e5r egen (og tilsynelatende langt mindre transparente) verden som rapmusikk, The Sopranos, smarttelefoner og politidrapet p\u00e5 George Floyd.\u00bb","av_anmeldelser":"Espen Hammer","terningkast":false,"kilde":"Morgenbladet"},{"tekst_anmeldelser":"\u00abTittelen lover oss en ganske enkel bok om en vanskelig filosof, og det er akkurat det vi f\u00e5r. Hverven har lagt ned et imponerende formidlingsarbeid i boken.\u00bb","av_anmeldelser":"Ragnar Misje Bergem","terningkast":false,"kilde":"V\u00e5rt Land"},{"tekst_anmeldelser":"\u00abI omtaler av boken har det blitt hevdet at Hverven har gjort et godt stykke formidlingsarbeid. Det er en underdrivelse. Arbeidet Hverven har gjort med \u00e5 mane frem en forst\u00e5elig og tiln\u00e6rmelig versjon av den kryptiske tyske tenkeren, er knapt til \u00e5 tro \u2026 \u00c5 skrive slik er ingen liten bragd\u00bb","av_anmeldelser":"Varg Lukas Folkman","terningkast":false,"kilde":"Prosa"}]},"yoast_head":"<!-- This site is optimized with the Yoast SEO plugin v26.6 - https:\/\/yoast.com\/wordpress\/plugins\/seo\/ -->\n<title>Hegel - Dreyers Forlag<\/title>\n<meta name=\"robots\" content=\"noindex, follow, max-snippet:-1, max-image-preview:large, max-video-preview:-1\" \/>\n<meta property=\"og:locale\" content=\"nb_NO\" \/>\n<meta property=\"og:type\" content=\"article\" \/>\n<meta property=\"og:title\" content=\"Hegel - Dreyers Forlag\" \/>\n<meta property=\"og:description\" content=\"Den tyske filosofen Georg Wilhelm Friedrich Hegel har betydd s\u00e5 mye for v\u00e5r forst\u00e5else av historie, modernitet, frihet og fremskritt at han garantert preger m\u00e5ten du tenker p\u00e5 &#8211; kanskje uten at du vet det selv. Hva skjer n\u00e5r Hegels tanker m\u00f8ter v\u00e5r tid? Det er sp\u00f8rsm\u00e5let, n\u00e5r den unge filosofen Sigurd Hverven tar med [&hellip;]\" \/>\n<meta property=\"og:url\" content=\"https:\/\/staging.forenteforlag.no\/dreyers\/produkt\/hegel-2\/\" \/>\n<meta property=\"og:site_name\" content=\"Dreyers Forlag\" \/>\n<meta property=\"article:modified_time\" content=\"2025-11-12T07:40:09+00:00\" \/>\n<meta property=\"og:image\" content=\"https:\/\/staging.forenteforlag.no\/dreyers\/wp-content\/uploads\/sites\/2\/2025\/08\/jpg-10102-scaled.jpg\" \/>\n\t<meta property=\"og:image:width\" content=\"1221\" \/>\n\t<meta property=\"og:image:height\" content=\"1920\" \/>\n\t<meta property=\"og:image:type\" content=\"image\/jpeg\" \/>\n<meta name=\"twitter:card\" content=\"summary_large_image\" \/>\n<meta name=\"twitter:label1\" content=\"Ansl. lesetid\" \/>\n\t<meta name=\"twitter:data1\" content=\"1 minutt\" \/>\n<script type=\"application\/ld+json\" class=\"yoast-schema-graph\">{\"@context\":\"https:\/\/schema.org\",\"@graph\":[{\"@type\":\"WebPage\",\"@id\":\"https:\/\/staging.forenteforlag.no\/dreyers\/produkt\/hegel-2\/\",\"url\":\"https:\/\/staging.forenteforlag.no\/dreyers\/produkt\/hegel-2\/\",\"name\":\"Hegel - Dreyers Forlag\",\"isPartOf\":{\"@id\":\"https:\/\/staging.forenteforlag.no\/dreyers\/#website\"},\"primaryImageOfPage\":{\"@id\":\"https:\/\/staging.forenteforlag.no\/dreyers\/produkt\/hegel-2\/#primaryimage\"},\"image\":{\"@id\":\"https:\/\/staging.forenteforlag.no\/dreyers\/produkt\/hegel-2\/#primaryimage\"},\"thumbnailUrl\":\"https:\/\/staging.forenteforlag.no\/dreyers\/wp-content\/uploads\/sites\/2\/2025\/08\/jpg-10102-scaled.jpg\",\"datePublished\":\"2024-02-16T00:00:00+00:00\",\"dateModified\":\"2025-11-12T07:40:09+00:00\",\"breadcrumb\":{\"@id\":\"https:\/\/staging.forenteforlag.no\/dreyers\/produkt\/hegel-2\/#breadcrumb\"},\"inLanguage\":\"nb-NO\",\"potentialAction\":[{\"@type\":\"ReadAction\",\"target\":[\"https:\/\/staging.forenteforlag.no\/dreyers\/produkt\/hegel-2\/\"]}]},{\"@type\":\"ImageObject\",\"inLanguage\":\"nb-NO\",\"@id\":\"https:\/\/staging.forenteforlag.no\/dreyers\/produkt\/hegel-2\/#primaryimage\",\"url\":\"https:\/\/staging.forenteforlag.no\/dreyers\/wp-content\/uploads\/sites\/2\/2025\/08\/jpg-10102-scaled.jpg\",\"contentUrl\":\"https:\/\/staging.forenteforlag.no\/dreyers\/wp-content\/uploads\/sites\/2\/2025\/08\/jpg-10102-scaled.jpg\",\"width\":1221,\"height\":1920},{\"@type\":\"BreadcrumbList\",\"@id\":\"https:\/\/staging.forenteforlag.no\/dreyers\/produkt\/hegel-2\/#breadcrumb\",\"itemListElement\":[{\"@type\":\"ListItem\",\"position\":1,\"name\":\"Hjem\",\"item\":\"https:\/\/staging.forenteforlag.no\/dreyers\/\"},{\"@type\":\"ListItem\",\"position\":2,\"name\":\"Alle b\u00f8ker\",\"item\":\"https:\/\/staging.forenteforlag.no\/dreyers\/butikk\/\"},{\"@type\":\"ListItem\",\"position\":3,\"name\":\"Hegel\"}]},{\"@type\":\"WebSite\",\"@id\":\"https:\/\/staging.forenteforlag.no\/dreyers\/#website\",\"url\":\"https:\/\/staging.forenteforlag.no\/dreyers\/\",\"name\":\"Dreyers Forlag\",\"description\":\"\",\"potentialAction\":[{\"@type\":\"SearchAction\",\"target\":{\"@type\":\"EntryPoint\",\"urlTemplate\":\"https:\/\/staging.forenteforlag.no\/dreyers\/?s={search_term_string}\"},\"query-input\":{\"@type\":\"PropertyValueSpecification\",\"valueRequired\":true,\"valueName\":\"search_term_string\"}}],\"inLanguage\":\"nb-NO\"}]}<\/script>\n<!-- \/ Yoast SEO plugin. -->","yoast_head_json":{"title":"Hegel - Dreyers Forlag","robots":{"index":"noindex","follow":"follow","max-snippet":"max-snippet:-1","max-image-preview":"max-image-preview:large","max-video-preview":"max-video-preview:-1"},"og_locale":"nb_NO","og_type":"article","og_title":"Hegel - Dreyers Forlag","og_description":"Den tyske filosofen Georg Wilhelm Friedrich Hegel har betydd s\u00e5 mye for v\u00e5r forst\u00e5else av historie, modernitet, frihet og fremskritt at han garantert preger m\u00e5ten du tenker p\u00e5 &#8211; kanskje uten at du vet det selv. Hva skjer n\u00e5r Hegels tanker m\u00f8ter v\u00e5r tid? Det er sp\u00f8rsm\u00e5let, n\u00e5r den unge filosofen Sigurd Hverven tar med [&hellip;]","og_url":"https:\/\/staging.forenteforlag.no\/dreyers\/produkt\/hegel-2\/","og_site_name":"Dreyers Forlag","article_modified_time":"2025-11-12T07:40:09+00:00","og_image":[{"width":1221,"height":1920,"url":"https:\/\/staging.forenteforlag.no\/dreyers\/wp-content\/uploads\/sites\/2\/2025\/08\/jpg-10102-scaled.jpg","type":"image\/jpeg"}],"twitter_card":"summary_large_image","twitter_misc":{"Ansl. lesetid":"1 minutt"},"schema":{"@context":"https:\/\/schema.org","@graph":[{"@type":"WebPage","@id":"https:\/\/staging.forenteforlag.no\/dreyers\/produkt\/hegel-2\/","url":"https:\/\/staging.forenteforlag.no\/dreyers\/produkt\/hegel-2\/","name":"Hegel - Dreyers Forlag","isPartOf":{"@id":"https:\/\/staging.forenteforlag.no\/dreyers\/#website"},"primaryImageOfPage":{"@id":"https:\/\/staging.forenteforlag.no\/dreyers\/produkt\/hegel-2\/#primaryimage"},"image":{"@id":"https:\/\/staging.forenteforlag.no\/dreyers\/produkt\/hegel-2\/#primaryimage"},"thumbnailUrl":"https:\/\/staging.forenteforlag.no\/dreyers\/wp-content\/uploads\/sites\/2\/2025\/08\/jpg-10102-scaled.jpg","datePublished":"2024-02-16T00:00:00+00:00","dateModified":"2025-11-12T07:40:09+00:00","breadcrumb":{"@id":"https:\/\/staging.forenteforlag.no\/dreyers\/produkt\/hegel-2\/#breadcrumb"},"inLanguage":"nb-NO","potentialAction":[{"@type":"ReadAction","target":["https:\/\/staging.forenteforlag.no\/dreyers\/produkt\/hegel-2\/"]}]},{"@type":"ImageObject","inLanguage":"nb-NO","@id":"https:\/\/staging.forenteforlag.no\/dreyers\/produkt\/hegel-2\/#primaryimage","url":"https:\/\/staging.forenteforlag.no\/dreyers\/wp-content\/uploads\/sites\/2\/2025\/08\/jpg-10102-scaled.jpg","contentUrl":"https:\/\/staging.forenteforlag.no\/dreyers\/wp-content\/uploads\/sites\/2\/2025\/08\/jpg-10102-scaled.jpg","width":1221,"height":1920},{"@type":"BreadcrumbList","@id":"https:\/\/staging.forenteforlag.no\/dreyers\/produkt\/hegel-2\/#breadcrumb","itemListElement":[{"@type":"ListItem","position":1,"name":"Hjem","item":"https:\/\/staging.forenteforlag.no\/dreyers\/"},{"@type":"ListItem","position":2,"name":"Alle b\u00f8ker","item":"https:\/\/staging.forenteforlag.no\/dreyers\/butikk\/"},{"@type":"ListItem","position":3,"name":"Hegel"}]},{"@type":"WebSite","@id":"https:\/\/staging.forenteforlag.no\/dreyers\/#website","url":"https:\/\/staging.forenteforlag.no\/dreyers\/","name":"Dreyers Forlag","description":"","potentialAction":[{"@type":"SearchAction","target":{"@type":"EntryPoint","urlTemplate":"https:\/\/staging.forenteforlag.no\/dreyers\/?s={search_term_string}"},"query-input":{"@type":"PropertyValueSpecification","valueRequired":true,"valueName":"search_term_string"}}],"inLanguage":"nb-NO"}]}},"_links":{"self":[{"href":"https:\/\/staging.forenteforlag.no\/dreyers\/wp-json\/wp\/v2\/product\/21166","targetHints":{"allow":["GET"]}}],"collection":[{"href":"https:\/\/staging.forenteforlag.no\/dreyers\/wp-json\/wp\/v2\/product"}],"about":[{"href":"https:\/\/staging.forenteforlag.no\/dreyers\/wp-json\/wp\/v2\/types\/product"}],"wp:featuredmedia":[{"embeddable":true,"href":"https:\/\/staging.forenteforlag.no\/dreyers\/wp-json\/wp\/v2\/media\/24512"}],"wp:attachment":[{"href":"https:\/\/staging.forenteforlag.no\/dreyers\/wp-json\/wp\/v2\/media?parent=21166"}],"wp:term":[{"taxonomy":"product_brand","embeddable":true,"href":"https:\/\/staging.forenteforlag.no\/dreyers\/wp-json\/wp\/v2\/product_brand?post=21166"},{"taxonomy":"product_cat","embeddable":true,"href":"https:\/\/staging.forenteforlag.no\/dreyers\/wp-json\/wp\/v2\/product_cat?post=21166"},{"taxonomy":"product_tag","embeddable":true,"href":"https:\/\/staging.forenteforlag.no\/dreyers\/wp-json\/wp\/v2\/product_tag?post=21166"}],"curies":[{"name":"wp","href":"https:\/\/api.w.org\/{rel}","templated":true}]}}

<p>Den tyske filosofen Georg Wilhelm Friedrich Hegel har betydd så mye for vår forståelse av historie, modernitet, frihet og fremskritt at han garantert preger måten du tenker på &#8211; kanskje uten at du vet det selv. </p>
<p>Hva skjer når Hegels tanker møter vår tid? Det er spørsmålet, når den unge filosofen Sigurd Hverven tar med Hegel på en rundreise i vår samtid. Boka viser at sentrale hegelianske ideer &#8211; om frihet, anerkjennelse, historie, fremmedgjøring og kjærlighet &#8211; fremdeles er relevante for å forstå brennbare spørsmål i vår egen tid. Samtidig bruker Hverven Hegels tenkning til å kaste lys over fenomener Hegel ikke kjente til, som velferdsstaten, smarttelefoner og feministiske og antirasistiske frigjøringsbevegelser. </p>
<p>Hegels tekster er beryktet for å være vanskelige, på grensen til det uforståelige. Men i denne boka blir Hegel forståelig selv for lesere uten store filosofiske forkunnskaper. Med biografiske detaljer fra Hegels liv, kombinert med slående eksempler fra vår tid, gjør Hverven det abstrakte filosofiske stoffet levende. Boka er samtidig en tilgjengelig innføring i Hegels filosofi, og en vidtfavnende aktualisering av denne tyske mestertenkeren.</p>

<p>Den tyske filosofen Georg Wilhelm Friedrich Hegel har betydd så mye for vår forståelse av historie, modernitet, frihet og fremskritt at han garantert preger måten du tenker på &#8211; kanskje uten at du vet det selv. Hva skjer når Hegels tanker møter vår tid? Det er spørsmålet, når den unge filosofen Sigurd Hverven tar med [&hellip;]</p>

«Dette var en inspirerende og tankevekkende bok å lese … med dagligdagse eksempler på filosofiske konsekvenser av smarttelefonbruk, barneoppdragelse og kjærlighetsforhold. Å bruke Hegel til dette er et originalt grep og representerer verdifull popularisering.»

Eivind Tjønneland

«Sigurd Hvervens omfattande bok om Hegel er noko av det mest imponerande eg har lese på lang tid… Filosofifaget kan for mange verka teoretisk og livsfjernt … Det storslegne med Hvervens bok er at han viser det motsette. Filosofien kan hjelpa oss til å forstå kvardagslivet, politikken, oppsedinga, dei sosiale media – og meir – klarare og betre.»

Jan Inge Sørbø

«Hvervens bok om Hegel fortjener å bli lest av mange, også ‘uinnvidde’. Dette er en glimrende bok og en gavepakke til ikke-filosofer med interesse for filosofi.»

«Hverven skriver usedvanlig godt og lettfattelig … Med entusiasme og formidlingsglede tar han tak i mange av de sentrale hegelske begrepene og ideene … Samtidig setter han dem i sammenheng med fenomener i vår egen (og tilsynelatende langt mindre transparente) verden som rapmusikk, The Sopranos, smarttelefoner og politidrapet på George Floyd.»

«Tittelen lover oss en ganske enkel bok om en vanskelig filosof, og det er akkurat det vi får. Hverven har lagt ned et imponerende formidlingsarbeid i boken.»

Vårt Land

«I omtaler av boken har det blitt hevdet at Hverven har gjort et godt stykke formidlingsarbeid. Det er en underdrivelse. Arbeidet Hverven har gjort med å mane frem en forståelig og tilnærmelig versjon av den kryptiske tyske tenkeren, er knapt til å tro … Å skrive slik er ingen liten bragd»

<!-- This site is optimized with the Yoast SEO plugin v26.6 - https://yoast.com/wordpress/plugins/seo/ -->
<title>Hegel - Dreyers Forlag</title>
<meta name="robots" content="noindex, follow, max-snippet:-1, max-image-preview:large, max-video-preview:-1" />
<meta property="og:locale" content="nb_NO" />
<meta property="og:type" content="article" />
<meta property="og:title" content="Hegel - Dreyers Forlag" />
<meta property="og:description" content="Den tyske filosofen Georg Wilhelm Friedrich Hegel har betydd så mye for vår forståelse av historie, modernitet, frihet og fremskritt at han garantert preger måten du tenker på &#8211; kanskje uten at du vet det selv. Hva skjer når Hegels tanker møter vår tid? Det er spørsmålet, når den unge filosofen Sigurd Hverven tar med [&hellip;]" />
<meta property="og:url" content="https://staging.forenteforlag.no/dreyers/produkt/hegel-2/" />
<meta property="og:site_name" content="Dreyers Forlag" />
<meta property="article:modified_time" content="2025-11-12T07:40:09+00:00" />
<meta property="og:image" content="https://staging.forenteforlag.no/dreyers/wp-content/uploads/sites/2/2025/08/jpg-10102-scaled.jpg" />
	<meta property="og:image:width" content="1221" />
	<meta property="og:image:height" content="1920" />
	<meta property="og:image:type" content="image/jpeg" />
<meta name="twitter:card" content="summary_large_image" />
<meta name="twitter:label1" content="Ansl. lesetid" />
	<meta name="twitter:data1" content="1 minutt" />
<script type="application/ld+json" class="yoast-schema-graph">{"@context":"https://schema.org","@graph":[{"@type":"WebPage","@id":"https://staging.forenteforlag.no/dreyers/produkt/hegel-2/","url":"https://staging.forenteforlag.no/dreyers/produkt/hegel-2/","name":"Hegel - Dreyers Forlag","isPartOf":{"@id":"https://staging.forenteforlag.no/dreyers/#website"},"primaryImageOfPage":{"@id":"https://staging.forenteforlag.no/dreyers/produkt/hegel-2/#primaryimage"},"image":{"@id":"https://staging.forenteforlag.no/dreyers/produkt/hegel-2/#primaryimage"},"thumbnailUrl":"https://staging.forenteforlag.no/dreyers/wp-content/uploads/sites/2/2025/08/jpg-10102-scaled.jpg","datePublished":"2024-02-16T00:00:00+00:00","dateModified":"2025-11-12T07:40:09+00:00","breadcrumb":{"@id":"https://staging.forenteforlag.no/dreyers/produkt/hegel-2/#breadcrumb"},"inLanguage":"nb-NO","potentialAction":[{"@type":"ReadAction","target":["https://staging.forenteforlag.no/dreyers/produkt/hegel-2/"]}]},{"@type":"ImageObject","inLanguage":"nb-NO","@id":"https://staging.forenteforlag.no/dreyers/produkt/hegel-2/#primaryimage","url":"https://staging.forenteforlag.no/dreyers/wp-content/uploads/sites/2/2025/08/jpg-10102-scaled.jpg","contentUrl":"https://staging.forenteforlag.no/dreyers/wp-content/uploads/sites/2/2025/08/jpg-10102-scaled.jpg","width":1221,"height":1920},{"@type":"BreadcrumbList","@id":"https://staging.forenteforlag.no/dreyers/produkt/hegel-2/#breadcrumb","itemListElement":[{"@type":"ListItem","position":1,"name":"Hjem","item":"https://staging.forenteforlag.no/dreyers/"},{"@type":"ListItem","position":2,"name":"Alle bøker","item":"https://staging.forenteforlag.no/dreyers/butikk/"},{"@type":"ListItem","position":3,"name":"Hegel"}]},{"@type":"WebSite","@id":"https://staging.forenteforlag.no/dreyers/#website","url":"https://staging.forenteforlag.no/dreyers/","name":"Dreyers Forlag","description":"","potentialAction":[{"@type":"SearchAction","target":{"@type":"EntryPoint","urlTemplate":"https://staging.forenteforlag.no/dreyers/?s={search_term_string}"},"query-input":{"@type":"PropertyValueSpecification","valueRequired":true,"valueName":"search_term_string"}}],"inLanguage":"nb-NO"}]}</script>
<!-- / Yoast SEO plugin. -->

Den tyske filosofen Georg Wilhelm Friedrich Hegel har betydd så mye for vår forståelse av historie, modernitet, frihet og fremskritt at han garantert preger måten du tenker på &#8211; kanskje uten at du vet det selv. Hva skjer når Hegels tanker møter vår tid? Det er spørsmålet, når den unge filosofen Sigurd Hverven tar med [&hellip;]

Alle bøker
