{"id":21154,"date":"2024-08-11T02:00:00","date_gmt":"2024-08-11T00:00:00","guid":{"rendered":"https:\/\/dreyersforlag.forenteforlag.no\/produkt\/historiens-hjul-og-vannets-makt-2\/"},"modified":"2025-12-14T10:41:11","modified_gmt":"2025-12-14T09:41:11","slug":"historiens-hjul-og-vannets-makt-2","status":"publish","type":"product","link":"https:\/\/staging.forenteforlag.no\/dreyers\/produkt\/historiens-hjul-og-vannets-makt-2\/","title":{"rendered":"Historiens hjul og vannets makt"},"content":{"rendered":"<p>Den industrielle revolusjon utl\u00f8ste et globalt maktskifte og la grunnlaget for flere hundre \u00e5r med vestlig dominans. <em>Historiens hjul og vannets makt<\/em> utfordrer det gjengse synet p\u00e5 denne revolusjonen og den moderne verdens fremvekst. Terje Tvedts mest ambisi\u00f8se verk, basert p\u00e5 over 30 \u00e5r med forskning, vil endre leserens oppfatning av hele den moderne verdens historie.<\/p>\n","protected":false},"excerpt":{"rendered":"<p>Den industrielle revolusjon utl\u00f8ste et globalt maktskifte og la grunnlaget for flere hundre \u00e5r med vestlig dominans. Historiens hjul og vannets makt utfordrer det gjengse synet p\u00e5 denne revolusjonen og den moderne verdens fremvekst. Terje Tvedts mest ambisi\u00f8se verk, basert p\u00e5 over 30 \u00e5r med forskning, vil endre leserens oppfatning av hele den moderne verdens [&hellip;]<\/p>\n","protected":false},"featured_media":24140,"template":"","meta":{"_acf_changed":false,"inline_featured_image":false},"product_brand":[],"product_cat":[1784,23],"product_tag":[362],"class_list":{"0":"post-21154","1":"product","2":"type-product","3":"status-publish","4":"has-post-thumbnail","6":"product_cat-fastpris","7":"product_cat-historie","8":"product_tag-faglitteratur","9":"pa_format-pocket","11":"first","12":"instock","13":"shipping-taxable","14":"purchasable","15":"product-type-simple"},"acf":{"anmeldelse":[{"tekst_anmeldelser":"\u00ab[\u2026] en magel\u00f8s ny bog, hvor han kommer med en ny og st\u00e6rkt original fortolkning af, hvad det egentlig var der skete.\u00bb","av_anmeldelser":"Hans Henrik Fafner","terningkast":false,"kilde":"Ny Tid"},{"tekst_anmeldelser":"\u00abEin openberr styrke er bokas rike, historiske empiri.\u00bb","av_anmeldelser":"Torbj\u00f8rn L. Knutsen","terningkast":false,"kilde":"Dag og Tid"},{"tekst_anmeldelser":"\u00abHans nye bok fortjener \u00e5 betraktes som et hovedverk. [\u2026] imponerende, rikt illustrert og kunnskapsmessig solid\u00bb","av_anmeldelser":"Thomas Hylland Eriksen","terningkast":false,"kilde":"Morgenbladet"},{"tekst_anmeldelser":"\u00abJeg har sans for Tvedts form. Han gir en opplevelse av at han skriver til meg, ikke for meg.\u00bb","av_anmeldelser":"Gunnar Kagge","terningkast":false,"kilde":"Aftenposten"}]},"yoast_head":"<!-- This site is optimized with the Yoast SEO plugin v26.6 - https:\/\/yoast.com\/wordpress\/plugins\/seo\/ -->\n<title>Historiens hjul og vannets makt - Dreyers Forlag<\/title>\n<meta name=\"robots\" content=\"noindex, follow, max-snippet:-1, max-image-preview:large, max-video-preview:-1\" \/>\n<meta property=\"og:locale\" content=\"nb_NO\" \/>\n<meta property=\"og:type\" content=\"article\" \/>\n<meta property=\"og:title\" content=\"Historiens hjul og vannets makt - Dreyers Forlag\" \/>\n<meta property=\"og:description\" content=\"Den industrielle revolusjon utl\u00f8ste et globalt maktskifte og la grunnlaget for flere hundre \u00e5r med vestlig dominans. Historiens hjul og vannets makt utfordrer det gjengse synet p\u00e5 denne revolusjonen og den moderne verdens fremvekst. Terje Tvedts mest ambisi\u00f8se verk, basert p\u00e5 over 30 \u00e5r med forskning, vil endre leserens oppfatning av hele den moderne verdens [&hellip;]\" \/>\n<meta property=\"og:url\" content=\"https:\/\/staging.forenteforlag.no\/dreyers\/produkt\/historiens-hjul-og-vannets-makt-2\/\" \/>\n<meta property=\"og:site_name\" content=\"Dreyers Forlag\" \/>\n<meta property=\"article:modified_time\" content=\"2025-12-14T09:41:11+00:00\" \/>\n<meta property=\"og:image\" content=\"https:\/\/staging.forenteforlag.no\/dreyers\/wp-content\/uploads\/sites\/2\/2025\/08\/jpg-6632-scaled-1-scaled.jpg\" \/>\n\t<meta property=\"og:image:width\" content=\"1350\" \/>\n\t<meta property=\"og:image:height\" content=\"1920\" \/>\n\t<meta property=\"og:image:type\" content=\"image\/jpeg\" \/>\n<meta name=\"twitter:card\" content=\"summary_large_image\" \/>\n<script type=\"application\/ld+json\" class=\"yoast-schema-graph\">{\"@context\":\"https:\/\/schema.org\",\"@graph\":[{\"@type\":\"WebPage\",\"@id\":\"https:\/\/staging.forenteforlag.no\/dreyers\/produkt\/historiens-hjul-og-vannets-makt-2\/\",\"url\":\"https:\/\/staging.forenteforlag.no\/dreyers\/produkt\/historiens-hjul-og-vannets-makt-2\/\",\"name\":\"Historiens hjul og vannets makt - Dreyers Forlag\",\"isPartOf\":{\"@id\":\"https:\/\/staging.forenteforlag.no\/dreyers\/#website\"},\"primaryImageOfPage\":{\"@id\":\"https:\/\/staging.forenteforlag.no\/dreyers\/produkt\/historiens-hjul-og-vannets-makt-2\/#primaryimage\"},\"image\":{\"@id\":\"https:\/\/staging.forenteforlag.no\/dreyers\/produkt\/historiens-hjul-og-vannets-makt-2\/#primaryimage\"},\"thumbnailUrl\":\"https:\/\/staging.forenteforlag.no\/dreyers\/wp-content\/uploads\/sites\/2\/2025\/08\/jpg-6632-scaled-1-scaled.jpg\",\"datePublished\":\"2024-08-11T00:00:00+00:00\",\"dateModified\":\"2025-12-14T09:41:11+00:00\",\"breadcrumb\":{\"@id\":\"https:\/\/staging.forenteforlag.no\/dreyers\/produkt\/historiens-hjul-og-vannets-makt-2\/#breadcrumb\"},\"inLanguage\":\"nb-NO\",\"potentialAction\":[{\"@type\":\"ReadAction\",\"target\":[\"https:\/\/staging.forenteforlag.no\/dreyers\/produkt\/historiens-hjul-og-vannets-makt-2\/\"]}]},{\"@type\":\"ImageObject\",\"inLanguage\":\"nb-NO\",\"@id\":\"https:\/\/staging.forenteforlag.no\/dreyers\/produkt\/historiens-hjul-og-vannets-makt-2\/#primaryimage\",\"url\":\"https:\/\/staging.forenteforlag.no\/dreyers\/wp-content\/uploads\/sites\/2\/2025\/08\/jpg-6632-scaled-1-scaled.jpg\",\"contentUrl\":\"https:\/\/staging.forenteforlag.no\/dreyers\/wp-content\/uploads\/sites\/2\/2025\/08\/jpg-6632-scaled-1-scaled.jpg\",\"width\":1350,\"height\":1920},{\"@type\":\"BreadcrumbList\",\"@id\":\"https:\/\/staging.forenteforlag.no\/dreyers\/produkt\/historiens-hjul-og-vannets-makt-2\/#breadcrumb\",\"itemListElement\":[{\"@type\":\"ListItem\",\"position\":1,\"name\":\"Hjem\",\"item\":\"https:\/\/staging.forenteforlag.no\/dreyers\/\"},{\"@type\":\"ListItem\",\"position\":2,\"name\":\"Alle b\u00f8ker\",\"item\":\"https:\/\/staging.forenteforlag.no\/dreyers\/butikk\/\"},{\"@type\":\"ListItem\",\"position\":3,\"name\":\"Historiens hjul og vannets makt\"}]},{\"@type\":\"WebSite\",\"@id\":\"https:\/\/staging.forenteforlag.no\/dreyers\/#website\",\"url\":\"https:\/\/staging.forenteforlag.no\/dreyers\/\",\"name\":\"Dreyers Forlag\",\"description\":\"\",\"potentialAction\":[{\"@type\":\"SearchAction\",\"target\":{\"@type\":\"EntryPoint\",\"urlTemplate\":\"https:\/\/staging.forenteforlag.no\/dreyers\/?s={search_term_string}\"},\"query-input\":{\"@type\":\"PropertyValueSpecification\",\"valueRequired\":true,\"valueName\":\"search_term_string\"}}],\"inLanguage\":\"nb-NO\"}]}<\/script>\n<!-- \/ Yoast SEO plugin. -->","yoast_head_json":{"title":"Historiens hjul og vannets makt - Dreyers Forlag","robots":{"index":"noindex","follow":"follow","max-snippet":"max-snippet:-1","max-image-preview":"max-image-preview:large","max-video-preview":"max-video-preview:-1"},"og_locale":"nb_NO","og_type":"article","og_title":"Historiens hjul og vannets makt - Dreyers Forlag","og_description":"Den industrielle revolusjon utl\u00f8ste et globalt maktskifte og la grunnlaget for flere hundre \u00e5r med vestlig dominans. Historiens hjul og vannets makt utfordrer det gjengse synet p\u00e5 denne revolusjonen og den moderne verdens fremvekst. Terje Tvedts mest ambisi\u00f8se verk, basert p\u00e5 over 30 \u00e5r med forskning, vil endre leserens oppfatning av hele den moderne verdens [&hellip;]","og_url":"https:\/\/staging.forenteforlag.no\/dreyers\/produkt\/historiens-hjul-og-vannets-makt-2\/","og_site_name":"Dreyers Forlag","article_modified_time":"2025-12-14T09:41:11+00:00","og_image":[{"width":1350,"height":1920,"url":"https:\/\/staging.forenteforlag.no\/dreyers\/wp-content\/uploads\/sites\/2\/2025\/08\/jpg-6632-scaled-1-scaled.jpg","type":"image\/jpeg"}],"twitter_card":"summary_large_image","schema":{"@context":"https:\/\/schema.org","@graph":[{"@type":"WebPage","@id":"https:\/\/staging.forenteforlag.no\/dreyers\/produkt\/historiens-hjul-og-vannets-makt-2\/","url":"https:\/\/staging.forenteforlag.no\/dreyers\/produkt\/historiens-hjul-og-vannets-makt-2\/","name":"Historiens hjul og vannets makt - Dreyers Forlag","isPartOf":{"@id":"https:\/\/staging.forenteforlag.no\/dreyers\/#website"},"primaryImageOfPage":{"@id":"https:\/\/staging.forenteforlag.no\/dreyers\/produkt\/historiens-hjul-og-vannets-makt-2\/#primaryimage"},"image":{"@id":"https:\/\/staging.forenteforlag.no\/dreyers\/produkt\/historiens-hjul-og-vannets-makt-2\/#primaryimage"},"thumbnailUrl":"https:\/\/staging.forenteforlag.no\/dreyers\/wp-content\/uploads\/sites\/2\/2025\/08\/jpg-6632-scaled-1-scaled.jpg","datePublished":"2024-08-11T00:00:00+00:00","dateModified":"2025-12-14T09:41:11+00:00","breadcrumb":{"@id":"https:\/\/staging.forenteforlag.no\/dreyers\/produkt\/historiens-hjul-og-vannets-makt-2\/#breadcrumb"},"inLanguage":"nb-NO","potentialAction":[{"@type":"ReadAction","target":["https:\/\/staging.forenteforlag.no\/dreyers\/produkt\/historiens-hjul-og-vannets-makt-2\/"]}]},{"@type":"ImageObject","inLanguage":"nb-NO","@id":"https:\/\/staging.forenteforlag.no\/dreyers\/produkt\/historiens-hjul-og-vannets-makt-2\/#primaryimage","url":"https:\/\/staging.forenteforlag.no\/dreyers\/wp-content\/uploads\/sites\/2\/2025\/08\/jpg-6632-scaled-1-scaled.jpg","contentUrl":"https:\/\/staging.forenteforlag.no\/dreyers\/wp-content\/uploads\/sites\/2\/2025\/08\/jpg-6632-scaled-1-scaled.jpg","width":1350,"height":1920},{"@type":"BreadcrumbList","@id":"https:\/\/staging.forenteforlag.no\/dreyers\/produkt\/historiens-hjul-og-vannets-makt-2\/#breadcrumb","itemListElement":[{"@type":"ListItem","position":1,"name":"Hjem","item":"https:\/\/staging.forenteforlag.no\/dreyers\/"},{"@type":"ListItem","position":2,"name":"Alle b\u00f8ker","item":"https:\/\/staging.forenteforlag.no\/dreyers\/butikk\/"},{"@type":"ListItem","position":3,"name":"Historiens hjul og vannets makt"}]},{"@type":"WebSite","@id":"https:\/\/staging.forenteforlag.no\/dreyers\/#website","url":"https:\/\/staging.forenteforlag.no\/dreyers\/","name":"Dreyers Forlag","description":"","potentialAction":[{"@type":"SearchAction","target":{"@type":"EntryPoint","urlTemplate":"https:\/\/staging.forenteforlag.no\/dreyers\/?s={search_term_string}"},"query-input":{"@type":"PropertyValueSpecification","valueRequired":true,"valueName":"search_term_string"}}],"inLanguage":"nb-NO"}]}},"_links":{"self":[{"href":"https:\/\/staging.forenteforlag.no\/dreyers\/wp-json\/wp\/v2\/product\/21154","targetHints":{"allow":["GET"]}}],"collection":[{"href":"https:\/\/staging.forenteforlag.no\/dreyers\/wp-json\/wp\/v2\/product"}],"about":[{"href":"https:\/\/staging.forenteforlag.no\/dreyers\/wp-json\/wp\/v2\/types\/product"}],"wp:featuredmedia":[{"embeddable":true,"href":"https:\/\/staging.forenteforlag.no\/dreyers\/wp-json\/wp\/v2\/media\/24140"}],"wp:attachment":[{"href":"https:\/\/staging.forenteforlag.no\/dreyers\/wp-json\/wp\/v2\/media?parent=21154"}],"wp:term":[{"taxonomy":"product_brand","embeddable":true,"href":"https:\/\/staging.forenteforlag.no\/dreyers\/wp-json\/wp\/v2\/product_brand?post=21154"},{"taxonomy":"product_cat","embeddable":true,"href":"https:\/\/staging.forenteforlag.no\/dreyers\/wp-json\/wp\/v2\/product_cat?post=21154"},{"taxonomy":"product_tag","embeddable":true,"href":"https:\/\/staging.forenteforlag.no\/dreyers\/wp-json\/wp\/v2\/product_tag?post=21154"}],"curies":[{"name":"wp","href":"https:\/\/api.w.org\/{rel}","templated":true}]}}