{"id":21153,"date":"2024-08-08T02:00:00","date_gmt":"2024-08-08T00:00:00","guid":{"rendered":"https:\/\/dreyersforlag.forenteforlag.no\/produkt\/bergen-naturlegvis\/"},"modified":"2025-11-19T08:19:16","modified_gmt":"2025-11-19T07:19:16","slug":"bergen-naturlegvis","status":"publish","type":"product","link":"https:\/\/staging.forenteforlag.no\/dreyers\/produkt\/bergen-naturlegvis\/","title":{"rendered":"Bergen, naturlegvis!"},"content":{"rendered":"<p>Sandviken, Fl\u00f8yen og Vidden tilbyr heile \u00e5ret naturopplevingar i skog og fjell. Bergensnaturen er i endring, med skog som kryp oppover Ulriken. Vil den innta Vidden? Tilbakegangen av artar, som vipene p\u00e5 Storetveitmarkene og kystlyngheiene p\u00e5 Fl\u00f8yen, er bekymringsverdig, og fuglar og planter som stare, gr\u00e5sporv, ask og alm slit.<\/p>\n<p>Men bildet er ikkje heilsvart; naturen i Bergen er levande og viktig! Naturen er til stades ogs\u00e5 i bysentrum: Sm\u00e5lungeren, V\u00e5gen, Store Lungeg\u00e5rdsvann, Damsg\u00e5rdssundet, Nyg\u00e5rdsparken og Teaterparken. Her finn du lokale artar som byduer, parklind, moser og lav. Vandrefalken styrer fr\u00e5 h\u00f8ge tak, og p\u00e5 taket av Grieghallen produserer biene honning. Fuglane i Sm\u00e5lungeren er eit sentrum for internasjonalt mangfald; nokre hekker i nord, medan andre dreg s\u00f8rover om vinteren. Mange av urteplantane fr\u00e5 klosterhagane for tusen \u00e5r sidan finst her fortsatt.<\/p>\n<p>Bli med p\u00e5 oppdaging av bergensnaturen!<\/p>\n","protected":false},"excerpt":{"rendered":"<p>Sandviken, Fl\u00f8yen og Vidden tilbyr heile \u00e5ret naturopplevingar i skog og fjell. Bergensnaturen er i endring, med skog som kryp oppover Ulriken. Vil den innta Vidden? Tilbakegangen av artar, som vipene p\u00e5 Storetveitmarkene og kystlyngheiene p\u00e5 Fl\u00f8yen, er bekymringsverdig, og fuglar og planter som stare, gr\u00e5sporv, ask og alm slit. Men bildet er ikkje heilsvart; [&hellip;]<\/p>\n","protected":false},"featured_media":24312,"template":"","meta":{"_acf_changed":false,"inline_featured_image":false},"product_brand":[],"product_cat":[36,1784],"product_tag":[362],"class_list":{"0":"post-21153","1":"product","2":"type-product","3":"status-publish","4":"has-post-thumbnail","6":"product_cat-bergen","7":"product_cat-fastpris","8":"product_tag-faglitteratur","9":"pa_format-innbundet","11":"first","12":"midlertidig-utsolgt","13":"shipping-taxable","14":"purchasable","15":"product-type-simple"},"acf":{"anmeldelse":[{"tekst_anmeldelser":"\u00abDen beste boka  om Bergen p\u00e5 lang tid\u00bb","av_anmeldelser":"Jan Nyberg","terningkast":"<i class=\"fa-solid fa-dice-six\"><\/i>","kilde":"Bergens Tidende"},{"tekst_anmeldelser":"\u00abSamlet gir bildene leseren et imponerende inntrykk av hva Bergen har \u00e5 by p\u00e5 av natur \u2026 en fryd bare \u00e5 sitte og bla \u2026 Boka anbefales p\u00e5 det sterkeste for de som har naturfoto som sin store lidenskap!\u00bb","av_anmeldelser":"Einar Hugnes","terningkast":false,"kilde":"Naturfotografen"}]},"yoast_head":"<!-- This site is optimized with the Yoast SEO plugin v26.6 - https:\/\/yoast.com\/wordpress\/plugins\/seo\/ -->\n<title>Bergen, naturlegvis! - Dreyers Forlag<\/title>\n<meta name=\"robots\" content=\"noindex, follow, max-snippet:-1, max-image-preview:large, max-video-preview:-1\" \/>\n<meta property=\"og:locale\" content=\"nb_NO\" \/>\n<meta property=\"og:type\" content=\"article\" \/>\n<meta property=\"og:title\" content=\"Bergen, naturlegvis! - Dreyers Forlag\" \/>\n<meta property=\"og:description\" content=\"Sandviken, Fl\u00f8yen og Vidden tilbyr heile \u00e5ret naturopplevingar i skog og fjell. Bergensnaturen er i endring, med skog som kryp oppover Ulriken. Vil den innta Vidden? Tilbakegangen av artar, som vipene p\u00e5 Storetveitmarkene og kystlyngheiene p\u00e5 Fl\u00f8yen, er bekymringsverdig, og fuglar og planter som stare, gr\u00e5sporv, ask og alm slit. Men bildet er ikkje heilsvart; [&hellip;]\" \/>\n<meta property=\"og:url\" content=\"https:\/\/staging.forenteforlag.no\/dreyers\/produkt\/bergen-naturlegvis\/\" \/>\n<meta property=\"og:site_name\" content=\"Dreyers Forlag\" \/>\n<meta property=\"article:modified_time\" content=\"2025-11-19T07:19:16+00:00\" \/>\n<meta property=\"og:image\" content=\"https:\/\/staging.forenteforlag.no\/dreyers\/wp-content\/uploads\/sites\/2\/2025\/08\/jpg-8277-scaled-1-scaled.jpg\" \/>\n\t<meta property=\"og:image:width\" content=\"1799\" \/>\n\t<meta property=\"og:image:height\" content=\"1920\" \/>\n\t<meta property=\"og:image:type\" content=\"image\/jpeg\" \/>\n<meta name=\"twitter:card\" content=\"summary_large_image\" \/>\n<meta name=\"twitter:label1\" content=\"Ansl. lesetid\" \/>\n\t<meta name=\"twitter:data1\" content=\"1 minutt\" \/>\n<script type=\"application\/ld+json\" class=\"yoast-schema-graph\">{\"@context\":\"https:\/\/schema.org\",\"@graph\":[{\"@type\":\"WebPage\",\"@id\":\"https:\/\/staging.forenteforlag.no\/dreyers\/produkt\/bergen-naturlegvis\/\",\"url\":\"https:\/\/staging.forenteforlag.no\/dreyers\/produkt\/bergen-naturlegvis\/\",\"name\":\"Bergen, naturlegvis! - Dreyers Forlag\",\"isPartOf\":{\"@id\":\"https:\/\/staging.forenteforlag.no\/dreyers\/#website\"},\"primaryImageOfPage\":{\"@id\":\"https:\/\/staging.forenteforlag.no\/dreyers\/produkt\/bergen-naturlegvis\/#primaryimage\"},\"image\":{\"@id\":\"https:\/\/staging.forenteforlag.no\/dreyers\/produkt\/bergen-naturlegvis\/#primaryimage\"},\"thumbnailUrl\":\"https:\/\/staging.forenteforlag.no\/dreyers\/wp-content\/uploads\/sites\/2\/2025\/08\/jpg-8277-scaled-1-scaled.jpg\",\"datePublished\":\"2024-08-08T00:00:00+00:00\",\"dateModified\":\"2025-11-19T07:19:16+00:00\",\"breadcrumb\":{\"@id\":\"https:\/\/staging.forenteforlag.no\/dreyers\/produkt\/bergen-naturlegvis\/#breadcrumb\"},\"inLanguage\":\"nb-NO\",\"potentialAction\":[{\"@type\":\"ReadAction\",\"target\":[\"https:\/\/staging.forenteforlag.no\/dreyers\/produkt\/bergen-naturlegvis\/\"]}]},{\"@type\":\"ImageObject\",\"inLanguage\":\"nb-NO\",\"@id\":\"https:\/\/staging.forenteforlag.no\/dreyers\/produkt\/bergen-naturlegvis\/#primaryimage\",\"url\":\"https:\/\/staging.forenteforlag.no\/dreyers\/wp-content\/uploads\/sites\/2\/2025\/08\/jpg-8277-scaled-1-scaled.jpg\",\"contentUrl\":\"https:\/\/staging.forenteforlag.no\/dreyers\/wp-content\/uploads\/sites\/2\/2025\/08\/jpg-8277-scaled-1-scaled.jpg\",\"width\":1799,\"height\":1920},{\"@type\":\"BreadcrumbList\",\"@id\":\"https:\/\/staging.forenteforlag.no\/dreyers\/produkt\/bergen-naturlegvis\/#breadcrumb\",\"itemListElement\":[{\"@type\":\"ListItem\",\"position\":1,\"name\":\"Hjem\",\"item\":\"https:\/\/staging.forenteforlag.no\/dreyers\/\"},{\"@type\":\"ListItem\",\"position\":2,\"name\":\"Alle b\u00f8ker\",\"item\":\"https:\/\/staging.forenteforlag.no\/dreyers\/butikk\/\"},{\"@type\":\"ListItem\",\"position\":3,\"name\":\"Bergen, naturlegvis!\"}]},{\"@type\":\"WebSite\",\"@id\":\"https:\/\/staging.forenteforlag.no\/dreyers\/#website\",\"url\":\"https:\/\/staging.forenteforlag.no\/dreyers\/\",\"name\":\"Dreyers Forlag\",\"description\":\"\",\"potentialAction\":[{\"@type\":\"SearchAction\",\"target\":{\"@type\":\"EntryPoint\",\"urlTemplate\":\"https:\/\/staging.forenteforlag.no\/dreyers\/?s={search_term_string}\"},\"query-input\":{\"@type\":\"PropertyValueSpecification\",\"valueRequired\":true,\"valueName\":\"search_term_string\"}}],\"inLanguage\":\"nb-NO\"}]}<\/script>\n<!-- \/ Yoast SEO plugin. -->","yoast_head_json":{"title":"Bergen, naturlegvis! - Dreyers Forlag","robots":{"index":"noindex","follow":"follow","max-snippet":"max-snippet:-1","max-image-preview":"max-image-preview:large","max-video-preview":"max-video-preview:-1"},"og_locale":"nb_NO","og_type":"article","og_title":"Bergen, naturlegvis! - Dreyers Forlag","og_description":"Sandviken, Fl\u00f8yen og Vidden tilbyr heile \u00e5ret naturopplevingar i skog og fjell. Bergensnaturen er i endring, med skog som kryp oppover Ulriken. Vil den innta Vidden? Tilbakegangen av artar, som vipene p\u00e5 Storetveitmarkene og kystlyngheiene p\u00e5 Fl\u00f8yen, er bekymringsverdig, og fuglar og planter som stare, gr\u00e5sporv, ask og alm slit. Men bildet er ikkje heilsvart; [&hellip;]","og_url":"https:\/\/staging.forenteforlag.no\/dreyers\/produkt\/bergen-naturlegvis\/","og_site_name":"Dreyers Forlag","article_modified_time":"2025-11-19T07:19:16+00:00","og_image":[{"width":1799,"height":1920,"url":"https:\/\/staging.forenteforlag.no\/dreyers\/wp-content\/uploads\/sites\/2\/2025\/08\/jpg-8277-scaled-1-scaled.jpg","type":"image\/jpeg"}],"twitter_card":"summary_large_image","twitter_misc":{"Ansl. lesetid":"1 minutt"},"schema":{"@context":"https:\/\/schema.org","@graph":[{"@type":"WebPage","@id":"https:\/\/staging.forenteforlag.no\/dreyers\/produkt\/bergen-naturlegvis\/","url":"https:\/\/staging.forenteforlag.no\/dreyers\/produkt\/bergen-naturlegvis\/","name":"Bergen, naturlegvis! - Dreyers Forlag","isPartOf":{"@id":"https:\/\/staging.forenteforlag.no\/dreyers\/#website"},"primaryImageOfPage":{"@id":"https:\/\/staging.forenteforlag.no\/dreyers\/produkt\/bergen-naturlegvis\/#primaryimage"},"image":{"@id":"https:\/\/staging.forenteforlag.no\/dreyers\/produkt\/bergen-naturlegvis\/#primaryimage"},"thumbnailUrl":"https:\/\/staging.forenteforlag.no\/dreyers\/wp-content\/uploads\/sites\/2\/2025\/08\/jpg-8277-scaled-1-scaled.jpg","datePublished":"2024-08-08T00:00:00+00:00","dateModified":"2025-11-19T07:19:16+00:00","breadcrumb":{"@id":"https:\/\/staging.forenteforlag.no\/dreyers\/produkt\/bergen-naturlegvis\/#breadcrumb"},"inLanguage":"nb-NO","potentialAction":[{"@type":"ReadAction","target":["https:\/\/staging.forenteforlag.no\/dreyers\/produkt\/bergen-naturlegvis\/"]}]},{"@type":"ImageObject","inLanguage":"nb-NO","@id":"https:\/\/staging.forenteforlag.no\/dreyers\/produkt\/bergen-naturlegvis\/#primaryimage","url":"https:\/\/staging.forenteforlag.no\/dreyers\/wp-content\/uploads\/sites\/2\/2025\/08\/jpg-8277-scaled-1-scaled.jpg","contentUrl":"https:\/\/staging.forenteforlag.no\/dreyers\/wp-content\/uploads\/sites\/2\/2025\/08\/jpg-8277-scaled-1-scaled.jpg","width":1799,"height":1920},{"@type":"BreadcrumbList","@id":"https:\/\/staging.forenteforlag.no\/dreyers\/produkt\/bergen-naturlegvis\/#breadcrumb","itemListElement":[{"@type":"ListItem","position":1,"name":"Hjem","item":"https:\/\/staging.forenteforlag.no\/dreyers\/"},{"@type":"ListItem","position":2,"name":"Alle b\u00f8ker","item":"https:\/\/staging.forenteforlag.no\/dreyers\/butikk\/"},{"@type":"ListItem","position":3,"name":"Bergen, naturlegvis!"}]},{"@type":"WebSite","@id":"https:\/\/staging.forenteforlag.no\/dreyers\/#website","url":"https:\/\/staging.forenteforlag.no\/dreyers\/","name":"Dreyers Forlag","description":"","potentialAction":[{"@type":"SearchAction","target":{"@type":"EntryPoint","urlTemplate":"https:\/\/staging.forenteforlag.no\/dreyers\/?s={search_term_string}"},"query-input":{"@type":"PropertyValueSpecification","valueRequired":true,"valueName":"search_term_string"}}],"inLanguage":"nb-NO"}]}},"_links":{"self":[{"href":"https:\/\/staging.forenteforlag.no\/dreyers\/wp-json\/wp\/v2\/product\/21153","targetHints":{"allow":["GET"]}}],"collection":[{"href":"https:\/\/staging.forenteforlag.no\/dreyers\/wp-json\/wp\/v2\/product"}],"about":[{"href":"https:\/\/staging.forenteforlag.no\/dreyers\/wp-json\/wp\/v2\/types\/product"}],"wp:featuredmedia":[{"embeddable":true,"href":"https:\/\/staging.forenteforlag.no\/dreyers\/wp-json\/wp\/v2\/media\/24312"}],"wp:attachment":[{"href":"https:\/\/staging.forenteforlag.no\/dreyers\/wp-json\/wp\/v2\/media?parent=21153"}],"wp:term":[{"taxonomy":"product_brand","embeddable":true,"href":"https:\/\/staging.forenteforlag.no\/dreyers\/wp-json\/wp\/v2\/product_brand?post=21153"},{"taxonomy":"product_cat","embeddable":true,"href":"https:\/\/staging.forenteforlag.no\/dreyers\/wp-json\/wp\/v2\/product_cat?post=21153"},{"taxonomy":"product_tag","embeddable":true,"href":"https:\/\/staging.forenteforlag.no\/dreyers\/wp-json\/wp\/v2\/product_tag?post=21153"}],"curies":[{"name":"wp","href":"https:\/\/api.w.org\/{rel}","templated":true}]}}

<p>Sandviken, Fløyen og Vidden tilbyr heile året naturopplevingar i skog og fjell. Bergensnaturen er i endring, med skog som kryp oppover Ulriken. Vil den innta Vidden? Tilbakegangen av artar, som vipene på Storetveitmarkene og kystlyngheiene på Fløyen, er bekymringsverdig, og fuglar og planter som stare, gråsporv, ask og alm slit.</p>
<p>Men bildet er ikkje heilsvart; naturen i Bergen er levande og viktig! Naturen er til stades også i bysentrum: Smålungeren, Vågen, Store Lungegårdsvann, Damsgårdssundet, Nygårdsparken og Teaterparken. Her finn du lokale artar som byduer, parklind, moser og lav. Vandrefalken styrer frå høge tak, og på taket av Grieghallen produserer biene honning. Fuglane i Smålungeren er eit sentrum for internasjonalt mangfald; nokre hekker i nord, medan andre dreg sørover om vinteren. Mange av urteplantane frå klosterhagane for tusen år sidan finst her fortsatt.</p>
<p>Bli med på oppdaging av bergensnaturen!</p>

<p>Sandviken, Fløyen og Vidden tilbyr heile året naturopplevingar i skog og fjell. Bergensnaturen er i endring, med skog som kryp oppover Ulriken. Vil den innta Vidden? Tilbakegangen av artar, som vipene på Storetveitmarkene og kystlyngheiene på Fløyen, er bekymringsverdig, og fuglar og planter som stare, gråsporv, ask og alm slit. Men bildet er ikkje heilsvart; [&hellip;]</p>

«Den beste boka  om Bergen på lang tid»

«Samlet gir bildene leseren et imponerende inntrykk av hva Bergen har å by på av natur … en fryd bare å sitte og bla … Boka anbefales på det sterkeste for de som har naturfoto som sin store lidenskap!»

<!-- This site is optimized with the Yoast SEO plugin v26.6 - https://yoast.com/wordpress/plugins/seo/ -->
<title>Bergen, naturlegvis! - Dreyers Forlag</title>
<meta name="robots" content="noindex, follow, max-snippet:-1, max-image-preview:large, max-video-preview:-1" />
<meta property="og:locale" content="nb_NO" />
<meta property="og:type" content="article" />
<meta property="og:title" content="Bergen, naturlegvis! - Dreyers Forlag" />
<meta property="og:description" content="Sandviken, Fløyen og Vidden tilbyr heile året naturopplevingar i skog og fjell. Bergensnaturen er i endring, med skog som kryp oppover Ulriken. Vil den innta Vidden? Tilbakegangen av artar, som vipene på Storetveitmarkene og kystlyngheiene på Fløyen, er bekymringsverdig, og fuglar og planter som stare, gråsporv, ask og alm slit. Men bildet er ikkje heilsvart; [&hellip;]" />
<meta property="og:url" content="https://staging.forenteforlag.no/dreyers/produkt/bergen-naturlegvis/" />
<meta property="og:site_name" content="Dreyers Forlag" />
<meta property="article:modified_time" content="2025-11-19T07:19:16+00:00" />
<meta property="og:image" content="https://staging.forenteforlag.no/dreyers/wp-content/uploads/sites/2/2025/08/jpg-8277-scaled-1-scaled.jpg" />
	<meta property="og:image:width" content="1799" />
	<meta property="og:image:height" content="1920" />
	<meta property="og:image:type" content="image/jpeg" />
<meta name="twitter:card" content="summary_large_image" />
<meta name="twitter:label1" content="Ansl. lesetid" />
	<meta name="twitter:data1" content="1 minutt" />
<script type="application/ld+json" class="yoast-schema-graph">{"@context":"https://schema.org","@graph":[{"@type":"WebPage","@id":"https://staging.forenteforlag.no/dreyers/produkt/bergen-naturlegvis/","url":"https://staging.forenteforlag.no/dreyers/produkt/bergen-naturlegvis/","name":"Bergen, naturlegvis! - Dreyers Forlag","isPartOf":{"@id":"https://staging.forenteforlag.no/dreyers/#website"},"primaryImageOfPage":{"@id":"https://staging.forenteforlag.no/dreyers/produkt/bergen-naturlegvis/#primaryimage"},"image":{"@id":"https://staging.forenteforlag.no/dreyers/produkt/bergen-naturlegvis/#primaryimage"},"thumbnailUrl":"https://staging.forenteforlag.no/dreyers/wp-content/uploads/sites/2/2025/08/jpg-8277-scaled-1-scaled.jpg","datePublished":"2024-08-08T00:00:00+00:00","dateModified":"2025-11-19T07:19:16+00:00","breadcrumb":{"@id":"https://staging.forenteforlag.no/dreyers/produkt/bergen-naturlegvis/#breadcrumb"},"inLanguage":"nb-NO","potentialAction":[{"@type":"ReadAction","target":["https://staging.forenteforlag.no/dreyers/produkt/bergen-naturlegvis/"]}]},{"@type":"ImageObject","inLanguage":"nb-NO","@id":"https://staging.forenteforlag.no/dreyers/produkt/bergen-naturlegvis/#primaryimage","url":"https://staging.forenteforlag.no/dreyers/wp-content/uploads/sites/2/2025/08/jpg-8277-scaled-1-scaled.jpg","contentUrl":"https://staging.forenteforlag.no/dreyers/wp-content/uploads/sites/2/2025/08/jpg-8277-scaled-1-scaled.jpg","width":1799,"height":1920},{"@type":"BreadcrumbList","@id":"https://staging.forenteforlag.no/dreyers/produkt/bergen-naturlegvis/#breadcrumb","itemListElement":[{"@type":"ListItem","position":1,"name":"Hjem","item":"https://staging.forenteforlag.no/dreyers/"},{"@type":"ListItem","position":2,"name":"Alle bøker","item":"https://staging.forenteforlag.no/dreyers/butikk/"},{"@type":"ListItem","position":3,"name":"Bergen, naturlegvis!"}]},{"@type":"WebSite","@id":"https://staging.forenteforlag.no/dreyers/#website","url":"https://staging.forenteforlag.no/dreyers/","name":"Dreyers Forlag","description":"","potentialAction":[{"@type":"SearchAction","target":{"@type":"EntryPoint","urlTemplate":"https://staging.forenteforlag.no/dreyers/?s={search_term_string}"},"query-input":{"@type":"PropertyValueSpecification","valueRequired":true,"valueName":"search_term_string"}}],"inLanguage":"nb-NO"}]}</script>
<!-- / Yoast SEO plugin. -->

Sandviken, Fløyen og Vidden tilbyr heile året naturopplevingar i skog og fjell. Bergensnaturen er i endring, med skog som kryp oppover Ulriken. Vil den innta Vidden? Tilbakegangen av artar, som vipene på Storetveitmarkene og kystlyngheiene på Fløyen, er bekymringsverdig, og fuglar og planter som stare, gråsporv, ask og alm slit. Men bildet er ikkje heilsvart; [&hellip;]

Alle bøker
