{"id":21152,"date":"2024-08-09T02:00:00","date_gmt":"2024-08-09T00:00:00","guid":{"rendered":"https:\/\/dreyersforlag.forenteforlag.no\/produkt\/hvordan-havnet-vi-her\/"},"modified":"2025-11-19T08:18:51","modified_gmt":"2025-11-19T07:18:51","slug":"hvordan-havnet-vi-her","status":"publish","type":"product","link":"https:\/\/staging.forenteforlag.no\/dreyers\/produkt\/hvordan-havnet-vi-her\/","title":{"rendered":"Hvordan havnet vi her?"},"content":{"rendered":"<p>S\u00e5 kort som mulig, s\u00e5 lang som n\u00f8dvendig, skriver Finn Olstad om denne boka. I <em>Hvordan havnet vi her?<\/em> tar Olstad for seg sentrale trekk ved norsk historie fra 1800-tallet fram til v\u00e5r egen tid og trekker linjer mellom den mer og mindre n\u00e6re fortiden og Norge i dag. Selv om vi ikke tenker p\u00e5 det i det daglige, er v\u00e5rt samfunn og v\u00e5re liv i stor grad formet av historiske erfaringer og av dem som har g\u00e5tt foran oss. S\u00e5: Hvordan havnet vi her?<\/p>\n<p>Olstad legger s\u00e6rlig vekt p\u00e5 de om lag tretti \u00e5rene fra Berlinmurens fall og oppl\u00f8sningen av Sovjetunionen til begynnelsen av 2020-\u00e5rene, og diskuterer og utfordrer synspunkter p\u00e5 v\u00e5r n\u00e6rmeste fortid. Disse \u00e5rene utgj\u00f8r en s\u00e6rpreget, men p\u00e5 flere m\u00e5ter ogs\u00e5 illevarslende og farefull periode med enest\u00e5ende raske endringer. Er dagens politikk preget av utopiske trekk, som bryter mot en mer pragmatisk og realistisk tradisjon det er verdt \u00e5 ta vare p\u00e5? Kan fortidens kamper og sosiale og politiske l\u00f8sninger gi et n\u00f8dvendig korrektiv?<\/p>\n","protected":false},"excerpt":{"rendered":"<p>S\u00e5 kort som mulig, s\u00e5 lang som n\u00f8dvendig, skriver Finn Olstad om denne boka. I Hvordan havnet vi her? tar Olstad for seg sentrale trekk ved norsk historie fra 1800-tallet fram til v\u00e5r egen tid og trekker linjer mellom den mer og mindre n\u00e6re fortiden og Norge i dag. Selv om vi ikke tenker p\u00e5 [&hellip;]<\/p>\n","protected":false},"featured_media":24351,"template":"","meta":{"_acf_changed":false,"inline_featured_image":false},"product_brand":[],"product_cat":[1784,23],"product_tag":[362],"class_list":{"0":"post-21152","1":"product","2":"type-product","3":"status-publish","4":"has-post-thumbnail","6":"product_cat-fastpris","7":"product_cat-historie","8":"product_tag-faglitteratur","9":"pa_format-innbundet","11":"first","12":"instock","13":"shipping-taxable","14":"purchasable","15":"product-type-simple"},"acf":{"anmeldelse":[{"tekst_anmeldelser":"\u00abFinn Olstads nye bok er eit lettlese innspel til ei s\u00e5rt tiltrengd innsikt i skilnaden mellom fakta og ideologi.\u00bb","av_anmeldelser":"Kaj Skagen","terningkast":false,"kilde":"Dag og Tid"}]},"yoast_head":"<!-- This site is optimized with the Yoast SEO plugin v26.6 - https:\/\/yoast.com\/wordpress\/plugins\/seo\/ -->\n<title>Hvordan havnet vi her? - Dreyers Forlag<\/title>\n<meta name=\"robots\" content=\"noindex, follow, max-snippet:-1, max-image-preview:large, max-video-preview:-1\" \/>\n<meta property=\"og:locale\" content=\"nb_NO\" \/>\n<meta property=\"og:type\" content=\"article\" \/>\n<meta property=\"og:title\" content=\"Hvordan havnet vi her? - Dreyers Forlag\" \/>\n<meta property=\"og:description\" content=\"S\u00e5 kort som mulig, s\u00e5 lang som n\u00f8dvendig, skriver Finn Olstad om denne boka. I Hvordan havnet vi her? tar Olstad for seg sentrale trekk ved norsk historie fra 1800-tallet fram til v\u00e5r egen tid og trekker linjer mellom den mer og mindre n\u00e6re fortiden og Norge i dag. Selv om vi ikke tenker p\u00e5 [&hellip;]\" \/>\n<meta property=\"og:url\" content=\"https:\/\/staging.forenteforlag.no\/dreyers\/produkt\/hvordan-havnet-vi-her\/\" \/>\n<meta property=\"og:site_name\" content=\"Dreyers Forlag\" \/>\n<meta property=\"article:modified_time\" content=\"2025-11-19T07:18:51+00:00\" \/>\n<meta property=\"og:image\" content=\"https:\/\/staging.forenteforlag.no\/dreyers\/wp-content\/uploads\/sites\/2\/2025\/08\/jpg-8576-scaled.jpg\" \/>\n\t<meta property=\"og:image:width\" content=\"1257\" \/>\n\t<meta property=\"og:image:height\" content=\"1920\" \/>\n\t<meta property=\"og:image:type\" content=\"image\/jpeg\" \/>\n<meta name=\"twitter:card\" content=\"summary_large_image\" \/>\n<meta name=\"twitter:label1\" content=\"Ansl. lesetid\" \/>\n\t<meta name=\"twitter:data1\" content=\"1 minutt\" \/>\n<script type=\"application\/ld+json\" class=\"yoast-schema-graph\">{\"@context\":\"https:\/\/schema.org\",\"@graph\":[{\"@type\":\"WebPage\",\"@id\":\"https:\/\/staging.forenteforlag.no\/dreyers\/produkt\/hvordan-havnet-vi-her\/\",\"url\":\"https:\/\/staging.forenteforlag.no\/dreyers\/produkt\/hvordan-havnet-vi-her\/\",\"name\":\"Hvordan havnet vi her? - Dreyers Forlag\",\"isPartOf\":{\"@id\":\"https:\/\/staging.forenteforlag.no\/dreyers\/#website\"},\"primaryImageOfPage\":{\"@id\":\"https:\/\/staging.forenteforlag.no\/dreyers\/produkt\/hvordan-havnet-vi-her\/#primaryimage\"},\"image\":{\"@id\":\"https:\/\/staging.forenteforlag.no\/dreyers\/produkt\/hvordan-havnet-vi-her\/#primaryimage\"},\"thumbnailUrl\":\"https:\/\/staging.forenteforlag.no\/dreyers\/wp-content\/uploads\/sites\/2\/2025\/08\/jpg-8576-scaled.jpg\",\"datePublished\":\"2024-08-09T00:00:00+00:00\",\"dateModified\":\"2025-11-19T07:18:51+00:00\",\"breadcrumb\":{\"@id\":\"https:\/\/staging.forenteforlag.no\/dreyers\/produkt\/hvordan-havnet-vi-her\/#breadcrumb\"},\"inLanguage\":\"nb-NO\",\"potentialAction\":[{\"@type\":\"ReadAction\",\"target\":[\"https:\/\/staging.forenteforlag.no\/dreyers\/produkt\/hvordan-havnet-vi-her\/\"]}]},{\"@type\":\"ImageObject\",\"inLanguage\":\"nb-NO\",\"@id\":\"https:\/\/staging.forenteforlag.no\/dreyers\/produkt\/hvordan-havnet-vi-her\/#primaryimage\",\"url\":\"https:\/\/staging.forenteforlag.no\/dreyers\/wp-content\/uploads\/sites\/2\/2025\/08\/jpg-8576-scaled.jpg\",\"contentUrl\":\"https:\/\/staging.forenteforlag.no\/dreyers\/wp-content\/uploads\/sites\/2\/2025\/08\/jpg-8576-scaled.jpg\",\"width\":1257,\"height\":1920},{\"@type\":\"BreadcrumbList\",\"@id\":\"https:\/\/staging.forenteforlag.no\/dreyers\/produkt\/hvordan-havnet-vi-her\/#breadcrumb\",\"itemListElement\":[{\"@type\":\"ListItem\",\"position\":1,\"name\":\"Hjem\",\"item\":\"https:\/\/staging.forenteforlag.no\/dreyers\/\"},{\"@type\":\"ListItem\",\"position\":2,\"name\":\"Alle b\u00f8ker\",\"item\":\"https:\/\/staging.forenteforlag.no\/dreyers\/butikk\/\"},{\"@type\":\"ListItem\",\"position\":3,\"name\":\"Hvordan havnet vi her?\"}]},{\"@type\":\"WebSite\",\"@id\":\"https:\/\/staging.forenteforlag.no\/dreyers\/#website\",\"url\":\"https:\/\/staging.forenteforlag.no\/dreyers\/\",\"name\":\"Dreyers Forlag\",\"description\":\"\",\"potentialAction\":[{\"@type\":\"SearchAction\",\"target\":{\"@type\":\"EntryPoint\",\"urlTemplate\":\"https:\/\/staging.forenteforlag.no\/dreyers\/?s={search_term_string}\"},\"query-input\":{\"@type\":\"PropertyValueSpecification\",\"valueRequired\":true,\"valueName\":\"search_term_string\"}}],\"inLanguage\":\"nb-NO\"}]}<\/script>\n<!-- \/ Yoast SEO plugin. -->","yoast_head_json":{"title":"Hvordan havnet vi her? - Dreyers Forlag","robots":{"index":"noindex","follow":"follow","max-snippet":"max-snippet:-1","max-image-preview":"max-image-preview:large","max-video-preview":"max-video-preview:-1"},"og_locale":"nb_NO","og_type":"article","og_title":"Hvordan havnet vi her? - Dreyers Forlag","og_description":"S\u00e5 kort som mulig, s\u00e5 lang som n\u00f8dvendig, skriver Finn Olstad om denne boka. I Hvordan havnet vi her? tar Olstad for seg sentrale trekk ved norsk historie fra 1800-tallet fram til v\u00e5r egen tid og trekker linjer mellom den mer og mindre n\u00e6re fortiden og Norge i dag. Selv om vi ikke tenker p\u00e5 [&hellip;]","og_url":"https:\/\/staging.forenteforlag.no\/dreyers\/produkt\/hvordan-havnet-vi-her\/","og_site_name":"Dreyers Forlag","article_modified_time":"2025-11-19T07:18:51+00:00","og_image":[{"width":1257,"height":1920,"url":"https:\/\/staging.forenteforlag.no\/dreyers\/wp-content\/uploads\/sites\/2\/2025\/08\/jpg-8576-scaled.jpg","type":"image\/jpeg"}],"twitter_card":"summary_large_image","twitter_misc":{"Ansl. lesetid":"1 minutt"},"schema":{"@context":"https:\/\/schema.org","@graph":[{"@type":"WebPage","@id":"https:\/\/staging.forenteforlag.no\/dreyers\/produkt\/hvordan-havnet-vi-her\/","url":"https:\/\/staging.forenteforlag.no\/dreyers\/produkt\/hvordan-havnet-vi-her\/","name":"Hvordan havnet vi her? - Dreyers Forlag","isPartOf":{"@id":"https:\/\/staging.forenteforlag.no\/dreyers\/#website"},"primaryImageOfPage":{"@id":"https:\/\/staging.forenteforlag.no\/dreyers\/produkt\/hvordan-havnet-vi-her\/#primaryimage"},"image":{"@id":"https:\/\/staging.forenteforlag.no\/dreyers\/produkt\/hvordan-havnet-vi-her\/#primaryimage"},"thumbnailUrl":"https:\/\/staging.forenteforlag.no\/dreyers\/wp-content\/uploads\/sites\/2\/2025\/08\/jpg-8576-scaled.jpg","datePublished":"2024-08-09T00:00:00+00:00","dateModified":"2025-11-19T07:18:51+00:00","breadcrumb":{"@id":"https:\/\/staging.forenteforlag.no\/dreyers\/produkt\/hvordan-havnet-vi-her\/#breadcrumb"},"inLanguage":"nb-NO","potentialAction":[{"@type":"ReadAction","target":["https:\/\/staging.forenteforlag.no\/dreyers\/produkt\/hvordan-havnet-vi-her\/"]}]},{"@type":"ImageObject","inLanguage":"nb-NO","@id":"https:\/\/staging.forenteforlag.no\/dreyers\/produkt\/hvordan-havnet-vi-her\/#primaryimage","url":"https:\/\/staging.forenteforlag.no\/dreyers\/wp-content\/uploads\/sites\/2\/2025\/08\/jpg-8576-scaled.jpg","contentUrl":"https:\/\/staging.forenteforlag.no\/dreyers\/wp-content\/uploads\/sites\/2\/2025\/08\/jpg-8576-scaled.jpg","width":1257,"height":1920},{"@type":"BreadcrumbList","@id":"https:\/\/staging.forenteforlag.no\/dreyers\/produkt\/hvordan-havnet-vi-her\/#breadcrumb","itemListElement":[{"@type":"ListItem","position":1,"name":"Hjem","item":"https:\/\/staging.forenteforlag.no\/dreyers\/"},{"@type":"ListItem","position":2,"name":"Alle b\u00f8ker","item":"https:\/\/staging.forenteforlag.no\/dreyers\/butikk\/"},{"@type":"ListItem","position":3,"name":"Hvordan havnet vi her?"}]},{"@type":"WebSite","@id":"https:\/\/staging.forenteforlag.no\/dreyers\/#website","url":"https:\/\/staging.forenteforlag.no\/dreyers\/","name":"Dreyers Forlag","description":"","potentialAction":[{"@type":"SearchAction","target":{"@type":"EntryPoint","urlTemplate":"https:\/\/staging.forenteforlag.no\/dreyers\/?s={search_term_string}"},"query-input":{"@type":"PropertyValueSpecification","valueRequired":true,"valueName":"search_term_string"}}],"inLanguage":"nb-NO"}]}},"_links":{"self":[{"href":"https:\/\/staging.forenteforlag.no\/dreyers\/wp-json\/wp\/v2\/product\/21152","targetHints":{"allow":["GET"]}}],"collection":[{"href":"https:\/\/staging.forenteforlag.no\/dreyers\/wp-json\/wp\/v2\/product"}],"about":[{"href":"https:\/\/staging.forenteforlag.no\/dreyers\/wp-json\/wp\/v2\/types\/product"}],"wp:featuredmedia":[{"embeddable":true,"href":"https:\/\/staging.forenteforlag.no\/dreyers\/wp-json\/wp\/v2\/media\/24351"}],"wp:attachment":[{"href":"https:\/\/staging.forenteforlag.no\/dreyers\/wp-json\/wp\/v2\/media?parent=21152"}],"wp:term":[{"taxonomy":"product_brand","embeddable":true,"href":"https:\/\/staging.forenteforlag.no\/dreyers\/wp-json\/wp\/v2\/product_brand?post=21152"},{"taxonomy":"product_cat","embeddable":true,"href":"https:\/\/staging.forenteforlag.no\/dreyers\/wp-json\/wp\/v2\/product_cat?post=21152"},{"taxonomy":"product_tag","embeddable":true,"href":"https:\/\/staging.forenteforlag.no\/dreyers\/wp-json\/wp\/v2\/product_tag?post=21152"}],"curies":[{"name":"wp","href":"https:\/\/api.w.org\/{rel}","templated":true}]}}

<p>Så kort som mulig, så lang som nødvendig, skriver Finn Olstad om denne boka. I <em>Hvordan havnet vi her?</em> tar Olstad for seg sentrale trekk ved norsk historie fra 1800-tallet fram til vår egen tid og trekker linjer mellom den mer og mindre nære fortiden og Norge i dag. Selv om vi ikke tenker på det i det daglige, er vårt samfunn og våre liv i stor grad formet av historiske erfaringer og av dem som har gått foran oss. Så: Hvordan havnet vi her?</p>
<p>Olstad legger særlig vekt på de om lag tretti årene fra Berlinmurens fall og oppløsningen av Sovjetunionen til begynnelsen av 2020-årene, og diskuterer og utfordrer synspunkter på vår nærmeste fortid. Disse årene utgjør en særpreget, men på flere måter også illevarslende og farefull periode med enestående raske endringer. Er dagens politikk preget av utopiske trekk, som bryter mot en mer pragmatisk og realistisk tradisjon det er verdt å ta vare på? Kan fortidens kamper og sosiale og politiske løsninger gi et nødvendig korrektiv?</p>

<p>Så kort som mulig, så lang som nødvendig, skriver Finn Olstad om denne boka. I Hvordan havnet vi her? tar Olstad for seg sentrale trekk ved norsk historie fra 1800-tallet fram til vår egen tid og trekker linjer mellom den mer og mindre nære fortiden og Norge i dag. Selv om vi ikke tenker på [&hellip;]</p>

«Finn Olstads nye bok er eit lettlese innspel til ei sårt tiltrengd innsikt i skilnaden mellom fakta og ideologi.»

<!-- This site is optimized with the Yoast SEO plugin v26.6 - https://yoast.com/wordpress/plugins/seo/ -->
<title>Hvordan havnet vi her? - Dreyers Forlag</title>
<meta name="robots" content="noindex, follow, max-snippet:-1, max-image-preview:large, max-video-preview:-1" />
<meta property="og:locale" content="nb_NO" />
<meta property="og:type" content="article" />
<meta property="og:title" content="Hvordan havnet vi her? - Dreyers Forlag" />
<meta property="og:description" content="Så kort som mulig, så lang som nødvendig, skriver Finn Olstad om denne boka. I Hvordan havnet vi her? tar Olstad for seg sentrale trekk ved norsk historie fra 1800-tallet fram til vår egen tid og trekker linjer mellom den mer og mindre nære fortiden og Norge i dag. Selv om vi ikke tenker på [&hellip;]" />
<meta property="og:url" content="https://staging.forenteforlag.no/dreyers/produkt/hvordan-havnet-vi-her/" />
<meta property="og:site_name" content="Dreyers Forlag" />
<meta property="article:modified_time" content="2025-11-19T07:18:51+00:00" />
<meta property="og:image" content="https://staging.forenteforlag.no/dreyers/wp-content/uploads/sites/2/2025/08/jpg-8576-scaled.jpg" />
	<meta property="og:image:width" content="1257" />
	<meta property="og:image:height" content="1920" />
	<meta property="og:image:type" content="image/jpeg" />
<meta name="twitter:card" content="summary_large_image" />
<meta name="twitter:label1" content="Ansl. lesetid" />
	<meta name="twitter:data1" content="1 minutt" />
<script type="application/ld+json" class="yoast-schema-graph">{"@context":"https://schema.org","@graph":[{"@type":"WebPage","@id":"https://staging.forenteforlag.no/dreyers/produkt/hvordan-havnet-vi-her/","url":"https://staging.forenteforlag.no/dreyers/produkt/hvordan-havnet-vi-her/","name":"Hvordan havnet vi her? - Dreyers Forlag","isPartOf":{"@id":"https://staging.forenteforlag.no/dreyers/#website"},"primaryImageOfPage":{"@id":"https://staging.forenteforlag.no/dreyers/produkt/hvordan-havnet-vi-her/#primaryimage"},"image":{"@id":"https://staging.forenteforlag.no/dreyers/produkt/hvordan-havnet-vi-her/#primaryimage"},"thumbnailUrl":"https://staging.forenteforlag.no/dreyers/wp-content/uploads/sites/2/2025/08/jpg-8576-scaled.jpg","datePublished":"2024-08-09T00:00:00+00:00","dateModified":"2025-11-19T07:18:51+00:00","breadcrumb":{"@id":"https://staging.forenteforlag.no/dreyers/produkt/hvordan-havnet-vi-her/#breadcrumb"},"inLanguage":"nb-NO","potentialAction":[{"@type":"ReadAction","target":["https://staging.forenteforlag.no/dreyers/produkt/hvordan-havnet-vi-her/"]}]},{"@type":"ImageObject","inLanguage":"nb-NO","@id":"https://staging.forenteforlag.no/dreyers/produkt/hvordan-havnet-vi-her/#primaryimage","url":"https://staging.forenteforlag.no/dreyers/wp-content/uploads/sites/2/2025/08/jpg-8576-scaled.jpg","contentUrl":"https://staging.forenteforlag.no/dreyers/wp-content/uploads/sites/2/2025/08/jpg-8576-scaled.jpg","width":1257,"height":1920},{"@type":"BreadcrumbList","@id":"https://staging.forenteforlag.no/dreyers/produkt/hvordan-havnet-vi-her/#breadcrumb","itemListElement":[{"@type":"ListItem","position":1,"name":"Hjem","item":"https://staging.forenteforlag.no/dreyers/"},{"@type":"ListItem","position":2,"name":"Alle bøker","item":"https://staging.forenteforlag.no/dreyers/butikk/"},{"@type":"ListItem","position":3,"name":"Hvordan havnet vi her?"}]},{"@type":"WebSite","@id":"https://staging.forenteforlag.no/dreyers/#website","url":"https://staging.forenteforlag.no/dreyers/","name":"Dreyers Forlag","description":"","potentialAction":[{"@type":"SearchAction","target":{"@type":"EntryPoint","urlTemplate":"https://staging.forenteforlag.no/dreyers/?s={search_term_string}"},"query-input":{"@type":"PropertyValueSpecification","valueRequired":true,"valueName":"search_term_string"}}],"inLanguage":"nb-NO"}]}</script>
<!-- / Yoast SEO plugin. -->

Så kort som mulig, så lang som nødvendig, skriver Finn Olstad om denne boka. I Hvordan havnet vi her? tar Olstad for seg sentrale trekk ved norsk historie fra 1800-tallet fram til vår egen tid og trekker linjer mellom den mer og mindre nære fortiden og Norge i dag. Selv om vi ikke tenker på [&hellip;]

Alle bøker
