{"id":21151,"date":"2024-08-13T02:00:00","date_gmt":"2024-08-13T00:00:00","guid":{"rendered":"https:\/\/dreyersforlag.forenteforlag.no\/produkt\/da-fascismen-kom-til-norge\/"},"modified":"2025-11-19T08:19:42","modified_gmt":"2025-11-19T07:19:42","slug":"da-fascismen-kom-til-norge","status":"publish","type":"product","link":"https:\/\/staging.forenteforlag.no\/dreyers\/produkt\/da-fascismen-kom-til-norge\/","title":{"rendered":"Da fascismen kom til Norge"},"content":{"rendered":"<p>Sommeren 1927 var Oslos st\u00f8rste m\u00f8telokale fylt til trengsel da den kontroversielle b\u00f8rsspekulanten og grossisten Karl Meyer stiftet Den Nasjonale Legion, den f\u00f8rste norske fascistbevegelse. Da Meyer forlangte at Stortinget ble avsatt og at det ble innsatt en diktatorisk regjering som kunne f\u00e5 bukt med gjeldskrisen og knuse arbeiderbevegelsen, klatret verdige Oslo-borgere opp p\u00e5 stolsetene i jubelrus.<\/p>\n<p>Den Nasjonale Legions korte levetid fra sommeren 1927 til v\u00e5ren 1928, med sine rabalderm\u00f8ter, demonstrasjoner, gatekamper og brutale overfall, er b\u00e5de ukjent, like spennende som en kriminalroman og til tider ufrivillig komisk.<\/p>\n<p>Boken presenterer for f\u00f8rste gang denne historien, inkludert portretter av legionens sv\u00e6rt fargerike lederskikkelser, som den talentfulle forfatteren og samfunnsdebattanten Erling Winsnes og \u00abNorges sterkeste mann\u00bb, sirkusdirekt\u00f8r Karl Norbeck. I tillegg gir den et levende bilde av \u00abdet nerv\u00f8se\u00bb 1920-tallets politiske, sosiale og kulturelle liv, noe som belyser hvorfor fascismen p\u00e5 denne tiden virket appellerende p\u00e5 overraskende mange nordmenn.<\/p>\n<p>Med illustrasjoner av Steffen Kverneland.<\/p>\n","protected":false},"excerpt":{"rendered":"<p>Sommeren 1927 var Oslos st\u00f8rste m\u00f8telokale fylt til trengsel da den kontroversielle b\u00f8rsspekulanten og grossisten Karl Meyer stiftet Den Nasjonale Legion, den f\u00f8rste norske fascistbevegelse. Da Meyer forlangte at Stortinget ble avsatt og at det ble innsatt en diktatorisk regjering som kunne f\u00e5 bukt med gjeldskrisen og knuse arbeiderbevegelsen, klatret verdige Oslo-borgere opp p\u00e5 stolsetene [&hellip;]<\/p>\n","protected":false},"featured_media":24513,"template":"","meta":{"_acf_changed":false,"inline_featured_image":false},"product_brand":[],"product_cat":[1784,23],"product_tag":[362],"class_list":{"0":"post-21151","1":"product","2":"type-product","3":"status-publish","4":"has-post-thumbnail","6":"product_cat-fastpris","7":"product_cat-historie","8":"product_tag-faglitteratur","9":"pa_format-pocket","11":"first","12":"instock","13":"shipping-taxable","14":"purchasable","15":"product-type-simple"},"acf":{"anmeldelse":[{"tekst_anmeldelser":"\u00ab... en syrlig cocktail av komikk og innsikt.\u00bb","av_anmeldelser":"Idar Helle","terningkast":false,"kilde":"Klassekampen"},{"tekst_anmeldelser":"\u00abSprudlende morsomt om politiske klovnerier med en dyster slagside.\u00bb","av_anmeldelser":"Jon Rognlien","terningkast":"<i class=\"fa-solid fa-dice-six\"><\/i>","kilde":"Dagbladet"},{"tekst_anmeldelser":"\u00ab[Boka] er b\u00e5de god underholdning og et bra stykke historisk h\u00e5ndverk.\u00bb","av_anmeldelser":"Gunnar Kagge","terningkast":false,"kilde":"Aftenposten"},{"tekst_anmeldelser":"\u00abJa, dette er s\u00e5 mesterlig gjort hos Emberland, at man m\u00e5 misunne ham hans fortellertalent ... Til dem som enn\u00e5 ikke har lest boken: Det er bare \u00e5 glede seg!\u00bb","av_anmeldelser":"Espen Schaanning","terningkast":false,"kilde":"Arr - Id\u00e9historisk tidsskrift"},{"tekst_anmeldelser":"\u00abI en lettlest og underholdende bok gir Terje Emberland ogs\u00e5 et interessant innblikk i samtidens ideologiske str\u00f8mninger.\u00bb","av_anmeldelser":"Alf Kjetil Igland","terningkast":"<i class=\"fa-solid fa-dice-five\"><\/i>","kilde":"F\u00e6drelandsvennen"}]},"yoast_head":"<!-- This site is optimized with the Yoast SEO plugin v26.6 - https:\/\/yoast.com\/wordpress\/plugins\/seo\/ -->\n<title>Da fascismen kom til Norge - Dreyers Forlag<\/title>\n<meta name=\"robots\" content=\"noindex, follow, max-snippet:-1, max-image-preview:large, max-video-preview:-1\" \/>\n<meta property=\"og:locale\" content=\"nb_NO\" \/>\n<meta property=\"og:type\" content=\"article\" \/>\n<meta property=\"og:title\" content=\"Da fascismen kom til Norge - Dreyers Forlag\" \/>\n<meta property=\"og:description\" content=\"Sommeren 1927 var Oslos st\u00f8rste m\u00f8telokale fylt til trengsel da den kontroversielle b\u00f8rsspekulanten og grossisten Karl Meyer stiftet Den Nasjonale Legion, den f\u00f8rste norske fascistbevegelse. Da Meyer forlangte at Stortinget ble avsatt og at det ble innsatt en diktatorisk regjering som kunne f\u00e5 bukt med gjeldskrisen og knuse arbeiderbevegelsen, klatret verdige Oslo-borgere opp p\u00e5 stolsetene [&hellip;]\" \/>\n<meta property=\"og:url\" content=\"https:\/\/staging.forenteforlag.no\/dreyers\/produkt\/da-fascismen-kom-til-norge\/\" \/>\n<meta property=\"og:site_name\" content=\"Dreyers Forlag\" \/>\n<meta property=\"article:modified_time\" content=\"2025-11-19T07:19:42+00:00\" \/>\n<meta property=\"og:image\" content=\"https:\/\/staging.forenteforlag.no\/dreyers\/wp-content\/uploads\/sites\/2\/2025\/08\/jpg-10103-scaled.jpg\" \/>\n\t<meta property=\"og:image:width\" content=\"1235\" \/>\n\t<meta property=\"og:image:height\" content=\"1920\" \/>\n\t<meta property=\"og:image:type\" content=\"image\/jpeg\" \/>\n<meta name=\"twitter:card\" content=\"summary_large_image\" \/>\n<meta name=\"twitter:label1\" content=\"Ansl. lesetid\" \/>\n\t<meta name=\"twitter:data1\" content=\"1 minutt\" \/>\n<script type=\"application\/ld+json\" class=\"yoast-schema-graph\">{\"@context\":\"https:\/\/schema.org\",\"@graph\":[{\"@type\":\"WebPage\",\"@id\":\"https:\/\/staging.forenteforlag.no\/dreyers\/produkt\/da-fascismen-kom-til-norge\/\",\"url\":\"https:\/\/staging.forenteforlag.no\/dreyers\/produkt\/da-fascismen-kom-til-norge\/\",\"name\":\"Da fascismen kom til Norge - Dreyers Forlag\",\"isPartOf\":{\"@id\":\"https:\/\/staging.forenteforlag.no\/dreyers\/#website\"},\"primaryImageOfPage\":{\"@id\":\"https:\/\/staging.forenteforlag.no\/dreyers\/produkt\/da-fascismen-kom-til-norge\/#primaryimage\"},\"image\":{\"@id\":\"https:\/\/staging.forenteforlag.no\/dreyers\/produkt\/da-fascismen-kom-til-norge\/#primaryimage\"},\"thumbnailUrl\":\"https:\/\/staging.forenteforlag.no\/dreyers\/wp-content\/uploads\/sites\/2\/2025\/08\/jpg-10103-scaled.jpg\",\"datePublished\":\"2024-08-13T00:00:00+00:00\",\"dateModified\":\"2025-11-19T07:19:42+00:00\",\"breadcrumb\":{\"@id\":\"https:\/\/staging.forenteforlag.no\/dreyers\/produkt\/da-fascismen-kom-til-norge\/#breadcrumb\"},\"inLanguage\":\"nb-NO\",\"potentialAction\":[{\"@type\":\"ReadAction\",\"target\":[\"https:\/\/staging.forenteforlag.no\/dreyers\/produkt\/da-fascismen-kom-til-norge\/\"]}]},{\"@type\":\"ImageObject\",\"inLanguage\":\"nb-NO\",\"@id\":\"https:\/\/staging.forenteforlag.no\/dreyers\/produkt\/da-fascismen-kom-til-norge\/#primaryimage\",\"url\":\"https:\/\/staging.forenteforlag.no\/dreyers\/wp-content\/uploads\/sites\/2\/2025\/08\/jpg-10103-scaled.jpg\",\"contentUrl\":\"https:\/\/staging.forenteforlag.no\/dreyers\/wp-content\/uploads\/sites\/2\/2025\/08\/jpg-10103-scaled.jpg\",\"width\":1235,\"height\":1920},{\"@type\":\"BreadcrumbList\",\"@id\":\"https:\/\/staging.forenteforlag.no\/dreyers\/produkt\/da-fascismen-kom-til-norge\/#breadcrumb\",\"itemListElement\":[{\"@type\":\"ListItem\",\"position\":1,\"name\":\"Hjem\",\"item\":\"https:\/\/staging.forenteforlag.no\/dreyers\/\"},{\"@type\":\"ListItem\",\"position\":2,\"name\":\"Alle b\u00f8ker\",\"item\":\"https:\/\/staging.forenteforlag.no\/dreyers\/butikk\/\"},{\"@type\":\"ListItem\",\"position\":3,\"name\":\"Da fascismen kom til Norge\"}]},{\"@type\":\"WebSite\",\"@id\":\"https:\/\/staging.forenteforlag.no\/dreyers\/#website\",\"url\":\"https:\/\/staging.forenteforlag.no\/dreyers\/\",\"name\":\"Dreyers Forlag\",\"description\":\"\",\"potentialAction\":[{\"@type\":\"SearchAction\",\"target\":{\"@type\":\"EntryPoint\",\"urlTemplate\":\"https:\/\/staging.forenteforlag.no\/dreyers\/?s={search_term_string}\"},\"query-input\":{\"@type\":\"PropertyValueSpecification\",\"valueRequired\":true,\"valueName\":\"search_term_string\"}}],\"inLanguage\":\"nb-NO\"}]}<\/script>\n<!-- \/ Yoast SEO plugin. -->","yoast_head_json":{"title":"Da fascismen kom til Norge - Dreyers Forlag","robots":{"index":"noindex","follow":"follow","max-snippet":"max-snippet:-1","max-image-preview":"max-image-preview:large","max-video-preview":"max-video-preview:-1"},"og_locale":"nb_NO","og_type":"article","og_title":"Da fascismen kom til Norge - Dreyers Forlag","og_description":"Sommeren 1927 var Oslos st\u00f8rste m\u00f8telokale fylt til trengsel da den kontroversielle b\u00f8rsspekulanten og grossisten Karl Meyer stiftet Den Nasjonale Legion, den f\u00f8rste norske fascistbevegelse. Da Meyer forlangte at Stortinget ble avsatt og at det ble innsatt en diktatorisk regjering som kunne f\u00e5 bukt med gjeldskrisen og knuse arbeiderbevegelsen, klatret verdige Oslo-borgere opp p\u00e5 stolsetene [&hellip;]","og_url":"https:\/\/staging.forenteforlag.no\/dreyers\/produkt\/da-fascismen-kom-til-norge\/","og_site_name":"Dreyers Forlag","article_modified_time":"2025-11-19T07:19:42+00:00","og_image":[{"width":1235,"height":1920,"url":"https:\/\/staging.forenteforlag.no\/dreyers\/wp-content\/uploads\/sites\/2\/2025\/08\/jpg-10103-scaled.jpg","type":"image\/jpeg"}],"twitter_card":"summary_large_image","twitter_misc":{"Ansl. lesetid":"1 minutt"},"schema":{"@context":"https:\/\/schema.org","@graph":[{"@type":"WebPage","@id":"https:\/\/staging.forenteforlag.no\/dreyers\/produkt\/da-fascismen-kom-til-norge\/","url":"https:\/\/staging.forenteforlag.no\/dreyers\/produkt\/da-fascismen-kom-til-norge\/","name":"Da fascismen kom til Norge - Dreyers Forlag","isPartOf":{"@id":"https:\/\/staging.forenteforlag.no\/dreyers\/#website"},"primaryImageOfPage":{"@id":"https:\/\/staging.forenteforlag.no\/dreyers\/produkt\/da-fascismen-kom-til-norge\/#primaryimage"},"image":{"@id":"https:\/\/staging.forenteforlag.no\/dreyers\/produkt\/da-fascismen-kom-til-norge\/#primaryimage"},"thumbnailUrl":"https:\/\/staging.forenteforlag.no\/dreyers\/wp-content\/uploads\/sites\/2\/2025\/08\/jpg-10103-scaled.jpg","datePublished":"2024-08-13T00:00:00+00:00","dateModified":"2025-11-19T07:19:42+00:00","breadcrumb":{"@id":"https:\/\/staging.forenteforlag.no\/dreyers\/produkt\/da-fascismen-kom-til-norge\/#breadcrumb"},"inLanguage":"nb-NO","potentialAction":[{"@type":"ReadAction","target":["https:\/\/staging.forenteforlag.no\/dreyers\/produkt\/da-fascismen-kom-til-norge\/"]}]},{"@type":"ImageObject","inLanguage":"nb-NO","@id":"https:\/\/staging.forenteforlag.no\/dreyers\/produkt\/da-fascismen-kom-til-norge\/#primaryimage","url":"https:\/\/staging.forenteforlag.no\/dreyers\/wp-content\/uploads\/sites\/2\/2025\/08\/jpg-10103-scaled.jpg","contentUrl":"https:\/\/staging.forenteforlag.no\/dreyers\/wp-content\/uploads\/sites\/2\/2025\/08\/jpg-10103-scaled.jpg","width":1235,"height":1920},{"@type":"BreadcrumbList","@id":"https:\/\/staging.forenteforlag.no\/dreyers\/produkt\/da-fascismen-kom-til-norge\/#breadcrumb","itemListElement":[{"@type":"ListItem","position":1,"name":"Hjem","item":"https:\/\/staging.forenteforlag.no\/dreyers\/"},{"@type":"ListItem","position":2,"name":"Alle b\u00f8ker","item":"https:\/\/staging.forenteforlag.no\/dreyers\/butikk\/"},{"@type":"ListItem","position":3,"name":"Da fascismen kom til Norge"}]},{"@type":"WebSite","@id":"https:\/\/staging.forenteforlag.no\/dreyers\/#website","url":"https:\/\/staging.forenteforlag.no\/dreyers\/","name":"Dreyers Forlag","description":"","potentialAction":[{"@type":"SearchAction","target":{"@type":"EntryPoint","urlTemplate":"https:\/\/staging.forenteforlag.no\/dreyers\/?s={search_term_string}"},"query-input":{"@type":"PropertyValueSpecification","valueRequired":true,"valueName":"search_term_string"}}],"inLanguage":"nb-NO"}]}},"_links":{"self":[{"href":"https:\/\/staging.forenteforlag.no\/dreyers\/wp-json\/wp\/v2\/product\/21151","targetHints":{"allow":["GET"]}}],"collection":[{"href":"https:\/\/staging.forenteforlag.no\/dreyers\/wp-json\/wp\/v2\/product"}],"about":[{"href":"https:\/\/staging.forenteforlag.no\/dreyers\/wp-json\/wp\/v2\/types\/product"}],"wp:featuredmedia":[{"embeddable":true,"href":"https:\/\/staging.forenteforlag.no\/dreyers\/wp-json\/wp\/v2\/media\/24513"}],"wp:attachment":[{"href":"https:\/\/staging.forenteforlag.no\/dreyers\/wp-json\/wp\/v2\/media?parent=21151"}],"wp:term":[{"taxonomy":"product_brand","embeddable":true,"href":"https:\/\/staging.forenteforlag.no\/dreyers\/wp-json\/wp\/v2\/product_brand?post=21151"},{"taxonomy":"product_cat","embeddable":true,"href":"https:\/\/staging.forenteforlag.no\/dreyers\/wp-json\/wp\/v2\/product_cat?post=21151"},{"taxonomy":"product_tag","embeddable":true,"href":"https:\/\/staging.forenteforlag.no\/dreyers\/wp-json\/wp\/v2\/product_tag?post=21151"}],"curies":[{"name":"wp","href":"https:\/\/api.w.org\/{rel}","templated":true}]}}

<p>Sommeren 1927 var Oslos største møtelokale fylt til trengsel da den kontroversielle børsspekulanten og grossisten Karl Meyer stiftet Den Nasjonale Legion, den første norske fascistbevegelse. Da Meyer forlangte at Stortinget ble avsatt og at det ble innsatt en diktatorisk regjering som kunne få bukt med gjeldskrisen og knuse arbeiderbevegelsen, klatret verdige Oslo-borgere opp på stolsetene i jubelrus.</p>
<p>Den Nasjonale Legions korte levetid fra sommeren 1927 til våren 1928, med sine rabaldermøter, demonstrasjoner, gatekamper og brutale overfall, er både ukjent, like spennende som en kriminalroman og til tider ufrivillig komisk.</p>
<p>Boken presenterer for første gang denne historien, inkludert portretter av legionens svært fargerike lederskikkelser, som den talentfulle forfatteren og samfunnsdebattanten Erling Winsnes og «Norges sterkeste mann», sirkusdirektør Karl Norbeck. I tillegg gir den et levende bilde av «det nervøse» 1920-tallets politiske, sosiale og kulturelle liv, noe som belyser hvorfor fascismen på denne tiden virket appellerende på overraskende mange nordmenn.</p>
<p>Med illustrasjoner av Steffen Kverneland.</p>

<p>Sommeren 1927 var Oslos største møtelokale fylt til trengsel da den kontroversielle børsspekulanten og grossisten Karl Meyer stiftet Den Nasjonale Legion, den første norske fascistbevegelse. Da Meyer forlangte at Stortinget ble avsatt og at det ble innsatt en diktatorisk regjering som kunne få bukt med gjeldskrisen og knuse arbeiderbevegelsen, klatret verdige Oslo-borgere opp på stolsetene [&hellip;]</p>

«[Boka] er både god underholdning og et bra stykke historisk håndverk.»

«Ja, dette er så mesterlig gjort hos Emberland, at man må misunne ham hans fortellertalent ... Til dem som ennå ikke har lest boken: Det er bare å glede seg!»

Arr - Idéhistorisk tidsskrift

«I en lettlest og underholdende bok gir Terje Emberland også et interessant innblikk i samtidens ideologiske strømninger.»

Fædrelandsvennen

<!-- This site is optimized with the Yoast SEO plugin v26.6 - https://yoast.com/wordpress/plugins/seo/ -->
<title>Da fascismen kom til Norge - Dreyers Forlag</title>
<meta name="robots" content="noindex, follow, max-snippet:-1, max-image-preview:large, max-video-preview:-1" />
<meta property="og:locale" content="nb_NO" />
<meta property="og:type" content="article" />
<meta property="og:title" content="Da fascismen kom til Norge - Dreyers Forlag" />
<meta property="og:description" content="Sommeren 1927 var Oslos største møtelokale fylt til trengsel da den kontroversielle børsspekulanten og grossisten Karl Meyer stiftet Den Nasjonale Legion, den første norske fascistbevegelse. Da Meyer forlangte at Stortinget ble avsatt og at det ble innsatt en diktatorisk regjering som kunne få bukt med gjeldskrisen og knuse arbeiderbevegelsen, klatret verdige Oslo-borgere opp på stolsetene [&hellip;]" />
<meta property="og:url" content="https://staging.forenteforlag.no/dreyers/produkt/da-fascismen-kom-til-norge/" />
<meta property="og:site_name" content="Dreyers Forlag" />
<meta property="article:modified_time" content="2025-11-19T07:19:42+00:00" />
<meta property="og:image" content="https://staging.forenteforlag.no/dreyers/wp-content/uploads/sites/2/2025/08/jpg-10103-scaled.jpg" />
	<meta property="og:image:width" content="1235" />
	<meta property="og:image:height" content="1920" />
	<meta property="og:image:type" content="image/jpeg" />
<meta name="twitter:card" content="summary_large_image" />
<meta name="twitter:label1" content="Ansl. lesetid" />
	<meta name="twitter:data1" content="1 minutt" />
<script type="application/ld+json" class="yoast-schema-graph">{"@context":"https://schema.org","@graph":[{"@type":"WebPage","@id":"https://staging.forenteforlag.no/dreyers/produkt/da-fascismen-kom-til-norge/","url":"https://staging.forenteforlag.no/dreyers/produkt/da-fascismen-kom-til-norge/","name":"Da fascismen kom til Norge - Dreyers Forlag","isPartOf":{"@id":"https://staging.forenteforlag.no/dreyers/#website"},"primaryImageOfPage":{"@id":"https://staging.forenteforlag.no/dreyers/produkt/da-fascismen-kom-til-norge/#primaryimage"},"image":{"@id":"https://staging.forenteforlag.no/dreyers/produkt/da-fascismen-kom-til-norge/#primaryimage"},"thumbnailUrl":"https://staging.forenteforlag.no/dreyers/wp-content/uploads/sites/2/2025/08/jpg-10103-scaled.jpg","datePublished":"2024-08-13T00:00:00+00:00","dateModified":"2025-11-19T07:19:42+00:00","breadcrumb":{"@id":"https://staging.forenteforlag.no/dreyers/produkt/da-fascismen-kom-til-norge/#breadcrumb"},"inLanguage":"nb-NO","potentialAction":[{"@type":"ReadAction","target":["https://staging.forenteforlag.no/dreyers/produkt/da-fascismen-kom-til-norge/"]}]},{"@type":"ImageObject","inLanguage":"nb-NO","@id":"https://staging.forenteforlag.no/dreyers/produkt/da-fascismen-kom-til-norge/#primaryimage","url":"https://staging.forenteforlag.no/dreyers/wp-content/uploads/sites/2/2025/08/jpg-10103-scaled.jpg","contentUrl":"https://staging.forenteforlag.no/dreyers/wp-content/uploads/sites/2/2025/08/jpg-10103-scaled.jpg","width":1235,"height":1920},{"@type":"BreadcrumbList","@id":"https://staging.forenteforlag.no/dreyers/produkt/da-fascismen-kom-til-norge/#breadcrumb","itemListElement":[{"@type":"ListItem","position":1,"name":"Hjem","item":"https://staging.forenteforlag.no/dreyers/"},{"@type":"ListItem","position":2,"name":"Alle bøker","item":"https://staging.forenteforlag.no/dreyers/butikk/"},{"@type":"ListItem","position":3,"name":"Da fascismen kom til Norge"}]},{"@type":"WebSite","@id":"https://staging.forenteforlag.no/dreyers/#website","url":"https://staging.forenteforlag.no/dreyers/","name":"Dreyers Forlag","description":"","potentialAction":[{"@type":"SearchAction","target":{"@type":"EntryPoint","urlTemplate":"https://staging.forenteforlag.no/dreyers/?s={search_term_string}"},"query-input":{"@type":"PropertyValueSpecification","valueRequired":true,"valueName":"search_term_string"}}],"inLanguage":"nb-NO"}]}</script>
<!-- / Yoast SEO plugin. -->

Sommeren 1927 var Oslos største møtelokale fylt til trengsel da den kontroversielle børsspekulanten og grossisten Karl Meyer stiftet Den Nasjonale Legion, den første norske fascistbevegelse. Da Meyer forlangte at Stortinget ble avsatt og at det ble innsatt en diktatorisk regjering som kunne få bukt med gjeldskrisen og knuse arbeiderbevegelsen, klatret verdige Oslo-borgere opp på stolsetene [&hellip;]

Alle bøker
