{"id":21150,"date":"2024-08-16T02:00:00","date_gmt":"2024-08-16T00:00:00","guid":{"rendered":"https:\/\/dreyersforlag.forenteforlag.no\/produkt\/alexander-kiellands-romaner\/"},"modified":"2025-08-29T10:43:47","modified_gmt":"2025-08-29T08:43:47","slug":"alexander-kiellands-romaner","status":"publish","type":"product","link":"https:\/\/staging.forenteforlag.no\/dreyers\/produkt\/alexander-kiellands-romaner\/","title":{"rendered":"Alexander Kiellands romaner"},"content":{"rendered":"<p>I <em>Alexander Kiellands romaner<\/em> er Erik Bjerck Hagen p\u00e5 jakt etter Kiellands litter\u00e6re kvaliteter i dag. Han finner disse kvalitetene i Kiellands stil s\u00e5 vel som i hans tendens, i humor s\u00e5 vel som i sentimentalitet, i kjente romaner som <em>Garman &amp; Worse<\/em> og <em>Skipper Worse<\/em>, s\u00e5 vel som i mer glemte titler som <em>Sne<\/em>, <em>Sankt Hans Fest<\/em> og <em>Jacob<\/em>.<\/p>\n<p>Boken representerer en gjennomf\u00f8rt nylesning av forfatterskapet samtidig som den er en analyse av Kielland-mottagelsen fra de f\u00f8rste anmeldelsene p\u00e5 1880-tallet til de akademiske studiene fra etter \u00e5rtusenskiftet. Slik er boken ogs\u00e5 et bidrag til den norske litteraturkritikkens historie og den norske litteraturforskningens historie. Ikke minst diskuteres de intime forbindelsene mellom litter\u00e6r kvalitet, samfunnskritikk og ulike former for god sentimentalitet.<\/p>\n","protected":false},"excerpt":{"rendered":"<p>I Alexander Kiellands romaner er Erik Bjerck Hagen p\u00e5 jakt etter Kiellands litter\u00e6re kvaliteter i dag. Han finner disse kvalitetene i Kiellands stil s\u00e5 vel som i hans tendens, i humor s\u00e5 vel som i sentimentalitet, i kjente romaner som Garman &amp; Worse og Skipper Worse, s\u00e5 vel som i mer glemte titler som Sne, [&hellip;]<\/p>\n","protected":false},"featured_media":24324,"template":"","meta":{"_acf_changed":false,"inline_featured_image":false},"product_brand":[],"product_cat":[1784,26],"product_tag":[453,362,413,665,498],"class_list":{"0":"post-21150","1":"product","2":"type-product","3":"status-publish","4":"has-post-thumbnail","6":"product_cat-fastpris","7":"product_cat-kunst-og-kultur","8":"product_tag-1850-1899","9":"product_tag-faglitteratur","10":"product_tag-forfattere","11":"product_tag-litteraer-analyse","12":"product_tag-litteraturkritikk","13":"pa_format-innbundet","15":"first","16":"instock","17":"shipping-taxable","18":"purchasable","19":"product-type-simple"},"acf":{"anmeldelse":[{"tekst_anmeldelser":"\u00abDet er sv\u00e6rt forfriskende \u00e5 f\u00f8lge Bjerck Hagens gjennomgang ikke bare av de ni romanene, men ogs\u00e5 av den mottakelsen de fikk i Kiellands samtid, og av den behandling de har f\u00e5tt av litteraturvitere opp gjennom \u00e5rene \u2026 Ogs\u00e5 litteraturvitenskapelige utlegninger kan deles inn i gode og d\u00e5rlige. Denne h\u00f8rer definitivt til den f\u00f8rste kategorien.\u00bb","av_anmeldelser":"Sven Egil Omdal","terningkast":"<i class=\"fa-solid fa-dice-five\"><\/i>","kilde":"Stavanger Aftenblad"}]},"yoast_head":"<!-- This site is optimized with the Yoast SEO plugin v26.6 - https:\/\/yoast.com\/wordpress\/plugins\/seo\/ -->\n<title>Alexander Kiellands romaner - Dreyers Forlag<\/title>\n<meta name=\"robots\" content=\"noindex, follow, max-snippet:-1, max-image-preview:large, max-video-preview:-1\" \/>\n<meta property=\"og:locale\" content=\"nb_NO\" \/>\n<meta property=\"og:type\" content=\"article\" \/>\n<meta property=\"og:title\" content=\"Alexander Kiellands romaner - Dreyers Forlag\" \/>\n<meta property=\"og:description\" content=\"I Alexander Kiellands romaner er Erik Bjerck Hagen p\u00e5 jakt etter Kiellands litter\u00e6re kvaliteter i dag. Han finner disse kvalitetene i Kiellands stil s\u00e5 vel som i hans tendens, i humor s\u00e5 vel som i sentimentalitet, i kjente romaner som Garman &amp; Worse og Skipper Worse, s\u00e5 vel som i mer glemte titler som Sne, [&hellip;]\" \/>\n<meta property=\"og:url\" content=\"https:\/\/staging.forenteforlag.no\/dreyers\/produkt\/alexander-kiellands-romaner\/\" \/>\n<meta property=\"og:site_name\" content=\"Dreyers Forlag\" \/>\n<meta property=\"article:modified_time\" content=\"2025-08-29T08:43:47+00:00\" \/>\n<meta property=\"og:image\" content=\"https:\/\/staging.forenteforlag.no\/dreyers\/wp-content\/uploads\/sites\/2\/2025\/08\/jpg-8387-scaled.jpg\" \/>\n\t<meta property=\"og:image:width\" content=\"1256\" \/>\n\t<meta property=\"og:image:height\" content=\"1920\" \/>\n\t<meta property=\"og:image:type\" content=\"image\/jpeg\" \/>\n<meta name=\"twitter:card\" content=\"summary_large_image\" \/>\n<meta name=\"twitter:label1\" content=\"Ansl. lesetid\" \/>\n\t<meta name=\"twitter:data1\" content=\"1 minutt\" \/>\n<script type=\"application\/ld+json\" class=\"yoast-schema-graph\">{\"@context\":\"https:\/\/schema.org\",\"@graph\":[{\"@type\":\"WebPage\",\"@id\":\"https:\/\/staging.forenteforlag.no\/dreyers\/produkt\/alexander-kiellands-romaner\/\",\"url\":\"https:\/\/staging.forenteforlag.no\/dreyers\/produkt\/alexander-kiellands-romaner\/\",\"name\":\"Alexander Kiellands romaner - Dreyers Forlag\",\"isPartOf\":{\"@id\":\"https:\/\/staging.forenteforlag.no\/dreyers\/#website\"},\"primaryImageOfPage\":{\"@id\":\"https:\/\/staging.forenteforlag.no\/dreyers\/produkt\/alexander-kiellands-romaner\/#primaryimage\"},\"image\":{\"@id\":\"https:\/\/staging.forenteforlag.no\/dreyers\/produkt\/alexander-kiellands-romaner\/#primaryimage\"},\"thumbnailUrl\":\"https:\/\/staging.forenteforlag.no\/dreyers\/wp-content\/uploads\/sites\/2\/2025\/08\/jpg-8387-scaled.jpg\",\"datePublished\":\"2024-08-16T00:00:00+00:00\",\"dateModified\":\"2025-08-29T08:43:47+00:00\",\"breadcrumb\":{\"@id\":\"https:\/\/staging.forenteforlag.no\/dreyers\/produkt\/alexander-kiellands-romaner\/#breadcrumb\"},\"inLanguage\":\"nb-NO\",\"potentialAction\":[{\"@type\":\"ReadAction\",\"target\":[\"https:\/\/staging.forenteforlag.no\/dreyers\/produkt\/alexander-kiellands-romaner\/\"]}]},{\"@type\":\"ImageObject\",\"inLanguage\":\"nb-NO\",\"@id\":\"https:\/\/staging.forenteforlag.no\/dreyers\/produkt\/alexander-kiellands-romaner\/#primaryimage\",\"url\":\"https:\/\/staging.forenteforlag.no\/dreyers\/wp-content\/uploads\/sites\/2\/2025\/08\/jpg-8387-scaled.jpg\",\"contentUrl\":\"https:\/\/staging.forenteforlag.no\/dreyers\/wp-content\/uploads\/sites\/2\/2025\/08\/jpg-8387-scaled.jpg\",\"width\":1256,\"height\":1920},{\"@type\":\"BreadcrumbList\",\"@id\":\"https:\/\/staging.forenteforlag.no\/dreyers\/produkt\/alexander-kiellands-romaner\/#breadcrumb\",\"itemListElement\":[{\"@type\":\"ListItem\",\"position\":1,\"name\":\"Hjem\",\"item\":\"https:\/\/staging.forenteforlag.no\/dreyers\/\"},{\"@type\":\"ListItem\",\"position\":2,\"name\":\"Alle b\u00f8ker\",\"item\":\"https:\/\/staging.forenteforlag.no\/dreyers\/butikk\/\"},{\"@type\":\"ListItem\",\"position\":3,\"name\":\"Alexander Kiellands romaner\"}]},{\"@type\":\"WebSite\",\"@id\":\"https:\/\/staging.forenteforlag.no\/dreyers\/#website\",\"url\":\"https:\/\/staging.forenteforlag.no\/dreyers\/\",\"name\":\"Dreyers Forlag\",\"description\":\"\",\"potentialAction\":[{\"@type\":\"SearchAction\",\"target\":{\"@type\":\"EntryPoint\",\"urlTemplate\":\"https:\/\/staging.forenteforlag.no\/dreyers\/?s={search_term_string}\"},\"query-input\":{\"@type\":\"PropertyValueSpecification\",\"valueRequired\":true,\"valueName\":\"search_term_string\"}}],\"inLanguage\":\"nb-NO\"}]}<\/script>\n<!-- \/ Yoast SEO plugin. -->","yoast_head_json":{"title":"Alexander Kiellands romaner - Dreyers Forlag","robots":{"index":"noindex","follow":"follow","max-snippet":"max-snippet:-1","max-image-preview":"max-image-preview:large","max-video-preview":"max-video-preview:-1"},"og_locale":"nb_NO","og_type":"article","og_title":"Alexander Kiellands romaner - Dreyers Forlag","og_description":"I Alexander Kiellands romaner er Erik Bjerck Hagen p\u00e5 jakt etter Kiellands litter\u00e6re kvaliteter i dag. Han finner disse kvalitetene i Kiellands stil s\u00e5 vel som i hans tendens, i humor s\u00e5 vel som i sentimentalitet, i kjente romaner som Garman &amp; Worse og Skipper Worse, s\u00e5 vel som i mer glemte titler som Sne, [&hellip;]","og_url":"https:\/\/staging.forenteforlag.no\/dreyers\/produkt\/alexander-kiellands-romaner\/","og_site_name":"Dreyers Forlag","article_modified_time":"2025-08-29T08:43:47+00:00","og_image":[{"width":1256,"height":1920,"url":"https:\/\/staging.forenteforlag.no\/dreyers\/wp-content\/uploads\/sites\/2\/2025\/08\/jpg-8387-scaled.jpg","type":"image\/jpeg"}],"twitter_card":"summary_large_image","twitter_misc":{"Ansl. lesetid":"1 minutt"},"schema":{"@context":"https:\/\/schema.org","@graph":[{"@type":"WebPage","@id":"https:\/\/staging.forenteforlag.no\/dreyers\/produkt\/alexander-kiellands-romaner\/","url":"https:\/\/staging.forenteforlag.no\/dreyers\/produkt\/alexander-kiellands-romaner\/","name":"Alexander Kiellands romaner - Dreyers Forlag","isPartOf":{"@id":"https:\/\/staging.forenteforlag.no\/dreyers\/#website"},"primaryImageOfPage":{"@id":"https:\/\/staging.forenteforlag.no\/dreyers\/produkt\/alexander-kiellands-romaner\/#primaryimage"},"image":{"@id":"https:\/\/staging.forenteforlag.no\/dreyers\/produkt\/alexander-kiellands-romaner\/#primaryimage"},"thumbnailUrl":"https:\/\/staging.forenteforlag.no\/dreyers\/wp-content\/uploads\/sites\/2\/2025\/08\/jpg-8387-scaled.jpg","datePublished":"2024-08-16T00:00:00+00:00","dateModified":"2025-08-29T08:43:47+00:00","breadcrumb":{"@id":"https:\/\/staging.forenteforlag.no\/dreyers\/produkt\/alexander-kiellands-romaner\/#breadcrumb"},"inLanguage":"nb-NO","potentialAction":[{"@type":"ReadAction","target":["https:\/\/staging.forenteforlag.no\/dreyers\/produkt\/alexander-kiellands-romaner\/"]}]},{"@type":"ImageObject","inLanguage":"nb-NO","@id":"https:\/\/staging.forenteforlag.no\/dreyers\/produkt\/alexander-kiellands-romaner\/#primaryimage","url":"https:\/\/staging.forenteforlag.no\/dreyers\/wp-content\/uploads\/sites\/2\/2025\/08\/jpg-8387-scaled.jpg","contentUrl":"https:\/\/staging.forenteforlag.no\/dreyers\/wp-content\/uploads\/sites\/2\/2025\/08\/jpg-8387-scaled.jpg","width":1256,"height":1920},{"@type":"BreadcrumbList","@id":"https:\/\/staging.forenteforlag.no\/dreyers\/produkt\/alexander-kiellands-romaner\/#breadcrumb","itemListElement":[{"@type":"ListItem","position":1,"name":"Hjem","item":"https:\/\/staging.forenteforlag.no\/dreyers\/"},{"@type":"ListItem","position":2,"name":"Alle b\u00f8ker","item":"https:\/\/staging.forenteforlag.no\/dreyers\/butikk\/"},{"@type":"ListItem","position":3,"name":"Alexander Kiellands romaner"}]},{"@type":"WebSite","@id":"https:\/\/staging.forenteforlag.no\/dreyers\/#website","url":"https:\/\/staging.forenteforlag.no\/dreyers\/","name":"Dreyers Forlag","description":"","potentialAction":[{"@type":"SearchAction","target":{"@type":"EntryPoint","urlTemplate":"https:\/\/staging.forenteforlag.no\/dreyers\/?s={search_term_string}"},"query-input":{"@type":"PropertyValueSpecification","valueRequired":true,"valueName":"search_term_string"}}],"inLanguage":"nb-NO"}]}},"_links":{"self":[{"href":"https:\/\/staging.forenteforlag.no\/dreyers\/wp-json\/wp\/v2\/product\/21150","targetHints":{"allow":["GET"]}}],"collection":[{"href":"https:\/\/staging.forenteforlag.no\/dreyers\/wp-json\/wp\/v2\/product"}],"about":[{"href":"https:\/\/staging.forenteforlag.no\/dreyers\/wp-json\/wp\/v2\/types\/product"}],"wp:featuredmedia":[{"embeddable":true,"href":"https:\/\/staging.forenteforlag.no\/dreyers\/wp-json\/wp\/v2\/media\/24324"}],"wp:attachment":[{"href":"https:\/\/staging.forenteforlag.no\/dreyers\/wp-json\/wp\/v2\/media?parent=21150"}],"wp:term":[{"taxonomy":"product_brand","embeddable":true,"href":"https:\/\/staging.forenteforlag.no\/dreyers\/wp-json\/wp\/v2\/product_brand?post=21150"},{"taxonomy":"product_cat","embeddable":true,"href":"https:\/\/staging.forenteforlag.no\/dreyers\/wp-json\/wp\/v2\/product_cat?post=21150"},{"taxonomy":"product_tag","embeddable":true,"href":"https:\/\/staging.forenteforlag.no\/dreyers\/wp-json\/wp\/v2\/product_tag?post=21150"}],"curies":[{"name":"wp","href":"https:\/\/api.w.org\/{rel}","templated":true}]}}