{"id":21069,"date":"2016-08-09T02:00:00","date_gmt":"2016-08-09T00:00:00","guid":{"rendered":"https:\/\/dreyersforlag.forenteforlag.no\/produkt\/den-innerste-sirkel\/"},"modified":"2025-09-04T13:55:38","modified_gmt":"2025-09-04T11:55:38","slug":"den-innerste-sirkel","status":"publish","type":"product","link":"https:\/\/staging.forenteforlag.no\/dreyers\/produkt\/den-innerste-sirkel\/","title":{"rendered":"Den innerste sirkel"},"content":{"rendered":"<p>Den innerste sirkel er historien om den milit\u00e6re sikkerhetstjenesten fra krigen og frem til 2002. Tjenesten, som f\u00f8r 2003 het Forsvarets overkommando\/ Sikkerhetsstaben (FO\/S), hadde som hovedoppgave \u00e5 vokte over rikets sikkerhet og statlige hemmeligheter. Ulike sikkerhetstiltak skulle hindre andre lands spioner og egne utro tjenere i \u00e5 lykkes. I dag dekkes FO\/S&#8217; oppgaver av Nasjonal sikkerhetsmyndighet og Forsvarets sikkerhetsavdeling.<\/p>\n<p>Boken viser hvordan tjenesten politisk ble styrt og kontrollert. Tidvis br\u00f8t det statlige hemmeligholdet med dets ideelle form\u00e5l &#8211; bevaringen av rikets sikkerhet. Hemmeligholdet var noen ganger politisk motivert, som det lenge skjulte arbeidet med \u00e5 sikkerhetsklarere borgere. Den mest pikante av alle klareringssakene gjaldt Arne Treholt.<\/p>\n<p>Et utbredt hemmelighold m\u00e5tte if\u00f8lge mange til for \u00e5 bevare forsvarsevnen, etterleve allierte forventninger og sikre demokratiet. Andre mente at hemmeligholdet kamuflerte kontroversielle politiske vedtak og alliert samarbeid. Kritikken mot hemmeligholdet tiltok p\u00e5 1970-tallet, og s\u00e6rlig fra venstresiden. Den kom blant annet til uttrykk i straffesaker som Listesaken, Gleditsch \/Wilkes- saken og Ikkevold-saken.<\/p>\n<p>I fellesskap gjorde sikkerhetstjenesten, akademia og industrien Norge til en NATO-stormakt innen kryptologi. Drivkraften var \u00e5 beskytte nasjonale hemmeligheter mot s\u00e5 vel alliert som fiendtlig spionasje.<\/p>\n<p>Den innerste sirkel er basert p\u00e5 hittil hemmeligstemplet kildemateriale og kaster nytt lys p\u00e5 en rekke profilerte saker i norsk etterkrigshistorie.<\/p>\n","protected":false},"excerpt":{"rendered":"<p>Den innerste sirkel er historien om den milit\u00e6re sikkerhetstjenesten fra krigen og frem til 2002. Tjenesten, som f\u00f8r 2003 het Forsvarets overkommando\/ Sikkerhetsstaben (FO\/S), hadde som hovedoppgave \u00e5 vokte over rikets sikkerhet og statlige hemmeligheter. Ulike sikkerhetstiltak skulle hindre andre lands spioner og egne utro tjenere i \u00e5 lykkes. I dag dekkes FO\/S&#8217; oppgaver av [&hellip;]<\/p>\n","protected":false},"featured_media":24457,"template":"","meta":{"_acf_changed":false,"inline_featured_image":false},"product_brand":[],"product_cat":[1785,23],"product_tag":[365,362,573,439,531],"class_list":{"0":"post-21069","1":"product","2":"type-product","3":"status-publish","4":"has-post-thumbnail","6":"product_cat-fripris","7":"product_cat-historie","8":"product_tag-1945-1999","9":"product_tag-faglitteratur","10":"product_tag-militaerforsvar","11":"product_tag-nord-norge","12":"product_tag-sikkerhetspolitikk","13":"pa_format-innbundet","15":"first","16":"instock","17":"shipping-taxable","18":"purchasable","19":"product-type-simple"},"acf":{"anmeldelse":null},"yoast_head":"<!-- This site is optimized with the Yoast SEO plugin v26.6 - https:\/\/yoast.com\/wordpress\/plugins\/seo\/ -->\n<title>Den innerste sirkel - Dreyers Forlag<\/title>\n<meta name=\"robots\" content=\"noindex, follow, max-snippet:-1, max-image-preview:large, max-video-preview:-1\" \/>\n<meta property=\"og:locale\" content=\"nb_NO\" \/>\n<meta property=\"og:type\" content=\"article\" \/>\n<meta property=\"og:title\" content=\"Den innerste sirkel - Dreyers Forlag\" \/>\n<meta property=\"og:description\" content=\"Den innerste sirkel er historien om den milit\u00e6re sikkerhetstjenesten fra krigen og frem til 2002. Tjenesten, som f\u00f8r 2003 het Forsvarets overkommando\/ Sikkerhetsstaben (FO\/S), hadde som hovedoppgave \u00e5 vokte over rikets sikkerhet og statlige hemmeligheter. Ulike sikkerhetstiltak skulle hindre andre lands spioner og egne utro tjenere i \u00e5 lykkes. I dag dekkes FO\/S&#8217; oppgaver av [&hellip;]\" \/>\n<meta property=\"og:url\" content=\"https:\/\/staging.forenteforlag.no\/dreyers\/produkt\/den-innerste-sirkel\/\" \/>\n<meta property=\"og:site_name\" content=\"Dreyers Forlag\" \/>\n<meta property=\"article:modified_time\" content=\"2025-09-04T11:55:38+00:00\" \/>\n<meta property=\"og:image\" content=\"https:\/\/staging.forenteforlag.no\/dreyers\/wp-content\/uploads\/sites\/2\/2025\/08\/jpg-9563-scaled-1-scaled.jpg\" \/>\n\t<meta property=\"og:image:width\" content=\"1357\" \/>\n\t<meta property=\"og:image:height\" content=\"1920\" \/>\n\t<meta property=\"og:image:type\" content=\"image\/jpeg\" \/>\n<meta name=\"twitter:card\" content=\"summary_large_image\" \/>\n<meta name=\"twitter:label1\" content=\"Ansl. lesetid\" \/>\n\t<meta name=\"twitter:data1\" content=\"1 minutt\" \/>\n<script type=\"application\/ld+json\" class=\"yoast-schema-graph\">{\"@context\":\"https:\/\/schema.org\",\"@graph\":[{\"@type\":\"WebPage\",\"@id\":\"https:\/\/staging.forenteforlag.no\/dreyers\/produkt\/den-innerste-sirkel\/\",\"url\":\"https:\/\/staging.forenteforlag.no\/dreyers\/produkt\/den-innerste-sirkel\/\",\"name\":\"Den innerste sirkel - Dreyers Forlag\",\"isPartOf\":{\"@id\":\"https:\/\/staging.forenteforlag.no\/dreyers\/#website\"},\"primaryImageOfPage\":{\"@id\":\"https:\/\/staging.forenteforlag.no\/dreyers\/produkt\/den-innerste-sirkel\/#primaryimage\"},\"image\":{\"@id\":\"https:\/\/staging.forenteforlag.no\/dreyers\/produkt\/den-innerste-sirkel\/#primaryimage\"},\"thumbnailUrl\":\"https:\/\/staging.forenteforlag.no\/dreyers\/wp-content\/uploads\/sites\/2\/2025\/08\/jpg-9563-scaled-1-scaled.jpg\",\"datePublished\":\"2016-08-09T00:00:00+00:00\",\"dateModified\":\"2025-09-04T11:55:38+00:00\",\"breadcrumb\":{\"@id\":\"https:\/\/staging.forenteforlag.no\/dreyers\/produkt\/den-innerste-sirkel\/#breadcrumb\"},\"inLanguage\":\"nb-NO\",\"potentialAction\":[{\"@type\":\"ReadAction\",\"target\":[\"https:\/\/staging.forenteforlag.no\/dreyers\/produkt\/den-innerste-sirkel\/\"]}]},{\"@type\":\"ImageObject\",\"inLanguage\":\"nb-NO\",\"@id\":\"https:\/\/staging.forenteforlag.no\/dreyers\/produkt\/den-innerste-sirkel\/#primaryimage\",\"url\":\"https:\/\/staging.forenteforlag.no\/dreyers\/wp-content\/uploads\/sites\/2\/2025\/08\/jpg-9563-scaled-1-scaled.jpg\",\"contentUrl\":\"https:\/\/staging.forenteforlag.no\/dreyers\/wp-content\/uploads\/sites\/2\/2025\/08\/jpg-9563-scaled-1-scaled.jpg\",\"width\":1357,\"height\":1920},{\"@type\":\"BreadcrumbList\",\"@id\":\"https:\/\/staging.forenteforlag.no\/dreyers\/produkt\/den-innerste-sirkel\/#breadcrumb\",\"itemListElement\":[{\"@type\":\"ListItem\",\"position\":1,\"name\":\"Hjem\",\"item\":\"https:\/\/staging.forenteforlag.no\/dreyers\/\"},{\"@type\":\"ListItem\",\"position\":2,\"name\":\"Alle b\u00f8ker\",\"item\":\"https:\/\/staging.forenteforlag.no\/dreyers\/butikk\/\"},{\"@type\":\"ListItem\",\"position\":3,\"name\":\"Den innerste sirkel\"}]},{\"@type\":\"WebSite\",\"@id\":\"https:\/\/staging.forenteforlag.no\/dreyers\/#website\",\"url\":\"https:\/\/staging.forenteforlag.no\/dreyers\/\",\"name\":\"Dreyers Forlag\",\"description\":\"\",\"potentialAction\":[{\"@type\":\"SearchAction\",\"target\":{\"@type\":\"EntryPoint\",\"urlTemplate\":\"https:\/\/staging.forenteforlag.no\/dreyers\/?s={search_term_string}\"},\"query-input\":{\"@type\":\"PropertyValueSpecification\",\"valueRequired\":true,\"valueName\":\"search_term_string\"}}],\"inLanguage\":\"nb-NO\"}]}<\/script>\n<!-- \/ Yoast SEO plugin. -->","yoast_head_json":{"title":"Den innerste sirkel - Dreyers Forlag","robots":{"index":"noindex","follow":"follow","max-snippet":"max-snippet:-1","max-image-preview":"max-image-preview:large","max-video-preview":"max-video-preview:-1"},"og_locale":"nb_NO","og_type":"article","og_title":"Den innerste sirkel - Dreyers Forlag","og_description":"Den innerste sirkel er historien om den milit\u00e6re sikkerhetstjenesten fra krigen og frem til 2002. Tjenesten, som f\u00f8r 2003 het Forsvarets overkommando\/ Sikkerhetsstaben (FO\/S), hadde som hovedoppgave \u00e5 vokte over rikets sikkerhet og statlige hemmeligheter. Ulike sikkerhetstiltak skulle hindre andre lands spioner og egne utro tjenere i \u00e5 lykkes. I dag dekkes FO\/S&#8217; oppgaver av [&hellip;]","og_url":"https:\/\/staging.forenteforlag.no\/dreyers\/produkt\/den-innerste-sirkel\/","og_site_name":"Dreyers Forlag","article_modified_time":"2025-09-04T11:55:38+00:00","og_image":[{"width":1357,"height":1920,"url":"https:\/\/staging.forenteforlag.no\/dreyers\/wp-content\/uploads\/sites\/2\/2025\/08\/jpg-9563-scaled-1-scaled.jpg","type":"image\/jpeg"}],"twitter_card":"summary_large_image","twitter_misc":{"Ansl. lesetid":"1 minutt"},"schema":{"@context":"https:\/\/schema.org","@graph":[{"@type":"WebPage","@id":"https:\/\/staging.forenteforlag.no\/dreyers\/produkt\/den-innerste-sirkel\/","url":"https:\/\/staging.forenteforlag.no\/dreyers\/produkt\/den-innerste-sirkel\/","name":"Den innerste sirkel - Dreyers Forlag","isPartOf":{"@id":"https:\/\/staging.forenteforlag.no\/dreyers\/#website"},"primaryImageOfPage":{"@id":"https:\/\/staging.forenteforlag.no\/dreyers\/produkt\/den-innerste-sirkel\/#primaryimage"},"image":{"@id":"https:\/\/staging.forenteforlag.no\/dreyers\/produkt\/den-innerste-sirkel\/#primaryimage"},"thumbnailUrl":"https:\/\/staging.forenteforlag.no\/dreyers\/wp-content\/uploads\/sites\/2\/2025\/08\/jpg-9563-scaled-1-scaled.jpg","datePublished":"2016-08-09T00:00:00+00:00","dateModified":"2025-09-04T11:55:38+00:00","breadcrumb":{"@id":"https:\/\/staging.forenteforlag.no\/dreyers\/produkt\/den-innerste-sirkel\/#breadcrumb"},"inLanguage":"nb-NO","potentialAction":[{"@type":"ReadAction","target":["https:\/\/staging.forenteforlag.no\/dreyers\/produkt\/den-innerste-sirkel\/"]}]},{"@type":"ImageObject","inLanguage":"nb-NO","@id":"https:\/\/staging.forenteforlag.no\/dreyers\/produkt\/den-innerste-sirkel\/#primaryimage","url":"https:\/\/staging.forenteforlag.no\/dreyers\/wp-content\/uploads\/sites\/2\/2025\/08\/jpg-9563-scaled-1-scaled.jpg","contentUrl":"https:\/\/staging.forenteforlag.no\/dreyers\/wp-content\/uploads\/sites\/2\/2025\/08\/jpg-9563-scaled-1-scaled.jpg","width":1357,"height":1920},{"@type":"BreadcrumbList","@id":"https:\/\/staging.forenteforlag.no\/dreyers\/produkt\/den-innerste-sirkel\/#breadcrumb","itemListElement":[{"@type":"ListItem","position":1,"name":"Hjem","item":"https:\/\/staging.forenteforlag.no\/dreyers\/"},{"@type":"ListItem","position":2,"name":"Alle b\u00f8ker","item":"https:\/\/staging.forenteforlag.no\/dreyers\/butikk\/"},{"@type":"ListItem","position":3,"name":"Den innerste sirkel"}]},{"@type":"WebSite","@id":"https:\/\/staging.forenteforlag.no\/dreyers\/#website","url":"https:\/\/staging.forenteforlag.no\/dreyers\/","name":"Dreyers Forlag","description":"","potentialAction":[{"@type":"SearchAction","target":{"@type":"EntryPoint","urlTemplate":"https:\/\/staging.forenteforlag.no\/dreyers\/?s={search_term_string}"},"query-input":{"@type":"PropertyValueSpecification","valueRequired":true,"valueName":"search_term_string"}}],"inLanguage":"nb-NO"}]}},"_links":{"self":[{"href":"https:\/\/staging.forenteforlag.no\/dreyers\/wp-json\/wp\/v2\/product\/21069","targetHints":{"allow":["GET"]}}],"collection":[{"href":"https:\/\/staging.forenteforlag.no\/dreyers\/wp-json\/wp\/v2\/product"}],"about":[{"href":"https:\/\/staging.forenteforlag.no\/dreyers\/wp-json\/wp\/v2\/types\/product"}],"wp:featuredmedia":[{"embeddable":true,"href":"https:\/\/staging.forenteforlag.no\/dreyers\/wp-json\/wp\/v2\/media\/24457"}],"wp:attachment":[{"href":"https:\/\/staging.forenteforlag.no\/dreyers\/wp-json\/wp\/v2\/media?parent=21069"}],"wp:term":[{"taxonomy":"product_brand","embeddable":true,"href":"https:\/\/staging.forenteforlag.no\/dreyers\/wp-json\/wp\/v2\/product_brand?post=21069"},{"taxonomy":"product_cat","embeddable":true,"href":"https:\/\/staging.forenteforlag.no\/dreyers\/wp-json\/wp\/v2\/product_cat?post=21069"},{"taxonomy":"product_tag","embeddable":true,"href":"https:\/\/staging.forenteforlag.no\/dreyers\/wp-json\/wp\/v2\/product_tag?post=21069"}],"curies":[{"name":"wp","href":"https:\/\/api.w.org\/{rel}","templated":true}]}}