{"id":21066,"date":"2017-10-16T02:00:00","date_gmt":"2017-10-16T00:00:00","guid":{"rendered":"https:\/\/dreyersforlag.forenteforlag.no\/produkt\/ingen-mennesker-er-fodt-frie\/"},"modified":"2025-08-27T11:55:16","modified_gmt":"2025-08-27T09:55:16","slug":"ingen-mennesker-er-fodt-frie","status":"publish","type":"product","link":"https:\/\/staging.forenteforlag.no\/dreyers\/produkt\/ingen-mennesker-er-fodt-frie\/","title":{"rendered":"Ingen mennesker er f\u00f8dt frie"},"content":{"rendered":"<p>Liberalismen har de siste tre ti\u00e5rene v\u00e6rt den dominerende politiske tankeretningen i v\u00e5r del av verden. \u00d8kt frihet for individet har v\u00e6rt det overordna m\u00e5let for samfunnsutviklingen, n\u00e6r sagt uavhengig av hvem som har sittet ved makten. Liberalismens ideologiske konkurrenter, enten de er religi\u00f8se, konservative eller sosialistiske, har blitt parkert, med det resultat at store deler av det offentlige ordskiftet har blitt f\u00f8rt innenfor rammene av liberalismens hegemoni. Demokratiske fellesskap og kollektive bevegelser er blitt bygget ned eller har g\u00e5tt i oppl\u00f8sning, med det resultat av mange p\u00e5 ny s\u00f8ker trygghet hos sterke ledere og i autorit\u00e6re bevegelser.<br \/>\nDenne antologien er et fors\u00f8k p\u00e5 \u00e5 utfordre liberalismens hegemoni fra venstre, f\u00f8rt i pennen av en ny generasjon samfunnsdebattanter. Den g\u00e5r i rette med det atomistiske menneske.synet som ligger til grunn for liberalisme i alle sine former, enten det er sosial.liberalisme i tradisjonen etter John Rawls eller nyliberalisme i tradisjonen etter Milton Friedman.<\/p>\n","protected":false},"excerpt":{"rendered":"<p>Liberalismen har de siste tre ti\u00e5rene v\u00e6rt den dominerende politiske tankeretningen i v\u00e5r del av verden. \u00d8kt frihet for individet har v\u00e6rt det overordna m\u00e5let for samfunnsutviklingen, n\u00e6r sagt uavhengig av hvem som har sittet ved makten. Liberalismens ideologiske konkurrenter, enten de er religi\u00f8se, konservative eller sosialistiske, har blitt parkert, med det resultat at store [&hellip;]<\/p>\n","protected":false},"featured_media":24370,"template":"","meta":{"_acf_changed":false,"inline_featured_image":false},"product_brand":[],"product_cat":[32],"product_tag":[362,1552],"class_list":{"0":"post-21066","1":"product","2":"type-product","3":"status-publish","4":"has-post-thumbnail","6":"product_cat-samfunn-og-politikk","7":"product_tag-faglitteratur","8":"product_tag-liberalisme","9":"pa_format-innbundet","11":"first","12":"outofstock","13":"shipping-taxable","14":"purchasable","15":"product-type-simple"},"acf":{"anmeldelse":null},"yoast_head":"<!-- This site is optimized with the Yoast SEO plugin v26.6 - https:\/\/yoast.com\/wordpress\/plugins\/seo\/ -->\n<title>Ingen mennesker er f\u00f8dt frie - Dreyers Forlag<\/title>\n<meta name=\"robots\" content=\"noindex, follow, max-snippet:-1, max-image-preview:large, max-video-preview:-1\" \/>\n<meta property=\"og:locale\" content=\"nb_NO\" \/>\n<meta property=\"og:type\" content=\"article\" \/>\n<meta property=\"og:title\" content=\"Ingen mennesker er f\u00f8dt frie - Dreyers Forlag\" \/>\n<meta property=\"og:description\" content=\"Liberalismen har de siste tre ti\u00e5rene v\u00e6rt den dominerende politiske tankeretningen i v\u00e5r del av verden. \u00d8kt frihet for individet har v\u00e6rt det overordna m\u00e5let for samfunnsutviklingen, n\u00e6r sagt uavhengig av hvem som har sittet ved makten. Liberalismens ideologiske konkurrenter, enten de er religi\u00f8se, konservative eller sosialistiske, har blitt parkert, med det resultat at store [&hellip;]\" \/>\n<meta property=\"og:url\" content=\"https:\/\/staging.forenteforlag.no\/dreyers\/produkt\/ingen-mennesker-er-fodt-frie\/\" \/>\n<meta property=\"og:site_name\" content=\"Dreyers Forlag\" \/>\n<meta property=\"article:modified_time\" content=\"2025-08-27T09:55:16+00:00\" \/>\n<meta property=\"og:image\" content=\"https:\/\/staging.forenteforlag.no\/dreyers\/wp-content\/uploads\/sites\/2\/2025\/08\/jpg-8782.jpg\" \/>\n\t<meta property=\"og:image:width\" content=\"378\" \/>\n\t<meta property=\"og:image:height\" content=\"596\" \/>\n\t<meta property=\"og:image:type\" content=\"image\/jpeg\" \/>\n<meta name=\"twitter:card\" content=\"summary_large_image\" \/>\n<meta name=\"twitter:label1\" content=\"Ansl. lesetid\" \/>\n\t<meta name=\"twitter:data1\" content=\"1 minutt\" \/>\n<script type=\"application\/ld+json\" class=\"yoast-schema-graph\">{\"@context\":\"https:\/\/schema.org\",\"@graph\":[{\"@type\":\"WebPage\",\"@id\":\"https:\/\/staging.forenteforlag.no\/dreyers\/produkt\/ingen-mennesker-er-fodt-frie\/\",\"url\":\"https:\/\/staging.forenteforlag.no\/dreyers\/produkt\/ingen-mennesker-er-fodt-frie\/\",\"name\":\"Ingen mennesker er f\u00f8dt frie - Dreyers Forlag\",\"isPartOf\":{\"@id\":\"https:\/\/staging.forenteforlag.no\/dreyers\/#website\"},\"primaryImageOfPage\":{\"@id\":\"https:\/\/staging.forenteforlag.no\/dreyers\/produkt\/ingen-mennesker-er-fodt-frie\/#primaryimage\"},\"image\":{\"@id\":\"https:\/\/staging.forenteforlag.no\/dreyers\/produkt\/ingen-mennesker-er-fodt-frie\/#primaryimage\"},\"thumbnailUrl\":\"https:\/\/staging.forenteforlag.no\/dreyers\/wp-content\/uploads\/sites\/2\/2025\/08\/jpg-8782.jpg\",\"datePublished\":\"2017-10-16T00:00:00+00:00\",\"dateModified\":\"2025-08-27T09:55:16+00:00\",\"breadcrumb\":{\"@id\":\"https:\/\/staging.forenteforlag.no\/dreyers\/produkt\/ingen-mennesker-er-fodt-frie\/#breadcrumb\"},\"inLanguage\":\"nb-NO\",\"potentialAction\":[{\"@type\":\"ReadAction\",\"target\":[\"https:\/\/staging.forenteforlag.no\/dreyers\/produkt\/ingen-mennesker-er-fodt-frie\/\"]}]},{\"@type\":\"ImageObject\",\"inLanguage\":\"nb-NO\",\"@id\":\"https:\/\/staging.forenteforlag.no\/dreyers\/produkt\/ingen-mennesker-er-fodt-frie\/#primaryimage\",\"url\":\"https:\/\/staging.forenteforlag.no\/dreyers\/wp-content\/uploads\/sites\/2\/2025\/08\/jpg-8782.jpg\",\"contentUrl\":\"https:\/\/staging.forenteforlag.no\/dreyers\/wp-content\/uploads\/sites\/2\/2025\/08\/jpg-8782.jpg\",\"width\":378,\"height\":596},{\"@type\":\"BreadcrumbList\",\"@id\":\"https:\/\/staging.forenteforlag.no\/dreyers\/produkt\/ingen-mennesker-er-fodt-frie\/#breadcrumb\",\"itemListElement\":[{\"@type\":\"ListItem\",\"position\":1,\"name\":\"Hjem\",\"item\":\"https:\/\/staging.forenteforlag.no\/dreyers\/\"},{\"@type\":\"ListItem\",\"position\":2,\"name\":\"Alle b\u00f8ker\",\"item\":\"https:\/\/staging.forenteforlag.no\/dreyers\/butikk\/\"},{\"@type\":\"ListItem\",\"position\":3,\"name\":\"Ingen mennesker er f\u00f8dt frie\"}]},{\"@type\":\"WebSite\",\"@id\":\"https:\/\/staging.forenteforlag.no\/dreyers\/#website\",\"url\":\"https:\/\/staging.forenteforlag.no\/dreyers\/\",\"name\":\"Dreyers Forlag\",\"description\":\"\",\"potentialAction\":[{\"@type\":\"SearchAction\",\"target\":{\"@type\":\"EntryPoint\",\"urlTemplate\":\"https:\/\/staging.forenteforlag.no\/dreyers\/?s={search_term_string}\"},\"query-input\":{\"@type\":\"PropertyValueSpecification\",\"valueRequired\":true,\"valueName\":\"search_term_string\"}}],\"inLanguage\":\"nb-NO\"}]}<\/script>\n<!-- \/ Yoast SEO plugin. -->","yoast_head_json":{"title":"Ingen mennesker er f\u00f8dt frie - Dreyers Forlag","robots":{"index":"noindex","follow":"follow","max-snippet":"max-snippet:-1","max-image-preview":"max-image-preview:large","max-video-preview":"max-video-preview:-1"},"og_locale":"nb_NO","og_type":"article","og_title":"Ingen mennesker er f\u00f8dt frie - Dreyers Forlag","og_description":"Liberalismen har de siste tre ti\u00e5rene v\u00e6rt den dominerende politiske tankeretningen i v\u00e5r del av verden. \u00d8kt frihet for individet har v\u00e6rt det overordna m\u00e5let for samfunnsutviklingen, n\u00e6r sagt uavhengig av hvem som har sittet ved makten. Liberalismens ideologiske konkurrenter, enten de er religi\u00f8se, konservative eller sosialistiske, har blitt parkert, med det resultat at store [&hellip;]","og_url":"https:\/\/staging.forenteforlag.no\/dreyers\/produkt\/ingen-mennesker-er-fodt-frie\/","og_site_name":"Dreyers Forlag","article_modified_time":"2025-08-27T09:55:16+00:00","og_image":[{"width":378,"height":596,"url":"https:\/\/staging.forenteforlag.no\/dreyers\/wp-content\/uploads\/sites\/2\/2025\/08\/jpg-8782.jpg","type":"image\/jpeg"}],"twitter_card":"summary_large_image","twitter_misc":{"Ansl. lesetid":"1 minutt"},"schema":{"@context":"https:\/\/schema.org","@graph":[{"@type":"WebPage","@id":"https:\/\/staging.forenteforlag.no\/dreyers\/produkt\/ingen-mennesker-er-fodt-frie\/","url":"https:\/\/staging.forenteforlag.no\/dreyers\/produkt\/ingen-mennesker-er-fodt-frie\/","name":"Ingen mennesker er f\u00f8dt frie - Dreyers Forlag","isPartOf":{"@id":"https:\/\/staging.forenteforlag.no\/dreyers\/#website"},"primaryImageOfPage":{"@id":"https:\/\/staging.forenteforlag.no\/dreyers\/produkt\/ingen-mennesker-er-fodt-frie\/#primaryimage"},"image":{"@id":"https:\/\/staging.forenteforlag.no\/dreyers\/produkt\/ingen-mennesker-er-fodt-frie\/#primaryimage"},"thumbnailUrl":"https:\/\/staging.forenteforlag.no\/dreyers\/wp-content\/uploads\/sites\/2\/2025\/08\/jpg-8782.jpg","datePublished":"2017-10-16T00:00:00+00:00","dateModified":"2025-08-27T09:55:16+00:00","breadcrumb":{"@id":"https:\/\/staging.forenteforlag.no\/dreyers\/produkt\/ingen-mennesker-er-fodt-frie\/#breadcrumb"},"inLanguage":"nb-NO","potentialAction":[{"@type":"ReadAction","target":["https:\/\/staging.forenteforlag.no\/dreyers\/produkt\/ingen-mennesker-er-fodt-frie\/"]}]},{"@type":"ImageObject","inLanguage":"nb-NO","@id":"https:\/\/staging.forenteforlag.no\/dreyers\/produkt\/ingen-mennesker-er-fodt-frie\/#primaryimage","url":"https:\/\/staging.forenteforlag.no\/dreyers\/wp-content\/uploads\/sites\/2\/2025\/08\/jpg-8782.jpg","contentUrl":"https:\/\/staging.forenteforlag.no\/dreyers\/wp-content\/uploads\/sites\/2\/2025\/08\/jpg-8782.jpg","width":378,"height":596},{"@type":"BreadcrumbList","@id":"https:\/\/staging.forenteforlag.no\/dreyers\/produkt\/ingen-mennesker-er-fodt-frie\/#breadcrumb","itemListElement":[{"@type":"ListItem","position":1,"name":"Hjem","item":"https:\/\/staging.forenteforlag.no\/dreyers\/"},{"@type":"ListItem","position":2,"name":"Alle b\u00f8ker","item":"https:\/\/staging.forenteforlag.no\/dreyers\/butikk\/"},{"@type":"ListItem","position":3,"name":"Ingen mennesker er f\u00f8dt frie"}]},{"@type":"WebSite","@id":"https:\/\/staging.forenteforlag.no\/dreyers\/#website","url":"https:\/\/staging.forenteforlag.no\/dreyers\/","name":"Dreyers Forlag","description":"","potentialAction":[{"@type":"SearchAction","target":{"@type":"EntryPoint","urlTemplate":"https:\/\/staging.forenteforlag.no\/dreyers\/?s={search_term_string}"},"query-input":{"@type":"PropertyValueSpecification","valueRequired":true,"valueName":"search_term_string"}}],"inLanguage":"nb-NO"}]}},"_links":{"self":[{"href":"https:\/\/staging.forenteforlag.no\/dreyers\/wp-json\/wp\/v2\/product\/21066","targetHints":{"allow":["GET"]}}],"collection":[{"href":"https:\/\/staging.forenteforlag.no\/dreyers\/wp-json\/wp\/v2\/product"}],"about":[{"href":"https:\/\/staging.forenteforlag.no\/dreyers\/wp-json\/wp\/v2\/types\/product"}],"wp:featuredmedia":[{"embeddable":true,"href":"https:\/\/staging.forenteforlag.no\/dreyers\/wp-json\/wp\/v2\/media\/24370"}],"wp:attachment":[{"href":"https:\/\/staging.forenteforlag.no\/dreyers\/wp-json\/wp\/v2\/media?parent=21066"}],"wp:term":[{"taxonomy":"product_brand","embeddable":true,"href":"https:\/\/staging.forenteforlag.no\/dreyers\/wp-json\/wp\/v2\/product_brand?post=21066"},{"taxonomy":"product_cat","embeddable":true,"href":"https:\/\/staging.forenteforlag.no\/dreyers\/wp-json\/wp\/v2\/product_cat?post=21066"},{"taxonomy":"product_tag","embeddable":true,"href":"https:\/\/staging.forenteforlag.no\/dreyers\/wp-json\/wp\/v2\/product_tag?post=21066"}],"curies":[{"name":"wp","href":"https:\/\/api.w.org\/{rel}","templated":true}]}}

Ingen mennesker er født frie

<p>Liberalismen har de siste tre tiårene vært den dominerende politiske tankeretningen i vår del av verden. Økt frihet for individet har vært det overordna målet for samfunnsutviklingen, nær sagt uavhengig av hvem som har sittet ved makten. Liberalismens ideologiske konkurrenter, enten de er religiøse, konservative eller sosialistiske, har blitt parkert, med det resultat at store deler av det offentlige ordskiftet har blitt ført innenfor rammene av liberalismens hegemoni. Demokratiske fellesskap og kollektive bevegelser er blitt bygget ned eller har gått i oppløsning, med det resultat av mange på ny søker trygghet hos sterke ledere og i autoritære bevegelser.<br />
Denne antologien er et forsøk på å utfordre liberalismens hegemoni fra venstre, ført i pennen av en ny generasjon samfunnsdebattanter. Den går i rette med det atomistiske menneske.synet som ligger til grunn for liberalisme i alle sine former, enten det er sosial.liberalisme i tradisjonen etter John Rawls eller nyliberalisme i tradisjonen etter Milton Friedman.</p>

<p>Liberalismen har de siste tre tiårene vært den dominerende politiske tankeretningen i vår del av verden. Økt frihet for individet har vært det overordna målet for samfunnsutviklingen, nær sagt uavhengig av hvem som har sittet ved makten. Liberalismens ideologiske konkurrenter, enten de er religiøse, konservative eller sosialistiske, har blitt parkert, med det resultat at store [&hellip;]</p>

<!-- This site is optimized with the Yoast SEO plugin v26.6 - https://yoast.com/wordpress/plugins/seo/ -->
<title>Ingen mennesker er født frie - Dreyers Forlag</title>
<meta name="robots" content="noindex, follow, max-snippet:-1, max-image-preview:large, max-video-preview:-1" />
<meta property="og:locale" content="nb_NO" />
<meta property="og:type" content="article" />
<meta property="og:title" content="Ingen mennesker er født frie - Dreyers Forlag" />
<meta property="og:description" content="Liberalismen har de siste tre tiårene vært den dominerende politiske tankeretningen i vår del av verden. Økt frihet for individet har vært det overordna målet for samfunnsutviklingen, nær sagt uavhengig av hvem som har sittet ved makten. Liberalismens ideologiske konkurrenter, enten de er religiøse, konservative eller sosialistiske, har blitt parkert, med det resultat at store [&hellip;]" />
<meta property="og:url" content="https://staging.forenteforlag.no/dreyers/produkt/ingen-mennesker-er-fodt-frie/" />
<meta property="og:site_name" content="Dreyers Forlag" />
<meta property="article:modified_time" content="2025-08-27T09:55:16+00:00" />
<meta property="og:image" content="https://staging.forenteforlag.no/dreyers/wp-content/uploads/sites/2/2025/08/jpg-8782.jpg" />
	<meta property="og:image:width" content="378" />
	<meta property="og:image:height" content="596" />
	<meta property="og:image:type" content="image/jpeg" />
<meta name="twitter:card" content="summary_large_image" />
<meta name="twitter:label1" content="Ansl. lesetid" />
	<meta name="twitter:data1" content="1 minutt" />
<script type="application/ld+json" class="yoast-schema-graph">{"@context":"https://schema.org","@graph":[{"@type":"WebPage","@id":"https://staging.forenteforlag.no/dreyers/produkt/ingen-mennesker-er-fodt-frie/","url":"https://staging.forenteforlag.no/dreyers/produkt/ingen-mennesker-er-fodt-frie/","name":"Ingen mennesker er født frie - Dreyers Forlag","isPartOf":{"@id":"https://staging.forenteforlag.no/dreyers/#website"},"primaryImageOfPage":{"@id":"https://staging.forenteforlag.no/dreyers/produkt/ingen-mennesker-er-fodt-frie/#primaryimage"},"image":{"@id":"https://staging.forenteforlag.no/dreyers/produkt/ingen-mennesker-er-fodt-frie/#primaryimage"},"thumbnailUrl":"https://staging.forenteforlag.no/dreyers/wp-content/uploads/sites/2/2025/08/jpg-8782.jpg","datePublished":"2017-10-16T00:00:00+00:00","dateModified":"2025-08-27T09:55:16+00:00","breadcrumb":{"@id":"https://staging.forenteforlag.no/dreyers/produkt/ingen-mennesker-er-fodt-frie/#breadcrumb"},"inLanguage":"nb-NO","potentialAction":[{"@type":"ReadAction","target":["https://staging.forenteforlag.no/dreyers/produkt/ingen-mennesker-er-fodt-frie/"]}]},{"@type":"ImageObject","inLanguage":"nb-NO","@id":"https://staging.forenteforlag.no/dreyers/produkt/ingen-mennesker-er-fodt-frie/#primaryimage","url":"https://staging.forenteforlag.no/dreyers/wp-content/uploads/sites/2/2025/08/jpg-8782.jpg","contentUrl":"https://staging.forenteforlag.no/dreyers/wp-content/uploads/sites/2/2025/08/jpg-8782.jpg","width":378,"height":596},{"@type":"BreadcrumbList","@id":"https://staging.forenteforlag.no/dreyers/produkt/ingen-mennesker-er-fodt-frie/#breadcrumb","itemListElement":[{"@type":"ListItem","position":1,"name":"Hjem","item":"https://staging.forenteforlag.no/dreyers/"},{"@type":"ListItem","position":2,"name":"Alle bøker","item":"https://staging.forenteforlag.no/dreyers/butikk/"},{"@type":"ListItem","position":3,"name":"Ingen mennesker er født frie"}]},{"@type":"WebSite","@id":"https://staging.forenteforlag.no/dreyers/#website","url":"https://staging.forenteforlag.no/dreyers/","name":"Dreyers Forlag","description":"","potentialAction":[{"@type":"SearchAction","target":{"@type":"EntryPoint","urlTemplate":"https://staging.forenteforlag.no/dreyers/?s={search_term_string}"},"query-input":{"@type":"PropertyValueSpecification","valueRequired":true,"valueName":"search_term_string"}}],"inLanguage":"nb-NO"}]}</script>
<!-- / Yoast SEO plugin. -->

Ingen mennesker er født frie - Dreyers Forlag

Liberalismen har de siste tre tiårene vært den dominerende politiske tankeretningen i vår del av verden. Økt frihet for individet har vært det overordna målet for samfunnsutviklingen, nær sagt uavhengig av hvem som har sittet ved makten. Liberalismens ideologiske konkurrenter, enten de er religiøse, konservative eller sosialistiske, har blitt parkert, med det resultat at store [&hellip;]

Alle bøker
