{"id":21063,"date":"2024-10-24T02:00:00","date_gmt":"2024-10-24T00:00:00","guid":{"rendered":"https:\/\/dreyersforlag.forenteforlag.no\/produkt\/kommandanten-2\/"},"modified":"2026-01-05T05:15:50","modified_gmt":"2026-01-05T04:15:50","slug":"kommandanten-2","status":"publish","type":"product","link":"https:\/\/staging.forenteforlag.no\/dreyers\/produkt\/kommandanten-2\/","title":{"rendered":"Kommandanten"},"content":{"rendered":"<p>Natt til 9. april ga kommandant Birger Eriksen p\u00e5 Oscarsborg festning ordre om \u00e5 skyte med skarpt mot ukjente krigsskip som krenket norsk n\u00f8ytralitet. Granatene traff den tyske krysseren Bl\u00fccher.<\/p>\n<p>Birger Eriksen skrev seg inn i norsk krigshistorie som den enkeltpersonen som utf\u00f8rte den viktigste motstanden mot okkupantene under andre verdenskrig. Senkningen forsinket Hitlers angrep p\u00e5 Norge. Regjeringen og kongefamilien fikk tid til \u00e5 flykte fra Oslo nordover i Norge med tyskerne i h\u00e6lene. De kom seg senere i sikkerhet i England og USA.<\/p>\n<p>Hvem var Birger Eriksen som ga ordre og utf\u00f8rte handlingen i Dr\u00f8baksundet denne skjebnesvangre dagen \u2013 bare et halvt \u00e5r f\u00f8r han skulle pensjonere seg? Ved hjelp av flere nye kilder forteller Svinndal historien om obersten, og hvorfor det har oppst\u00e5tt en rekke myter om ham etter krigen.<\/p>\n<p>Dette er fortellingen om en manns mot til \u00e5 handle selvstendig i en skjebnetime for landet. Og om en handling som endret krigens forl\u00f8p i Norge.<\/p>\n","protected":false},"excerpt":{"rendered":"<p>Natt til 9. april ga kommandant Birger Eriksen p\u00e5 Oscarsborg festning ordre om \u00e5 skyte med skarpt mot ukjente krigsskip som krenket norsk n\u00f8ytralitet. Granatene traff den tyske krysseren Bl\u00fccher. Birger Eriksen skrev seg inn i norsk krigshistorie som den enkeltpersonen som utf\u00f8rte den viktigste motstanden mot okkupantene under andre verdenskrig. Senkningen forsinket Hitlers angrep [&hellip;]<\/p>\n","protected":false},"featured_media":24444,"template":"","meta":{"_acf_changed":false,"inline_featured_image":false},"product_brand":[],"product_cat":[20,1784],"product_tag":[362],"class_list":{"0":"post-21063","1":"product","2":"type-product","3":"status-publish","4":"has-post-thumbnail","6":"product_cat-biografier-og-memoarer","7":"product_cat-fastpris","8":"product_tag-faglitteratur","9":"pa_format-innbundet","11":"first","12":"instock","13":"shipping-taxable","14":"purchasable","15":"product-type-simple"},"acf":{"anmeldelse":[{"tekst_anmeldelser":"\u00abDenne boka fortjener mange lesere, stor oppmerksomhet og en fortsatt debatt. Den er et viktig og etterlengtet bidrag til krigslitteraturen.\u00bb","av_anmeldelser":"Tom Kristiansen","terningkast":false,"kilde":"Norsk Milit\u00e6rt Tidsskrift"},{"tekst_anmeldelser":"\u00abSvinndals beskrivelse av begivenhetene den 9. april 1940 er engasjerende lesning og vitner om detaljkunnskaper mange historikere kunne misunne ham \u2026 Kombinasjonen av et godt materiale og forfatterens fortellerglede gj\u00f8r dette til god lesning. Anbefales.\u00bb","av_anmeldelser":"Sven-Erik Grieg-Smith","terningkast":false,"kilde":"Norges Forsvar"}]},"yoast_head":"<!-- This site is optimized with the Yoast SEO plugin v26.6 - https:\/\/yoast.com\/wordpress\/plugins\/seo\/ -->\n<title>Kommandanten - Dreyers Forlag<\/title>\n<meta name=\"robots\" content=\"noindex, follow, max-snippet:-1, max-image-preview:large, max-video-preview:-1\" \/>\n<meta property=\"og:locale\" content=\"nb_NO\" \/>\n<meta property=\"og:type\" content=\"article\" \/>\n<meta property=\"og:title\" content=\"Kommandanten - Dreyers Forlag\" \/>\n<meta property=\"og:description\" content=\"Natt til 9. april ga kommandant Birger Eriksen p\u00e5 Oscarsborg festning ordre om \u00e5 skyte med skarpt mot ukjente krigsskip som krenket norsk n\u00f8ytralitet. Granatene traff den tyske krysseren Bl\u00fccher. Birger Eriksen skrev seg inn i norsk krigshistorie som den enkeltpersonen som utf\u00f8rte den viktigste motstanden mot okkupantene under andre verdenskrig. Senkningen forsinket Hitlers angrep [&hellip;]\" \/>\n<meta property=\"og:url\" content=\"https:\/\/staging.forenteforlag.no\/dreyers\/produkt\/kommandanten-2\/\" \/>\n<meta property=\"og:site_name\" content=\"Dreyers Forlag\" \/>\n<meta property=\"article:modified_time\" content=\"2026-01-05T04:15:50+00:00\" \/>\n<meta property=\"og:image\" content=\"https:\/\/staging.forenteforlag.no\/dreyers\/wp-content\/uploads\/sites\/2\/2025\/08\/jpg-9451-scaled-1-scaled.jpg\" \/>\n\t<meta property=\"og:image:width\" content=\"1309\" \/>\n\t<meta property=\"og:image:height\" content=\"1920\" \/>\n\t<meta property=\"og:image:type\" content=\"image\/jpeg\" \/>\n<meta name=\"twitter:card\" content=\"summary_large_image\" \/>\n<meta name=\"twitter:label1\" content=\"Ansl. lesetid\" \/>\n\t<meta name=\"twitter:data1\" content=\"1 minutt\" \/>\n<script type=\"application\/ld+json\" class=\"yoast-schema-graph\">{\"@context\":\"https:\/\/schema.org\",\"@graph\":[{\"@type\":\"WebPage\",\"@id\":\"https:\/\/staging.forenteforlag.no\/dreyers\/produkt\/kommandanten-2\/\",\"url\":\"https:\/\/staging.forenteforlag.no\/dreyers\/produkt\/kommandanten-2\/\",\"name\":\"Kommandanten - Dreyers Forlag\",\"isPartOf\":{\"@id\":\"https:\/\/staging.forenteforlag.no\/dreyers\/#website\"},\"primaryImageOfPage\":{\"@id\":\"https:\/\/staging.forenteforlag.no\/dreyers\/produkt\/kommandanten-2\/#primaryimage\"},\"image\":{\"@id\":\"https:\/\/staging.forenteforlag.no\/dreyers\/produkt\/kommandanten-2\/#primaryimage\"},\"thumbnailUrl\":\"https:\/\/staging.forenteforlag.no\/dreyers\/wp-content\/uploads\/sites\/2\/2025\/08\/jpg-9451-scaled-1-scaled.jpg\",\"datePublished\":\"2024-10-24T00:00:00+00:00\",\"dateModified\":\"2026-01-05T04:15:50+00:00\",\"breadcrumb\":{\"@id\":\"https:\/\/staging.forenteforlag.no\/dreyers\/produkt\/kommandanten-2\/#breadcrumb\"},\"inLanguage\":\"nb-NO\",\"potentialAction\":[{\"@type\":\"ReadAction\",\"target\":[\"https:\/\/staging.forenteforlag.no\/dreyers\/produkt\/kommandanten-2\/\"]}]},{\"@type\":\"ImageObject\",\"inLanguage\":\"nb-NO\",\"@id\":\"https:\/\/staging.forenteforlag.no\/dreyers\/produkt\/kommandanten-2\/#primaryimage\",\"url\":\"https:\/\/staging.forenteforlag.no\/dreyers\/wp-content\/uploads\/sites\/2\/2025\/08\/jpg-9451-scaled-1-scaled.jpg\",\"contentUrl\":\"https:\/\/staging.forenteforlag.no\/dreyers\/wp-content\/uploads\/sites\/2\/2025\/08\/jpg-9451-scaled-1-scaled.jpg\",\"width\":1309,\"height\":1920},{\"@type\":\"BreadcrumbList\",\"@id\":\"https:\/\/staging.forenteforlag.no\/dreyers\/produkt\/kommandanten-2\/#breadcrumb\",\"itemListElement\":[{\"@type\":\"ListItem\",\"position\":1,\"name\":\"Hjem\",\"item\":\"https:\/\/staging.forenteforlag.no\/dreyers\/\"},{\"@type\":\"ListItem\",\"position\":2,\"name\":\"Alle b\u00f8ker\",\"item\":\"https:\/\/staging.forenteforlag.no\/dreyers\/butikk\/\"},{\"@type\":\"ListItem\",\"position\":3,\"name\":\"Kommandanten\"}]},{\"@type\":\"WebSite\",\"@id\":\"https:\/\/staging.forenteforlag.no\/dreyers\/#website\",\"url\":\"https:\/\/staging.forenteforlag.no\/dreyers\/\",\"name\":\"Dreyers Forlag\",\"description\":\"\",\"potentialAction\":[{\"@type\":\"SearchAction\",\"target\":{\"@type\":\"EntryPoint\",\"urlTemplate\":\"https:\/\/staging.forenteforlag.no\/dreyers\/?s={search_term_string}\"},\"query-input\":{\"@type\":\"PropertyValueSpecification\",\"valueRequired\":true,\"valueName\":\"search_term_string\"}}],\"inLanguage\":\"nb-NO\"}]}<\/script>\n<!-- \/ Yoast SEO plugin. -->","yoast_head_json":{"title":"Kommandanten - Dreyers Forlag","robots":{"index":"noindex","follow":"follow","max-snippet":"max-snippet:-1","max-image-preview":"max-image-preview:large","max-video-preview":"max-video-preview:-1"},"og_locale":"nb_NO","og_type":"article","og_title":"Kommandanten - Dreyers Forlag","og_description":"Natt til 9. april ga kommandant Birger Eriksen p\u00e5 Oscarsborg festning ordre om \u00e5 skyte med skarpt mot ukjente krigsskip som krenket norsk n\u00f8ytralitet. Granatene traff den tyske krysseren Bl\u00fccher. Birger Eriksen skrev seg inn i norsk krigshistorie som den enkeltpersonen som utf\u00f8rte den viktigste motstanden mot okkupantene under andre verdenskrig. Senkningen forsinket Hitlers angrep [&hellip;]","og_url":"https:\/\/staging.forenteforlag.no\/dreyers\/produkt\/kommandanten-2\/","og_site_name":"Dreyers Forlag","article_modified_time":"2026-01-05T04:15:50+00:00","og_image":[{"width":1309,"height":1920,"url":"https:\/\/staging.forenteforlag.no\/dreyers\/wp-content\/uploads\/sites\/2\/2025\/08\/jpg-9451-scaled-1-scaled.jpg","type":"image\/jpeg"}],"twitter_card":"summary_large_image","twitter_misc":{"Ansl. lesetid":"1 minutt"},"schema":{"@context":"https:\/\/schema.org","@graph":[{"@type":"WebPage","@id":"https:\/\/staging.forenteforlag.no\/dreyers\/produkt\/kommandanten-2\/","url":"https:\/\/staging.forenteforlag.no\/dreyers\/produkt\/kommandanten-2\/","name":"Kommandanten - Dreyers Forlag","isPartOf":{"@id":"https:\/\/staging.forenteforlag.no\/dreyers\/#website"},"primaryImageOfPage":{"@id":"https:\/\/staging.forenteforlag.no\/dreyers\/produkt\/kommandanten-2\/#primaryimage"},"image":{"@id":"https:\/\/staging.forenteforlag.no\/dreyers\/produkt\/kommandanten-2\/#primaryimage"},"thumbnailUrl":"https:\/\/staging.forenteforlag.no\/dreyers\/wp-content\/uploads\/sites\/2\/2025\/08\/jpg-9451-scaled-1-scaled.jpg","datePublished":"2024-10-24T00:00:00+00:00","dateModified":"2026-01-05T04:15:50+00:00","breadcrumb":{"@id":"https:\/\/staging.forenteforlag.no\/dreyers\/produkt\/kommandanten-2\/#breadcrumb"},"inLanguage":"nb-NO","potentialAction":[{"@type":"ReadAction","target":["https:\/\/staging.forenteforlag.no\/dreyers\/produkt\/kommandanten-2\/"]}]},{"@type":"ImageObject","inLanguage":"nb-NO","@id":"https:\/\/staging.forenteforlag.no\/dreyers\/produkt\/kommandanten-2\/#primaryimage","url":"https:\/\/staging.forenteforlag.no\/dreyers\/wp-content\/uploads\/sites\/2\/2025\/08\/jpg-9451-scaled-1-scaled.jpg","contentUrl":"https:\/\/staging.forenteforlag.no\/dreyers\/wp-content\/uploads\/sites\/2\/2025\/08\/jpg-9451-scaled-1-scaled.jpg","width":1309,"height":1920},{"@type":"BreadcrumbList","@id":"https:\/\/staging.forenteforlag.no\/dreyers\/produkt\/kommandanten-2\/#breadcrumb","itemListElement":[{"@type":"ListItem","position":1,"name":"Hjem","item":"https:\/\/staging.forenteforlag.no\/dreyers\/"},{"@type":"ListItem","position":2,"name":"Alle b\u00f8ker","item":"https:\/\/staging.forenteforlag.no\/dreyers\/butikk\/"},{"@type":"ListItem","position":3,"name":"Kommandanten"}]},{"@type":"WebSite","@id":"https:\/\/staging.forenteforlag.no\/dreyers\/#website","url":"https:\/\/staging.forenteforlag.no\/dreyers\/","name":"Dreyers Forlag","description":"","potentialAction":[{"@type":"SearchAction","target":{"@type":"EntryPoint","urlTemplate":"https:\/\/staging.forenteforlag.no\/dreyers\/?s={search_term_string}"},"query-input":{"@type":"PropertyValueSpecification","valueRequired":true,"valueName":"search_term_string"}}],"inLanguage":"nb-NO"}]}},"_links":{"self":[{"href":"https:\/\/staging.forenteforlag.no\/dreyers\/wp-json\/wp\/v2\/product\/21063","targetHints":{"allow":["GET"]}}],"collection":[{"href":"https:\/\/staging.forenteforlag.no\/dreyers\/wp-json\/wp\/v2\/product"}],"about":[{"href":"https:\/\/staging.forenteforlag.no\/dreyers\/wp-json\/wp\/v2\/types\/product"}],"wp:featuredmedia":[{"embeddable":true,"href":"https:\/\/staging.forenteforlag.no\/dreyers\/wp-json\/wp\/v2\/media\/24444"}],"wp:attachment":[{"href":"https:\/\/staging.forenteforlag.no\/dreyers\/wp-json\/wp\/v2\/media?parent=21063"}],"wp:term":[{"taxonomy":"product_brand","embeddable":true,"href":"https:\/\/staging.forenteforlag.no\/dreyers\/wp-json\/wp\/v2\/product_brand?post=21063"},{"taxonomy":"product_cat","embeddable":true,"href":"https:\/\/staging.forenteforlag.no\/dreyers\/wp-json\/wp\/v2\/product_cat?post=21063"},{"taxonomy":"product_tag","embeddable":true,"href":"https:\/\/staging.forenteforlag.no\/dreyers\/wp-json\/wp\/v2\/product_tag?post=21063"}],"curies":[{"name":"wp","href":"https:\/\/api.w.org\/{rel}","templated":true}]}}

<p>Natt til 9. april ga kommandant Birger Eriksen på Oscarsborg festning ordre om å skyte med skarpt mot ukjente krigsskip som krenket norsk nøytralitet. Granatene traff den tyske krysseren Blücher.</p>
<p>Birger Eriksen skrev seg inn i norsk krigshistorie som den enkeltpersonen som utførte den viktigste motstanden mot okkupantene under andre verdenskrig. Senkningen forsinket Hitlers angrep på Norge. Regjeringen og kongefamilien fikk tid til å flykte fra Oslo nordover i Norge med tyskerne i hælene. De kom seg senere i sikkerhet i England og USA.</p>
<p>Hvem var Birger Eriksen som ga ordre og utførte handlingen i Drøbaksundet denne skjebnesvangre dagen – bare et halvt år før han skulle pensjonere seg? Ved hjelp av flere nye kilder forteller Svinndal historien om obersten, og hvorfor det har oppstått en rekke myter om ham etter krigen.</p>
<p>Dette er fortellingen om en manns mot til å handle selvstendig i en skjebnetime for landet. Og om en handling som endret krigens forløp i Norge.</p>

<p>Natt til 9. april ga kommandant Birger Eriksen på Oscarsborg festning ordre om å skyte med skarpt mot ukjente krigsskip som krenket norsk nøytralitet. Granatene traff den tyske krysseren Blücher. Birger Eriksen skrev seg inn i norsk krigshistorie som den enkeltpersonen som utførte den viktigste motstanden mot okkupantene under andre verdenskrig. Senkningen forsinket Hitlers angrep [&hellip;]</p>

Norsk Militært Tidsskrift

«Svinndals beskrivelse av begivenhetene den 9. april 1940 er engasjerende lesning og vitner om detaljkunnskaper mange historikere kunne misunne ham … Kombinasjonen av et godt materiale og forfatterens fortellerglede gjør dette til god lesning. Anbefales.»

<!-- This site is optimized with the Yoast SEO plugin v26.6 - https://yoast.com/wordpress/plugins/seo/ -->
<title>Kommandanten - Dreyers Forlag</title>
<meta name="robots" content="noindex, follow, max-snippet:-1, max-image-preview:large, max-video-preview:-1" />
<meta property="og:locale" content="nb_NO" />
<meta property="og:type" content="article" />
<meta property="og:title" content="Kommandanten - Dreyers Forlag" />
<meta property="og:description" content="Natt til 9. april ga kommandant Birger Eriksen på Oscarsborg festning ordre om å skyte med skarpt mot ukjente krigsskip som krenket norsk nøytralitet. Granatene traff den tyske krysseren Blücher. Birger Eriksen skrev seg inn i norsk krigshistorie som den enkeltpersonen som utførte den viktigste motstanden mot okkupantene under andre verdenskrig. Senkningen forsinket Hitlers angrep [&hellip;]" />
<meta property="og:url" content="https://staging.forenteforlag.no/dreyers/produkt/kommandanten-2/" />
<meta property="og:site_name" content="Dreyers Forlag" />
<meta property="article:modified_time" content="2026-01-05T04:15:50+00:00" />
<meta property="og:image" content="https://staging.forenteforlag.no/dreyers/wp-content/uploads/sites/2/2025/08/jpg-9451-scaled-1-scaled.jpg" />
	<meta property="og:image:width" content="1309" />
	<meta property="og:image:height" content="1920" />
	<meta property="og:image:type" content="image/jpeg" />
<meta name="twitter:card" content="summary_large_image" />
<meta name="twitter:label1" content="Ansl. lesetid" />
	<meta name="twitter:data1" content="1 minutt" />
<script type="application/ld+json" class="yoast-schema-graph">{"@context":"https://schema.org","@graph":[{"@type":"WebPage","@id":"https://staging.forenteforlag.no/dreyers/produkt/kommandanten-2/","url":"https://staging.forenteforlag.no/dreyers/produkt/kommandanten-2/","name":"Kommandanten - Dreyers Forlag","isPartOf":{"@id":"https://staging.forenteforlag.no/dreyers/#website"},"primaryImageOfPage":{"@id":"https://staging.forenteforlag.no/dreyers/produkt/kommandanten-2/#primaryimage"},"image":{"@id":"https://staging.forenteforlag.no/dreyers/produkt/kommandanten-2/#primaryimage"},"thumbnailUrl":"https://staging.forenteforlag.no/dreyers/wp-content/uploads/sites/2/2025/08/jpg-9451-scaled-1-scaled.jpg","datePublished":"2024-10-24T00:00:00+00:00","dateModified":"2026-01-05T04:15:50+00:00","breadcrumb":{"@id":"https://staging.forenteforlag.no/dreyers/produkt/kommandanten-2/#breadcrumb"},"inLanguage":"nb-NO","potentialAction":[{"@type":"ReadAction","target":["https://staging.forenteforlag.no/dreyers/produkt/kommandanten-2/"]}]},{"@type":"ImageObject","inLanguage":"nb-NO","@id":"https://staging.forenteforlag.no/dreyers/produkt/kommandanten-2/#primaryimage","url":"https://staging.forenteforlag.no/dreyers/wp-content/uploads/sites/2/2025/08/jpg-9451-scaled-1-scaled.jpg","contentUrl":"https://staging.forenteforlag.no/dreyers/wp-content/uploads/sites/2/2025/08/jpg-9451-scaled-1-scaled.jpg","width":1309,"height":1920},{"@type":"BreadcrumbList","@id":"https://staging.forenteforlag.no/dreyers/produkt/kommandanten-2/#breadcrumb","itemListElement":[{"@type":"ListItem","position":1,"name":"Hjem","item":"https://staging.forenteforlag.no/dreyers/"},{"@type":"ListItem","position":2,"name":"Alle bøker","item":"https://staging.forenteforlag.no/dreyers/butikk/"},{"@type":"ListItem","position":3,"name":"Kommandanten"}]},{"@type":"WebSite","@id":"https://staging.forenteforlag.no/dreyers/#website","url":"https://staging.forenteforlag.no/dreyers/","name":"Dreyers Forlag","description":"","potentialAction":[{"@type":"SearchAction","target":{"@type":"EntryPoint","urlTemplate":"https://staging.forenteforlag.no/dreyers/?s={search_term_string}"},"query-input":{"@type":"PropertyValueSpecification","valueRequired":true,"valueName":"search_term_string"}}],"inLanguage":"nb-NO"}]}</script>
<!-- / Yoast SEO plugin. -->

Natt til 9. april ga kommandant Birger Eriksen på Oscarsborg festning ordre om å skyte med skarpt mot ukjente krigsskip som krenket norsk nøytralitet. Granatene traff den tyske krysseren Blücher. Birger Eriksen skrev seg inn i norsk krigshistorie som den enkeltpersonen som utførte den viktigste motstanden mot okkupantene under andre verdenskrig. Senkningen forsinket Hitlers angrep [&hellip;]

Alle bøker
