{"id":21056,"date":"2022-05-25T02:00:00","date_gmt":"2022-05-25T00:00:00","guid":{"rendered":"https:\/\/dreyersforlag.forenteforlag.no\/produkt\/ved-avgrunnen-2\/"},"modified":"2026-01-05T05:18:17","modified_gmt":"2026-01-05T04:18:17","slug":"ved-avgrunnen-2","status":"publish","type":"product","link":"https:\/\/staging.forenteforlag.no\/dreyers\/produkt\/ved-avgrunnen-2\/","title":{"rendered":"Ved avgrunnen"},"content":{"rendered":"<p>Utryddelsesleiren Treblinka ble styrt av .re menn. Franz Stangl var en av dem. I 1974 utga den \u00f8sterriksk-ungarske journalisten Gitta Sereny boka Ved avgrunnen. Den var basert p\u00e5 dybdeintervjuer med Franz Stangl, hans kone og flere av de ytterst f\u00e5 fangene som overlevde.<\/p>\n<p>Stangl innledet sin \u00abkarriere\u00bb som politimann i Linz i \u00d8sterrike, var delaktig i nazistenes eutanasiprogram som f\u00f8rte til drap p\u00e5 sinnslidende, f\u00f8r han ble kommandant i to av de mest beryktede konsentrasjonsleirene, Treblinka og Sobibor. Etter krigen r\u00f8mte Stangl ved hjelp av nettverk i den katolske kirken til Brasil. Der bodde han med kone og tre barn &#8211; under fullt navn. Han ble funnet av nazijegeren Simon Wiesenthal og arrestert i 1967. Stangl ble stilt for retten i Vest-Tyskland i 1970 og d\u00f8mt for medvirkning til drap p\u00e5 900 000 mennesker.<\/p>\n<p>Serenys beretning er drevet av en vilje til \u00e5 forst\u00e5. &#8211; Hvordan kan mennesker forvandles til instrumenter for slik grense l\u00f8s ondskap? Og hvordan kunne ofrene \u00abla seg bli\u00bb ofre? Og hvordan kunne resten av verden la det skje uten \u00e5 reagere?<\/p>\n","protected":false},"excerpt":{"rendered":"<p>Utryddelsesleiren Treblinka ble styrt av .re menn. Franz Stangl var en av dem. I 1974 utga den \u00f8sterriksk-ungarske journalisten Gitta Sereny boka Ved avgrunnen. Den var basert p\u00e5 dybdeintervjuer med Franz Stangl, hans kone og flere av de ytterst f\u00e5 fangene som overlevde. Stangl innledet sin \u00abkarriere\u00bb som politimann i Linz i \u00d8sterrike, var delaktig [&hellip;]<\/p>\n","protected":false},"featured_media":24441,"template":"","meta":{"_acf_changed":false,"inline_featured_image":false},"product_brand":[],"product_cat":[20,1785,23],"product_tag":[362],"class_list":{"0":"post-21056","1":"product","2":"type-product","3":"status-publish","4":"has-post-thumbnail","6":"product_cat-biografier-og-memoarer","7":"product_cat-fripris","8":"product_cat-historie","9":"product_tag-faglitteratur","10":"pa_format-innbundet","12":"first","13":"instock","14":"shipping-taxable","15":"purchasable","16":"product-type-simple"},"acf":{"anmeldelse":null},"yoast_head":"<!-- This site is optimized with the Yoast SEO plugin v26.6 - https:\/\/yoast.com\/wordpress\/plugins\/seo\/ -->\n<title>Ved avgrunnen - Dreyers Forlag<\/title>\n<meta name=\"robots\" content=\"noindex, follow, max-snippet:-1, max-image-preview:large, max-video-preview:-1\" \/>\n<meta property=\"og:locale\" content=\"nb_NO\" \/>\n<meta property=\"og:type\" content=\"article\" \/>\n<meta property=\"og:title\" content=\"Ved avgrunnen - Dreyers Forlag\" \/>\n<meta property=\"og:description\" content=\"Utryddelsesleiren Treblinka ble styrt av .re menn. Franz Stangl var en av dem. I 1974 utga den \u00f8sterriksk-ungarske journalisten Gitta Sereny boka Ved avgrunnen. Den var basert p\u00e5 dybdeintervjuer med Franz Stangl, hans kone og flere av de ytterst f\u00e5 fangene som overlevde. Stangl innledet sin \u00abkarriere\u00bb som politimann i Linz i \u00d8sterrike, var delaktig [&hellip;]\" \/>\n<meta property=\"og:url\" content=\"https:\/\/staging.forenteforlag.no\/dreyers\/produkt\/ved-avgrunnen-2\/\" \/>\n<meta property=\"og:site_name\" content=\"Dreyers Forlag\" \/>\n<meta property=\"article:modified_time\" content=\"2026-01-05T04:18:17+00:00\" \/>\n<meta property=\"og:image\" content=\"https:\/\/staging.forenteforlag.no\/dreyers\/wp-content\/uploads\/sites\/2\/2025\/08\/jpg-9427.jpg\" \/>\n\t<meta property=\"og:image:width\" content=\"446\" \/>\n\t<meta property=\"og:image:height\" content=\"638\" \/>\n\t<meta property=\"og:image:type\" content=\"image\/jpeg\" \/>\n<meta name=\"twitter:card\" content=\"summary_large_image\" \/>\n<meta name=\"twitter:label1\" content=\"Ansl. lesetid\" \/>\n\t<meta name=\"twitter:data1\" content=\"1 minutt\" \/>\n<script type=\"application\/ld+json\" class=\"yoast-schema-graph\">{\"@context\":\"https:\/\/schema.org\",\"@graph\":[{\"@type\":\"WebPage\",\"@id\":\"https:\/\/staging.forenteforlag.no\/dreyers\/produkt\/ved-avgrunnen-2\/\",\"url\":\"https:\/\/staging.forenteforlag.no\/dreyers\/produkt\/ved-avgrunnen-2\/\",\"name\":\"Ved avgrunnen - Dreyers Forlag\",\"isPartOf\":{\"@id\":\"https:\/\/staging.forenteforlag.no\/dreyers\/#website\"},\"primaryImageOfPage\":{\"@id\":\"https:\/\/staging.forenteforlag.no\/dreyers\/produkt\/ved-avgrunnen-2\/#primaryimage\"},\"image\":{\"@id\":\"https:\/\/staging.forenteforlag.no\/dreyers\/produkt\/ved-avgrunnen-2\/#primaryimage\"},\"thumbnailUrl\":\"https:\/\/staging.forenteforlag.no\/dreyers\/wp-content\/uploads\/sites\/2\/2025\/08\/jpg-9427.jpg\",\"datePublished\":\"2022-05-25T00:00:00+00:00\",\"dateModified\":\"2026-01-05T04:18:17+00:00\",\"breadcrumb\":{\"@id\":\"https:\/\/staging.forenteforlag.no\/dreyers\/produkt\/ved-avgrunnen-2\/#breadcrumb\"},\"inLanguage\":\"nb-NO\",\"potentialAction\":[{\"@type\":\"ReadAction\",\"target\":[\"https:\/\/staging.forenteforlag.no\/dreyers\/produkt\/ved-avgrunnen-2\/\"]}]},{\"@type\":\"ImageObject\",\"inLanguage\":\"nb-NO\",\"@id\":\"https:\/\/staging.forenteforlag.no\/dreyers\/produkt\/ved-avgrunnen-2\/#primaryimage\",\"url\":\"https:\/\/staging.forenteforlag.no\/dreyers\/wp-content\/uploads\/sites\/2\/2025\/08\/jpg-9427.jpg\",\"contentUrl\":\"https:\/\/staging.forenteforlag.no\/dreyers\/wp-content\/uploads\/sites\/2\/2025\/08\/jpg-9427.jpg\",\"width\":446,\"height\":638},{\"@type\":\"BreadcrumbList\",\"@id\":\"https:\/\/staging.forenteforlag.no\/dreyers\/produkt\/ved-avgrunnen-2\/#breadcrumb\",\"itemListElement\":[{\"@type\":\"ListItem\",\"position\":1,\"name\":\"Hjem\",\"item\":\"https:\/\/staging.forenteforlag.no\/dreyers\/\"},{\"@type\":\"ListItem\",\"position\":2,\"name\":\"Alle b\u00f8ker\",\"item\":\"https:\/\/staging.forenteforlag.no\/dreyers\/butikk\/\"},{\"@type\":\"ListItem\",\"position\":3,\"name\":\"Ved avgrunnen\"}]},{\"@type\":\"WebSite\",\"@id\":\"https:\/\/staging.forenteforlag.no\/dreyers\/#website\",\"url\":\"https:\/\/staging.forenteforlag.no\/dreyers\/\",\"name\":\"Dreyers Forlag\",\"description\":\"\",\"potentialAction\":[{\"@type\":\"SearchAction\",\"target\":{\"@type\":\"EntryPoint\",\"urlTemplate\":\"https:\/\/staging.forenteforlag.no\/dreyers\/?s={search_term_string}\"},\"query-input\":{\"@type\":\"PropertyValueSpecification\",\"valueRequired\":true,\"valueName\":\"search_term_string\"}}],\"inLanguage\":\"nb-NO\"}]}<\/script>\n<!-- \/ Yoast SEO plugin. -->","yoast_head_json":{"title":"Ved avgrunnen - Dreyers Forlag","robots":{"index":"noindex","follow":"follow","max-snippet":"max-snippet:-1","max-image-preview":"max-image-preview:large","max-video-preview":"max-video-preview:-1"},"og_locale":"nb_NO","og_type":"article","og_title":"Ved avgrunnen - Dreyers Forlag","og_description":"Utryddelsesleiren Treblinka ble styrt av .re menn. Franz Stangl var en av dem. I 1974 utga den \u00f8sterriksk-ungarske journalisten Gitta Sereny boka Ved avgrunnen. Den var basert p\u00e5 dybdeintervjuer med Franz Stangl, hans kone og flere av de ytterst f\u00e5 fangene som overlevde. Stangl innledet sin \u00abkarriere\u00bb som politimann i Linz i \u00d8sterrike, var delaktig [&hellip;]","og_url":"https:\/\/staging.forenteforlag.no\/dreyers\/produkt\/ved-avgrunnen-2\/","og_site_name":"Dreyers Forlag","article_modified_time":"2026-01-05T04:18:17+00:00","og_image":[{"width":446,"height":638,"url":"https:\/\/staging.forenteforlag.no\/dreyers\/wp-content\/uploads\/sites\/2\/2025\/08\/jpg-9427.jpg","type":"image\/jpeg"}],"twitter_card":"summary_large_image","twitter_misc":{"Ansl. lesetid":"1 minutt"},"schema":{"@context":"https:\/\/schema.org","@graph":[{"@type":"WebPage","@id":"https:\/\/staging.forenteforlag.no\/dreyers\/produkt\/ved-avgrunnen-2\/","url":"https:\/\/staging.forenteforlag.no\/dreyers\/produkt\/ved-avgrunnen-2\/","name":"Ved avgrunnen - Dreyers Forlag","isPartOf":{"@id":"https:\/\/staging.forenteforlag.no\/dreyers\/#website"},"primaryImageOfPage":{"@id":"https:\/\/staging.forenteforlag.no\/dreyers\/produkt\/ved-avgrunnen-2\/#primaryimage"},"image":{"@id":"https:\/\/staging.forenteforlag.no\/dreyers\/produkt\/ved-avgrunnen-2\/#primaryimage"},"thumbnailUrl":"https:\/\/staging.forenteforlag.no\/dreyers\/wp-content\/uploads\/sites\/2\/2025\/08\/jpg-9427.jpg","datePublished":"2022-05-25T00:00:00+00:00","dateModified":"2026-01-05T04:18:17+00:00","breadcrumb":{"@id":"https:\/\/staging.forenteforlag.no\/dreyers\/produkt\/ved-avgrunnen-2\/#breadcrumb"},"inLanguage":"nb-NO","potentialAction":[{"@type":"ReadAction","target":["https:\/\/staging.forenteforlag.no\/dreyers\/produkt\/ved-avgrunnen-2\/"]}]},{"@type":"ImageObject","inLanguage":"nb-NO","@id":"https:\/\/staging.forenteforlag.no\/dreyers\/produkt\/ved-avgrunnen-2\/#primaryimage","url":"https:\/\/staging.forenteforlag.no\/dreyers\/wp-content\/uploads\/sites\/2\/2025\/08\/jpg-9427.jpg","contentUrl":"https:\/\/staging.forenteforlag.no\/dreyers\/wp-content\/uploads\/sites\/2\/2025\/08\/jpg-9427.jpg","width":446,"height":638},{"@type":"BreadcrumbList","@id":"https:\/\/staging.forenteforlag.no\/dreyers\/produkt\/ved-avgrunnen-2\/#breadcrumb","itemListElement":[{"@type":"ListItem","position":1,"name":"Hjem","item":"https:\/\/staging.forenteforlag.no\/dreyers\/"},{"@type":"ListItem","position":2,"name":"Alle b\u00f8ker","item":"https:\/\/staging.forenteforlag.no\/dreyers\/butikk\/"},{"@type":"ListItem","position":3,"name":"Ved avgrunnen"}]},{"@type":"WebSite","@id":"https:\/\/staging.forenteforlag.no\/dreyers\/#website","url":"https:\/\/staging.forenteforlag.no\/dreyers\/","name":"Dreyers Forlag","description":"","potentialAction":[{"@type":"SearchAction","target":{"@type":"EntryPoint","urlTemplate":"https:\/\/staging.forenteforlag.no\/dreyers\/?s={search_term_string}"},"query-input":{"@type":"PropertyValueSpecification","valueRequired":true,"valueName":"search_term_string"}}],"inLanguage":"nb-NO"}]}},"_links":{"self":[{"href":"https:\/\/staging.forenteforlag.no\/dreyers\/wp-json\/wp\/v2\/product\/21056","targetHints":{"allow":["GET"]}}],"collection":[{"href":"https:\/\/staging.forenteforlag.no\/dreyers\/wp-json\/wp\/v2\/product"}],"about":[{"href":"https:\/\/staging.forenteforlag.no\/dreyers\/wp-json\/wp\/v2\/types\/product"}],"wp:featuredmedia":[{"embeddable":true,"href":"https:\/\/staging.forenteforlag.no\/dreyers\/wp-json\/wp\/v2\/media\/24441"}],"wp:attachment":[{"href":"https:\/\/staging.forenteforlag.no\/dreyers\/wp-json\/wp\/v2\/media?parent=21056"}],"wp:term":[{"taxonomy":"product_brand","embeddable":true,"href":"https:\/\/staging.forenteforlag.no\/dreyers\/wp-json\/wp\/v2\/product_brand?post=21056"},{"taxonomy":"product_cat","embeddable":true,"href":"https:\/\/staging.forenteforlag.no\/dreyers\/wp-json\/wp\/v2\/product_cat?post=21056"},{"taxonomy":"product_tag","embeddable":true,"href":"https:\/\/staging.forenteforlag.no\/dreyers\/wp-json\/wp\/v2\/product_tag?post=21056"}],"curies":[{"name":"wp","href":"https:\/\/api.w.org\/{rel}","templated":true}]}}

<p>Utryddelsesleiren Treblinka ble styrt av .re menn. Franz Stangl var en av dem. I 1974 utga den østerriksk-ungarske journalisten Gitta Sereny boka Ved avgrunnen. Den var basert på dybdeintervjuer med Franz Stangl, hans kone og flere av de ytterst få fangene som overlevde.</p>
<p>Stangl innledet sin «karriere» som politimann i Linz i Østerrike, var delaktig i nazistenes eutanasiprogram som førte til drap på sinnslidende, før han ble kommandant i to av de mest beryktede konsentrasjonsleirene, Treblinka og Sobibor. Etter krigen rømte Stangl ved hjelp av nettverk i den katolske kirken til Brasil. Der bodde han med kone og tre barn &#8211; under fullt navn. Han ble funnet av nazijegeren Simon Wiesenthal og arrestert i 1967. Stangl ble stilt for retten i Vest-Tyskland i 1970 og dømt for medvirkning til drap på 900 000 mennesker.</p>
<p>Serenys beretning er drevet av en vilje til å forstå. &#8211; Hvordan kan mennesker forvandles til instrumenter for slik grense løs ondskap? Og hvordan kunne ofrene «la seg bli» ofre? Og hvordan kunne resten av verden la det skje uten å reagere?</p>

<p>Utryddelsesleiren Treblinka ble styrt av .re menn. Franz Stangl var en av dem. I 1974 utga den østerriksk-ungarske journalisten Gitta Sereny boka Ved avgrunnen. Den var basert på dybdeintervjuer med Franz Stangl, hans kone og flere av de ytterst få fangene som overlevde. Stangl innledet sin «karriere» som politimann i Linz i Østerrike, var delaktig [&hellip;]</p>

<!-- This site is optimized with the Yoast SEO plugin v26.6 - https://yoast.com/wordpress/plugins/seo/ -->
<title>Ved avgrunnen - Dreyers Forlag</title>
<meta name="robots" content="noindex, follow, max-snippet:-1, max-image-preview:large, max-video-preview:-1" />
<meta property="og:locale" content="nb_NO" />
<meta property="og:type" content="article" />
<meta property="og:title" content="Ved avgrunnen - Dreyers Forlag" />
<meta property="og:description" content="Utryddelsesleiren Treblinka ble styrt av .re menn. Franz Stangl var en av dem. I 1974 utga den østerriksk-ungarske journalisten Gitta Sereny boka Ved avgrunnen. Den var basert på dybdeintervjuer med Franz Stangl, hans kone og flere av de ytterst få fangene som overlevde. Stangl innledet sin «karriere» som politimann i Linz i Østerrike, var delaktig [&hellip;]" />
<meta property="og:url" content="https://staging.forenteforlag.no/dreyers/produkt/ved-avgrunnen-2/" />
<meta property="og:site_name" content="Dreyers Forlag" />
<meta property="article:modified_time" content="2026-01-05T04:18:17+00:00" />
<meta property="og:image" content="https://staging.forenteforlag.no/dreyers/wp-content/uploads/sites/2/2025/08/jpg-9427.jpg" />
	<meta property="og:image:width" content="446" />
	<meta property="og:image:height" content="638" />
	<meta property="og:image:type" content="image/jpeg" />
<meta name="twitter:card" content="summary_large_image" />
<meta name="twitter:label1" content="Ansl. lesetid" />
	<meta name="twitter:data1" content="1 minutt" />
<script type="application/ld+json" class="yoast-schema-graph">{"@context":"https://schema.org","@graph":[{"@type":"WebPage","@id":"https://staging.forenteforlag.no/dreyers/produkt/ved-avgrunnen-2/","url":"https://staging.forenteforlag.no/dreyers/produkt/ved-avgrunnen-2/","name":"Ved avgrunnen - Dreyers Forlag","isPartOf":{"@id":"https://staging.forenteforlag.no/dreyers/#website"},"primaryImageOfPage":{"@id":"https://staging.forenteforlag.no/dreyers/produkt/ved-avgrunnen-2/#primaryimage"},"image":{"@id":"https://staging.forenteforlag.no/dreyers/produkt/ved-avgrunnen-2/#primaryimage"},"thumbnailUrl":"https://staging.forenteforlag.no/dreyers/wp-content/uploads/sites/2/2025/08/jpg-9427.jpg","datePublished":"2022-05-25T00:00:00+00:00","dateModified":"2026-01-05T04:18:17+00:00","breadcrumb":{"@id":"https://staging.forenteforlag.no/dreyers/produkt/ved-avgrunnen-2/#breadcrumb"},"inLanguage":"nb-NO","potentialAction":[{"@type":"ReadAction","target":["https://staging.forenteforlag.no/dreyers/produkt/ved-avgrunnen-2/"]}]},{"@type":"ImageObject","inLanguage":"nb-NO","@id":"https://staging.forenteforlag.no/dreyers/produkt/ved-avgrunnen-2/#primaryimage","url":"https://staging.forenteforlag.no/dreyers/wp-content/uploads/sites/2/2025/08/jpg-9427.jpg","contentUrl":"https://staging.forenteforlag.no/dreyers/wp-content/uploads/sites/2/2025/08/jpg-9427.jpg","width":446,"height":638},{"@type":"BreadcrumbList","@id":"https://staging.forenteforlag.no/dreyers/produkt/ved-avgrunnen-2/#breadcrumb","itemListElement":[{"@type":"ListItem","position":1,"name":"Hjem","item":"https://staging.forenteforlag.no/dreyers/"},{"@type":"ListItem","position":2,"name":"Alle bøker","item":"https://staging.forenteforlag.no/dreyers/butikk/"},{"@type":"ListItem","position":3,"name":"Ved avgrunnen"}]},{"@type":"WebSite","@id":"https://staging.forenteforlag.no/dreyers/#website","url":"https://staging.forenteforlag.no/dreyers/","name":"Dreyers Forlag","description":"","potentialAction":[{"@type":"SearchAction","target":{"@type":"EntryPoint","urlTemplate":"https://staging.forenteforlag.no/dreyers/?s={search_term_string}"},"query-input":{"@type":"PropertyValueSpecification","valueRequired":true,"valueName":"search_term_string"}}],"inLanguage":"nb-NO"}]}</script>
<!-- / Yoast SEO plugin. -->

Utryddelsesleiren Treblinka ble styrt av .re menn. Franz Stangl var en av dem. I 1974 utga den østerriksk-ungarske journalisten Gitta Sereny boka Ved avgrunnen. Den var basert på dybdeintervjuer med Franz Stangl, hans kone og flere av de ytterst få fangene som overlevde. Stangl innledet sin «karriere» som politimann i Linz i Østerrike, var delaktig [&hellip;]

Alle bøker
