{"id":20909,"date":"2006-03-12T16:42:56","date_gmt":"2006-03-12T15:42:56","guid":{"rendered":"https:\/\/dreyersforlag.forenteforlag.no\/?post_type=product&#038;p=20909"},"modified":"2025-08-27T08:59:55","modified_gmt":"2025-08-27T06:59:55","slug":"det-kongelige-slott-2","status":"publish","type":"product","link":"https:\/\/staging.forenteforlag.no\/dreyers\/produkt\/det-kongelige-slott-2\/","title":{"rendered":"Det kongelige slott"},"content":{"rendered":"<p>Boken gir en grundig fremstilling av Det Kongelige Slotts historie. Planlegging, bygging og utbedringer sees i en sammenheng som spenner fra tidlige nordiske slottstradisjoner via kongens nedleggelse av grunnsteinen i 1825 og frem til v\u00e5r tid. Det Kongelige Slott ble anlagt av kong Carl Johan og er et av Europas yngste kongelige residensslott. Historien om Slottet er ogs\u00e5 historien om slottsarkitekt Hans Linstows innsats og hans konflikt mellom ambisjon og \u00f8konomi. Selv om Slottet ikke er blant de st\u00f8rste i Europa, kan det p\u00e5 sitt beste fullt ut m\u00e5le seg med det fineste i europeisk slottstradisjon. Historien om Slottet stopper ikke med Linstow. Den f\u00f8lger rekken av konger som har regjert fra toppen av Slottsbakken. Historien omfatter alle oppussinger og ombygginger, arkitekter og regenter som har p\u00e5virket Slottets utforming. Mer enn 400 illustrasjoner. Geir Thomas Ris\u00e5sen er kunsthistoriker og var gjennom Riksantikvaren delaktig i den omfattende restaureringen av Det Kongelige Slott. Han har ogs\u00e5 v\u00e6rt konservator for Eidsvollsbygningen. Gjennom sitt arbeid har Ris\u00e5sen bidratt med vesentlig ny kunnskap om disse sentrale anleggene i norsk historie. Kjetil Rolseth er utdannet designer. Rolseth var offisiell fotograf for De Olympiske leker p\u00e5 Lillehammer i 1994 og har hatt store utsmykningsprosjekter i inn- og utland.<\/p>\n","protected":false},"excerpt":{"rendered":"<p>Boken gir en grundig fremstilling av Det Kongelige Slotts historie. Planlegging, bygging og utbedringer sees i en sammenheng som spenner fra tidlige nordiske slottstradisjoner via kongens nedleggelse av grunnsteinen i 1825 og frem til v\u00e5r tid. Det Kongelige Slott ble anlagt av kong Carl Johan og er et av Europas yngste kongelige residensslott. Historien om [&hellip;]<\/p>\n","protected":false},"featured_media":24146,"template":"","meta":{"_acf_changed":false,"inline_featured_image":false},"product_brand":[],"product_cat":[1785,37],"product_tag":[362,704,361,377,632],"class_list":{"0":"post-20909","1":"product","2":"type-product","3":"status-publish","4":"has-post-thumbnail","6":"product_cat-fripris","7":"product_cat-oslo","8":"product_tag-faglitteratur","9":"product_tag-interior","10":"product_tag-kulturhistorie","11":"product_tag-oslo","12":"product_tag-slott-og-herregarder","13":"pa_format-innbundet","15":"first","16":"instock","17":"shipping-taxable","18":"purchasable","19":"product-type-simple"},"acf":{"anmeldelse":null},"yoast_head":"<!-- This site is optimized with the Yoast SEO plugin v26.6 - https:\/\/yoast.com\/wordpress\/plugins\/seo\/ -->\n<title>Det kongelige slott - Dreyers Forlag<\/title>\n<meta name=\"robots\" content=\"noindex, follow, max-snippet:-1, max-image-preview:large, max-video-preview:-1\" \/>\n<meta property=\"og:locale\" content=\"nb_NO\" \/>\n<meta property=\"og:type\" content=\"article\" \/>\n<meta property=\"og:title\" content=\"Det kongelige slott - Dreyers Forlag\" \/>\n<meta property=\"og:description\" content=\"Boken gir en grundig fremstilling av Det Kongelige Slotts historie. Planlegging, bygging og utbedringer sees i en sammenheng som spenner fra tidlige nordiske slottstradisjoner via kongens nedleggelse av grunnsteinen i 1825 og frem til v\u00e5r tid. Det Kongelige Slott ble anlagt av kong Carl Johan og er et av Europas yngste kongelige residensslott. Historien om [&hellip;]\" \/>\n<meta property=\"og:url\" content=\"https:\/\/staging.forenteforlag.no\/dreyers\/produkt\/det-kongelige-slott-2\/\" \/>\n<meta property=\"og:site_name\" content=\"Dreyers Forlag\" \/>\n<meta property=\"article:modified_time\" content=\"2025-08-27T06:59:55+00:00\" \/>\n<meta property=\"og:image\" content=\"https:\/\/staging.forenteforlag.no\/dreyers\/wp-content\/uploads\/sites\/2\/2025\/08\/jpg-6661.jpg\" \/>\n\t<meta property=\"og:image:width\" content=\"372\" \/>\n\t<meta property=\"og:image:height\" content=\"450\" \/>\n\t<meta property=\"og:image:type\" content=\"image\/jpeg\" \/>\n<meta name=\"twitter:card\" content=\"summary_large_image\" \/>\n<meta name=\"twitter:label1\" content=\"Ansl. lesetid\" \/>\n\t<meta name=\"twitter:data1\" content=\"1 minutt\" \/>\n<script type=\"application\/ld+json\" class=\"yoast-schema-graph\">{\"@context\":\"https:\/\/schema.org\",\"@graph\":[{\"@type\":\"WebPage\",\"@id\":\"https:\/\/staging.forenteforlag.no\/dreyers\/produkt\/det-kongelige-slott-2\/\",\"url\":\"https:\/\/staging.forenteforlag.no\/dreyers\/produkt\/det-kongelige-slott-2\/\",\"name\":\"Det kongelige slott - Dreyers Forlag\",\"isPartOf\":{\"@id\":\"https:\/\/staging.forenteforlag.no\/dreyers\/#website\"},\"primaryImageOfPage\":{\"@id\":\"https:\/\/staging.forenteforlag.no\/dreyers\/produkt\/det-kongelige-slott-2\/#primaryimage\"},\"image\":{\"@id\":\"https:\/\/staging.forenteforlag.no\/dreyers\/produkt\/det-kongelige-slott-2\/#primaryimage\"},\"thumbnailUrl\":\"https:\/\/staging.forenteforlag.no\/dreyers\/wp-content\/uploads\/sites\/2\/2025\/08\/jpg-6661.jpg\",\"datePublished\":\"2006-03-12T15:42:56+00:00\",\"dateModified\":\"2025-08-27T06:59:55+00:00\",\"breadcrumb\":{\"@id\":\"https:\/\/staging.forenteforlag.no\/dreyers\/produkt\/det-kongelige-slott-2\/#breadcrumb\"},\"inLanguage\":\"nb-NO\",\"potentialAction\":[{\"@type\":\"ReadAction\",\"target\":[\"https:\/\/staging.forenteforlag.no\/dreyers\/produkt\/det-kongelige-slott-2\/\"]}]},{\"@type\":\"ImageObject\",\"inLanguage\":\"nb-NO\",\"@id\":\"https:\/\/staging.forenteforlag.no\/dreyers\/produkt\/det-kongelige-slott-2\/#primaryimage\",\"url\":\"https:\/\/staging.forenteforlag.no\/dreyers\/wp-content\/uploads\/sites\/2\/2025\/08\/jpg-6661.jpg\",\"contentUrl\":\"https:\/\/staging.forenteforlag.no\/dreyers\/wp-content\/uploads\/sites\/2\/2025\/08\/jpg-6661.jpg\",\"width\":372,\"height\":450},{\"@type\":\"BreadcrumbList\",\"@id\":\"https:\/\/staging.forenteforlag.no\/dreyers\/produkt\/det-kongelige-slott-2\/#breadcrumb\",\"itemListElement\":[{\"@type\":\"ListItem\",\"position\":1,\"name\":\"Hjem\",\"item\":\"https:\/\/staging.forenteforlag.no\/dreyers\/\"},{\"@type\":\"ListItem\",\"position\":2,\"name\":\"Alle b\u00f8ker\",\"item\":\"https:\/\/staging.forenteforlag.no\/dreyers\/butikk\/\"},{\"@type\":\"ListItem\",\"position\":3,\"name\":\"Det kongelige slott\"}]},{\"@type\":\"WebSite\",\"@id\":\"https:\/\/staging.forenteforlag.no\/dreyers\/#website\",\"url\":\"https:\/\/staging.forenteforlag.no\/dreyers\/\",\"name\":\"Dreyers Forlag\",\"description\":\"\",\"potentialAction\":[{\"@type\":\"SearchAction\",\"target\":{\"@type\":\"EntryPoint\",\"urlTemplate\":\"https:\/\/staging.forenteforlag.no\/dreyers\/?s={search_term_string}\"},\"query-input\":{\"@type\":\"PropertyValueSpecification\",\"valueRequired\":true,\"valueName\":\"search_term_string\"}}],\"inLanguage\":\"nb-NO\"}]}<\/script>\n<!-- \/ Yoast SEO plugin. -->","yoast_head_json":{"title":"Det kongelige slott - Dreyers Forlag","robots":{"index":"noindex","follow":"follow","max-snippet":"max-snippet:-1","max-image-preview":"max-image-preview:large","max-video-preview":"max-video-preview:-1"},"og_locale":"nb_NO","og_type":"article","og_title":"Det kongelige slott - Dreyers Forlag","og_description":"Boken gir en grundig fremstilling av Det Kongelige Slotts historie. Planlegging, bygging og utbedringer sees i en sammenheng som spenner fra tidlige nordiske slottstradisjoner via kongens nedleggelse av grunnsteinen i 1825 og frem til v\u00e5r tid. Det Kongelige Slott ble anlagt av kong Carl Johan og er et av Europas yngste kongelige residensslott. Historien om [&hellip;]","og_url":"https:\/\/staging.forenteforlag.no\/dreyers\/produkt\/det-kongelige-slott-2\/","og_site_name":"Dreyers Forlag","article_modified_time":"2025-08-27T06:59:55+00:00","og_image":[{"width":372,"height":450,"url":"https:\/\/staging.forenteforlag.no\/dreyers\/wp-content\/uploads\/sites\/2\/2025\/08\/jpg-6661.jpg","type":"image\/jpeg"}],"twitter_card":"summary_large_image","twitter_misc":{"Ansl. lesetid":"1 minutt"},"schema":{"@context":"https:\/\/schema.org","@graph":[{"@type":"WebPage","@id":"https:\/\/staging.forenteforlag.no\/dreyers\/produkt\/det-kongelige-slott-2\/","url":"https:\/\/staging.forenteforlag.no\/dreyers\/produkt\/det-kongelige-slott-2\/","name":"Det kongelige slott - Dreyers Forlag","isPartOf":{"@id":"https:\/\/staging.forenteforlag.no\/dreyers\/#website"},"primaryImageOfPage":{"@id":"https:\/\/staging.forenteforlag.no\/dreyers\/produkt\/det-kongelige-slott-2\/#primaryimage"},"image":{"@id":"https:\/\/staging.forenteforlag.no\/dreyers\/produkt\/det-kongelige-slott-2\/#primaryimage"},"thumbnailUrl":"https:\/\/staging.forenteforlag.no\/dreyers\/wp-content\/uploads\/sites\/2\/2025\/08\/jpg-6661.jpg","datePublished":"2006-03-12T15:42:56+00:00","dateModified":"2025-08-27T06:59:55+00:00","breadcrumb":{"@id":"https:\/\/staging.forenteforlag.no\/dreyers\/produkt\/det-kongelige-slott-2\/#breadcrumb"},"inLanguage":"nb-NO","potentialAction":[{"@type":"ReadAction","target":["https:\/\/staging.forenteforlag.no\/dreyers\/produkt\/det-kongelige-slott-2\/"]}]},{"@type":"ImageObject","inLanguage":"nb-NO","@id":"https:\/\/staging.forenteforlag.no\/dreyers\/produkt\/det-kongelige-slott-2\/#primaryimage","url":"https:\/\/staging.forenteforlag.no\/dreyers\/wp-content\/uploads\/sites\/2\/2025\/08\/jpg-6661.jpg","contentUrl":"https:\/\/staging.forenteforlag.no\/dreyers\/wp-content\/uploads\/sites\/2\/2025\/08\/jpg-6661.jpg","width":372,"height":450},{"@type":"BreadcrumbList","@id":"https:\/\/staging.forenteforlag.no\/dreyers\/produkt\/det-kongelige-slott-2\/#breadcrumb","itemListElement":[{"@type":"ListItem","position":1,"name":"Hjem","item":"https:\/\/staging.forenteforlag.no\/dreyers\/"},{"@type":"ListItem","position":2,"name":"Alle b\u00f8ker","item":"https:\/\/staging.forenteforlag.no\/dreyers\/butikk\/"},{"@type":"ListItem","position":3,"name":"Det kongelige slott"}]},{"@type":"WebSite","@id":"https:\/\/staging.forenteforlag.no\/dreyers\/#website","url":"https:\/\/staging.forenteforlag.no\/dreyers\/","name":"Dreyers Forlag","description":"","potentialAction":[{"@type":"SearchAction","target":{"@type":"EntryPoint","urlTemplate":"https:\/\/staging.forenteforlag.no\/dreyers\/?s={search_term_string}"},"query-input":{"@type":"PropertyValueSpecification","valueRequired":true,"valueName":"search_term_string"}}],"inLanguage":"nb-NO"}]}},"_links":{"self":[{"href":"https:\/\/staging.forenteforlag.no\/dreyers\/wp-json\/wp\/v2\/product\/20909","targetHints":{"allow":["GET"]}}],"collection":[{"href":"https:\/\/staging.forenteforlag.no\/dreyers\/wp-json\/wp\/v2\/product"}],"about":[{"href":"https:\/\/staging.forenteforlag.no\/dreyers\/wp-json\/wp\/v2\/types\/product"}],"wp:featuredmedia":[{"embeddable":true,"href":"https:\/\/staging.forenteforlag.no\/dreyers\/wp-json\/wp\/v2\/media\/24146"}],"wp:attachment":[{"href":"https:\/\/staging.forenteforlag.no\/dreyers\/wp-json\/wp\/v2\/media?parent=20909"}],"wp:term":[{"taxonomy":"product_brand","embeddable":true,"href":"https:\/\/staging.forenteforlag.no\/dreyers\/wp-json\/wp\/v2\/product_brand?post=20909"},{"taxonomy":"product_cat","embeddable":true,"href":"https:\/\/staging.forenteforlag.no\/dreyers\/wp-json\/wp\/v2\/product_cat?post=20909"},{"taxonomy":"product_tag","embeddable":true,"href":"https:\/\/staging.forenteforlag.no\/dreyers\/wp-json\/wp\/v2\/product_tag?post=20909"}],"curies":[{"name":"wp","href":"https:\/\/api.w.org\/{rel}","templated":true}]}}