{"id":20887,"date":"2025-03-13T00:12:32","date_gmt":"2025-03-12T23:12:32","guid":{"rendered":"https:\/\/dreyersforlag.forenteforlag.no\/?post_type=product&#038;p=20887"},"modified":"2025-03-13T11:20:51","modified_gmt":"2025-03-13T10:20:51","slug":"wokeisme","status":"publish","type":"product","link":"https:\/\/staging.forenteforlag.no\/dreyers\/produkt\/wokeisme\/","title":{"rendered":"Wokeisme"},"content":{"rendered":"<p>Woke har blitt et av v\u00e5r tids mest omdiskuterte fenomener. Det snakkes om i mediene, i kommentarfeltene, i klasserommene og rundt middagsbordet. Men hva er egentlig woke?<\/p>\n<p>I denne tankevekkende boken tar sosiolog Lars Erik L. Gjerde oss med p\u00e5 en grundig unders\u00f8kelse av wokeismen som politisk ideologi. Gjennom en balansert dialog med b\u00e5de kritikere og tilhengere, analyserer han teoriene som ligger til grunn for bevegelsen \u2013 som kritisk raseteori og skeiv teori. Han forklarer sentrale begreper som identitetspolitikk, strukturell rasisme og kanselleringskultur, og belyser hvordan disse ideene har vokst frem og p\u00e5virker dagens samfunn, og deres rolle i den p\u00e5g\u00e5ende kulturkrigen.<\/p>\n<p>Gjerde stiller ogs\u00e5 de vanskelige sp\u00f8rsm\u00e5lene: Hva skjer n\u00e5r wokeismen utfordrer det liberale demokratiet \u2013 en styringsform som mange av oss ser p\u00e5 som grunnleggende for v\u00e5r frihet og sameksistens?<\/p>\n<p>Denne boken er et uunnv\u00e6rlig verkt\u00f8y for alle som \u00f8nsker \u00e5 forst\u00e5 v\u00e5r tids mest polariserende fenomen.<\/p>\n","protected":false},"excerpt":{"rendered":"<p>Woke har blitt et av v\u00e5r tids mest omdiskuterte fenomener. Det snakkes om i mediene, i kommentarfeltene, i klasserommene og rundt middagsbordet. Men hva er egentlig woke? I denne tankevekkende boken tar sosiolog Lars Erik L. Gjerde oss med p\u00e5 en grundig unders\u00f8kelse av wokeismen som politisk ideologi. Gjennom en balansert dialog med b\u00e5de kritikere [&hellip;]<\/p>\n","protected":false},"featured_media":22205,"template":"","meta":{"_acf_changed":false,"inline_featured_image":false},"product_brand":[],"product_cat":[352,32],"product_tag":[362,962],"class_list":{"0":"post-20887","1":"product","2":"type-product","3":"status-publish","4":"has-post-thumbnail","6":"product_cat-arets-boker","7":"product_cat-samfunn-og-politikk","8":"product_tag-faglitteratur","9":"product_tag-politisk-teori","10":"pa_format-innbundet","12":"first","13":"instock","14":"shipping-taxable","15":"purchasable","16":"product-type-simple"},"acf":{"anmeldelse":[{"tekst_anmeldelser":"\u00abDet er blitt sagt og skrevet mye om woke de siste \u00e5rene. Imidlertid er det f\u00f8rst n\u00e5 norske lesere f\u00e5r en bok som p\u00e5 effektivt og detaljert vis analyserer fenomenet. [\u2026] Boken er unik i norsk sammenheng, siden den tar for seg woke-kulturen p\u00e5 en akademisk og upolemisk m\u00e5te.\u00bb","av_anmeldelser":"Usman Rana","terningkast":false,"kilde":"Morgenbladet"}]},"yoast_head":"<!-- This site is optimized with the Yoast SEO plugin v26.6 - https:\/\/yoast.com\/wordpress\/plugins\/seo\/ -->\n<title>Wokeisme - Dreyers Forlag<\/title>\n<meta name=\"robots\" content=\"noindex, follow, max-snippet:-1, max-image-preview:large, max-video-preview:-1\" \/>\n<meta property=\"og:locale\" content=\"nb_NO\" \/>\n<meta property=\"og:type\" content=\"article\" \/>\n<meta property=\"og:title\" content=\"Wokeisme - Dreyers Forlag\" \/>\n<meta property=\"og:description\" content=\"Woke har blitt et av v\u00e5r tids mest omdiskuterte fenomener. Det snakkes om i mediene, i kommentarfeltene, i klasserommene og rundt middagsbordet. Men hva er egentlig woke? I denne tankevekkende boken tar sosiolog Lars Erik L. Gjerde oss med p\u00e5 en grundig unders\u00f8kelse av wokeismen som politisk ideologi. Gjennom en balansert dialog med b\u00e5de kritikere [&hellip;]\" \/>\n<meta property=\"og:url\" content=\"https:\/\/staging.forenteforlag.no\/dreyers\/produkt\/wokeisme\/\" \/>\n<meta property=\"og:site_name\" content=\"Dreyers Forlag\" \/>\n<meta property=\"article:modified_time\" content=\"2025-03-13T10:20:51+00:00\" \/>\n<meta property=\"og:image\" content=\"https:\/\/staging.forenteforlag.no\/dreyers\/wp-content\/uploads\/sites\/2\/2025\/02\/Wokeisme_forside-scaled-1.jpg\" \/>\n\t<meta property=\"og:image:width\" content=\"1276\" \/>\n\t<meta property=\"og:image:height\" content=\"1920\" \/>\n\t<meta property=\"og:image:type\" content=\"image\/jpeg\" \/>\n<meta name=\"twitter:card\" content=\"summary_large_image\" \/>\n<meta name=\"twitter:label1\" content=\"Ansl. lesetid\" \/>\n\t<meta name=\"twitter:data1\" content=\"2 minutter\" \/>\n<script type=\"application\/ld+json\" class=\"yoast-schema-graph\">{\"@context\":\"https:\/\/schema.org\",\"@graph\":[{\"@type\":\"WebPage\",\"@id\":\"https:\/\/staging.forenteforlag.no\/dreyers\/produkt\/wokeisme\/\",\"url\":\"https:\/\/staging.forenteforlag.no\/dreyers\/produkt\/wokeisme\/\",\"name\":\"Wokeisme - Dreyers Forlag\",\"isPartOf\":{\"@id\":\"https:\/\/staging.forenteforlag.no\/dreyers\/#website\"},\"primaryImageOfPage\":{\"@id\":\"https:\/\/staging.forenteforlag.no\/dreyers\/produkt\/wokeisme\/#primaryimage\"},\"image\":{\"@id\":\"https:\/\/staging.forenteforlag.no\/dreyers\/produkt\/wokeisme\/#primaryimage\"},\"thumbnailUrl\":\"https:\/\/staging.forenteforlag.no\/dreyers\/wp-content\/uploads\/sites\/2\/2025\/02\/Wokeisme_forside-scaled-1.jpg\",\"datePublished\":\"2025-03-12T23:12:32+00:00\",\"dateModified\":\"2025-03-13T10:20:51+00:00\",\"breadcrumb\":{\"@id\":\"https:\/\/staging.forenteforlag.no\/dreyers\/produkt\/wokeisme\/#breadcrumb\"},\"inLanguage\":\"nb-NO\",\"potentialAction\":[{\"@type\":\"ReadAction\",\"target\":[\"https:\/\/staging.forenteforlag.no\/dreyers\/produkt\/wokeisme\/\"]}]},{\"@type\":\"ImageObject\",\"inLanguage\":\"nb-NO\",\"@id\":\"https:\/\/staging.forenteforlag.no\/dreyers\/produkt\/wokeisme\/#primaryimage\",\"url\":\"https:\/\/staging.forenteforlag.no\/dreyers\/wp-content\/uploads\/sites\/2\/2025\/02\/Wokeisme_forside-scaled-1.jpg\",\"contentUrl\":\"https:\/\/staging.forenteforlag.no\/dreyers\/wp-content\/uploads\/sites\/2\/2025\/02\/Wokeisme_forside-scaled-1.jpg\",\"width\":1276,\"height\":1920},{\"@type\":\"BreadcrumbList\",\"@id\":\"https:\/\/staging.forenteforlag.no\/dreyers\/produkt\/wokeisme\/#breadcrumb\",\"itemListElement\":[{\"@type\":\"ListItem\",\"position\":1,\"name\":\"Hjem\",\"item\":\"https:\/\/staging.forenteforlag.no\/dreyers\/\"},{\"@type\":\"ListItem\",\"position\":2,\"name\":\"Alle b\u00f8ker\",\"item\":\"https:\/\/staging.forenteforlag.no\/dreyers\/butikk\/\"},{\"@type\":\"ListItem\",\"position\":3,\"name\":\"Wokeisme\"}]},{\"@type\":\"WebSite\",\"@id\":\"https:\/\/staging.forenteforlag.no\/dreyers\/#website\",\"url\":\"https:\/\/staging.forenteforlag.no\/dreyers\/\",\"name\":\"Dreyers Forlag\",\"description\":\"\",\"potentialAction\":[{\"@type\":\"SearchAction\",\"target\":{\"@type\":\"EntryPoint\",\"urlTemplate\":\"https:\/\/staging.forenteforlag.no\/dreyers\/?s={search_term_string}\"},\"query-input\":{\"@type\":\"PropertyValueSpecification\",\"valueRequired\":true,\"valueName\":\"search_term_string\"}}],\"inLanguage\":\"nb-NO\"}]}<\/script>\n<!-- \/ Yoast SEO plugin. -->","yoast_head_json":{"title":"Wokeisme - Dreyers Forlag","robots":{"index":"noindex","follow":"follow","max-snippet":"max-snippet:-1","max-image-preview":"max-image-preview:large","max-video-preview":"max-video-preview:-1"},"og_locale":"nb_NO","og_type":"article","og_title":"Wokeisme - Dreyers Forlag","og_description":"Woke har blitt et av v\u00e5r tids mest omdiskuterte fenomener. Det snakkes om i mediene, i kommentarfeltene, i klasserommene og rundt middagsbordet. Men hva er egentlig woke? I denne tankevekkende boken tar sosiolog Lars Erik L. Gjerde oss med p\u00e5 en grundig unders\u00f8kelse av wokeismen som politisk ideologi. Gjennom en balansert dialog med b\u00e5de kritikere [&hellip;]","og_url":"https:\/\/staging.forenteforlag.no\/dreyers\/produkt\/wokeisme\/","og_site_name":"Dreyers Forlag","article_modified_time":"2025-03-13T10:20:51+00:00","og_image":[{"width":1276,"height":1920,"url":"https:\/\/staging.forenteforlag.no\/dreyers\/wp-content\/uploads\/sites\/2\/2025\/02\/Wokeisme_forside-scaled-1.jpg","type":"image\/jpeg"}],"twitter_card":"summary_large_image","twitter_misc":{"Ansl. lesetid":"2 minutter"},"schema":{"@context":"https:\/\/schema.org","@graph":[{"@type":"WebPage","@id":"https:\/\/staging.forenteforlag.no\/dreyers\/produkt\/wokeisme\/","url":"https:\/\/staging.forenteforlag.no\/dreyers\/produkt\/wokeisme\/","name":"Wokeisme - Dreyers Forlag","isPartOf":{"@id":"https:\/\/staging.forenteforlag.no\/dreyers\/#website"},"primaryImageOfPage":{"@id":"https:\/\/staging.forenteforlag.no\/dreyers\/produkt\/wokeisme\/#primaryimage"},"image":{"@id":"https:\/\/staging.forenteforlag.no\/dreyers\/produkt\/wokeisme\/#primaryimage"},"thumbnailUrl":"https:\/\/staging.forenteforlag.no\/dreyers\/wp-content\/uploads\/sites\/2\/2025\/02\/Wokeisme_forside-scaled-1.jpg","datePublished":"2025-03-12T23:12:32+00:00","dateModified":"2025-03-13T10:20:51+00:00","breadcrumb":{"@id":"https:\/\/staging.forenteforlag.no\/dreyers\/produkt\/wokeisme\/#breadcrumb"},"inLanguage":"nb-NO","potentialAction":[{"@type":"ReadAction","target":["https:\/\/staging.forenteforlag.no\/dreyers\/produkt\/wokeisme\/"]}]},{"@type":"ImageObject","inLanguage":"nb-NO","@id":"https:\/\/staging.forenteforlag.no\/dreyers\/produkt\/wokeisme\/#primaryimage","url":"https:\/\/staging.forenteforlag.no\/dreyers\/wp-content\/uploads\/sites\/2\/2025\/02\/Wokeisme_forside-scaled-1.jpg","contentUrl":"https:\/\/staging.forenteforlag.no\/dreyers\/wp-content\/uploads\/sites\/2\/2025\/02\/Wokeisme_forside-scaled-1.jpg","width":1276,"height":1920},{"@type":"BreadcrumbList","@id":"https:\/\/staging.forenteforlag.no\/dreyers\/produkt\/wokeisme\/#breadcrumb","itemListElement":[{"@type":"ListItem","position":1,"name":"Hjem","item":"https:\/\/staging.forenteforlag.no\/dreyers\/"},{"@type":"ListItem","position":2,"name":"Alle b\u00f8ker","item":"https:\/\/staging.forenteforlag.no\/dreyers\/butikk\/"},{"@type":"ListItem","position":3,"name":"Wokeisme"}]},{"@type":"WebSite","@id":"https:\/\/staging.forenteforlag.no\/dreyers\/#website","url":"https:\/\/staging.forenteforlag.no\/dreyers\/","name":"Dreyers Forlag","description":"","potentialAction":[{"@type":"SearchAction","target":{"@type":"EntryPoint","urlTemplate":"https:\/\/staging.forenteforlag.no\/dreyers\/?s={search_term_string}"},"query-input":{"@type":"PropertyValueSpecification","valueRequired":true,"valueName":"search_term_string"}}],"inLanguage":"nb-NO"}]}},"_links":{"self":[{"href":"https:\/\/staging.forenteforlag.no\/dreyers\/wp-json\/wp\/v2\/product\/20887","targetHints":{"allow":["GET"]}}],"collection":[{"href":"https:\/\/staging.forenteforlag.no\/dreyers\/wp-json\/wp\/v2\/product"}],"about":[{"href":"https:\/\/staging.forenteforlag.no\/dreyers\/wp-json\/wp\/v2\/types\/product"}],"wp:featuredmedia":[{"embeddable":true,"href":"https:\/\/staging.forenteforlag.no\/dreyers\/wp-json\/wp\/v2\/media\/22205"}],"wp:attachment":[{"href":"https:\/\/staging.forenteforlag.no\/dreyers\/wp-json\/wp\/v2\/media?parent=20887"}],"wp:term":[{"taxonomy":"product_brand","embeddable":true,"href":"https:\/\/staging.forenteforlag.no\/dreyers\/wp-json\/wp\/v2\/product_brand?post=20887"},{"taxonomy":"product_cat","embeddable":true,"href":"https:\/\/staging.forenteforlag.no\/dreyers\/wp-json\/wp\/v2\/product_cat?post=20887"},{"taxonomy":"product_tag","embeddable":true,"href":"https:\/\/staging.forenteforlag.no\/dreyers\/wp-json\/wp\/v2\/product_tag?post=20887"}],"curies":[{"name":"wp","href":"https:\/\/api.w.org\/{rel}","templated":true}]}}