{"id":22197,"date":"2025-02-13T10:58:26","date_gmt":"2025-02-13T09:58:26","guid":{"rendered":"https:\/\/dreyersforlag.forenteforlag.no\/?post_type=forfatter&#038;p=22197"},"modified":"2025-08-29T11:11:05","modified_gmt":"2025-08-29T09:11:05","slug":"lars-erik-l-gjerde-2","status":"publish","type":"forfatter","link":"https:\/\/staging.forenteforlag.no\/dreyers\/forfatter\/lars-erik-l-gjerde-2\/","title":{"rendered":"Lars Erik L. Gjerde"},"content":{"rendered":"<p>Lars Erik L. Gjerde (f. 1992) er sosiolog og har doktorgrad fra Det europeiske universitetsinstitutt i Firenze. Hans n\u00e5v\u00e6rende forskning orienteres prim\u00e6rt rundt koronapolitikk i Skandinavia og sp\u00f8rsm\u00e5let om staten og makt. Han har tidligere studert digitale medier samt populisme, med et fokus p\u00e5 ideologi. <em>Wokeisme. Det liberale demokratiets nye utfordrer<\/em> er hans f\u00f8rste bok.<\/p>\n","protected":false},"featured_media":22198,"template":"","class_list":["post-22197","forfatter","type-forfatter","status-publish","has-post-thumbnail","hentry"],"acf":{"bildekreditering_forfatter":"","fornavn":"Lars Erik L.","etternavn":"Gjerde","navn":"Gjerde, Lars Erik L."},"yoast_head":"<!-- This site is optimized with the Yoast SEO plugin v26.6 - https:\/\/yoast.com\/wordpress\/plugins\/seo\/ -->\n<title>Lars Erik L. Gjerde - Dreyers Forlag<\/title>\n<meta name=\"robots\" content=\"noindex, follow, max-snippet:-1, max-image-preview:large, max-video-preview:-1\" \/>\n<meta property=\"og:locale\" content=\"nb_NO\" \/>\n<meta property=\"og:type\" content=\"article\" \/>\n<meta property=\"og:title\" content=\"Lars Erik L. Gjerde - Dreyers Forlag\" \/>\n<meta property=\"og:description\" content=\"Lars Erik L. Gjerde (f. 1992) er sosiolog og har doktorgrad fra Det europeiske universitetsinstitutt i Firenze. Hans n\u00e5v\u00e6rende forskning orienteres prim\u00e6rt rundt koronapolitikk i Skandinavia og sp\u00f8rsm\u00e5let om staten og makt. Han har tidligere studert digitale medier samt populisme, med et fokus p\u00e5 ideologi. Wokeisme. Det liberale demokratiets nye utfordrer er hans f\u00f8rste bok.\" \/>\n<meta property=\"og:url\" content=\"https:\/\/staging.forenteforlag.no\/dreyers\/forfatter\/lars-erik-l-gjerde-2\/\" \/>\n<meta property=\"og:site_name\" content=\"Dreyers Forlag\" \/>\n<meta property=\"article:modified_time\" content=\"2025-08-29T09:11:05+00:00\" \/>\n<meta property=\"og:image\" content=\"https:\/\/staging.forenteforlag.no\/dreyers\/wp-content\/uploads\/sites\/2\/2025\/02\/DSF5545-scaled.jpg\" \/>\n\t<meta property=\"og:image:width\" content=\"1920\" \/>\n\t<meta property=\"og:image:height\" content=\"1280\" \/>\n\t<meta property=\"og:image:type\" content=\"image\/jpeg\" \/>\n<meta name=\"twitter:card\" content=\"summary_large_image\" \/>\n<meta name=\"twitter:label1\" content=\"Ansl. lesetid\" \/>\n\t<meta name=\"twitter:data1\" content=\"1 minutt\" \/>\n<script type=\"application\/ld+json\" class=\"yoast-schema-graph\">{\"@context\":\"https:\/\/schema.org\",\"@graph\":[{\"@type\":\"WebPage\",\"@id\":\"https:\/\/staging.forenteforlag.no\/dreyers\/forfatter\/lars-erik-l-gjerde-2\/\",\"url\":\"https:\/\/staging.forenteforlag.no\/dreyers\/forfatter\/lars-erik-l-gjerde-2\/\",\"name\":\"Lars Erik L. Gjerde - Dreyers Forlag\",\"isPartOf\":{\"@id\":\"https:\/\/staging.forenteforlag.no\/dreyers\/#website\"},\"primaryImageOfPage\":{\"@id\":\"https:\/\/staging.forenteforlag.no\/dreyers\/forfatter\/lars-erik-l-gjerde-2\/#primaryimage\"},\"image\":{\"@id\":\"https:\/\/staging.forenteforlag.no\/dreyers\/forfatter\/lars-erik-l-gjerde-2\/#primaryimage\"},\"thumbnailUrl\":\"https:\/\/staging.forenteforlag.no\/dreyers\/wp-content\/uploads\/sites\/2\/2025\/02\/DSF5545-scaled.jpg\",\"datePublished\":\"2025-02-13T09:58:26+00:00\",\"dateModified\":\"2025-08-29T09:11:05+00:00\",\"breadcrumb\":{\"@id\":\"https:\/\/staging.forenteforlag.no\/dreyers\/forfatter\/lars-erik-l-gjerde-2\/#breadcrumb\"},\"inLanguage\":\"nb-NO\",\"potentialAction\":[{\"@type\":\"ReadAction\",\"target\":[\"https:\/\/staging.forenteforlag.no\/dreyers\/forfatter\/lars-erik-l-gjerde-2\/\"]}]},{\"@type\":\"ImageObject\",\"inLanguage\":\"nb-NO\",\"@id\":\"https:\/\/staging.forenteforlag.no\/dreyers\/forfatter\/lars-erik-l-gjerde-2\/#primaryimage\",\"url\":\"https:\/\/staging.forenteforlag.no\/dreyers\/wp-content\/uploads\/sites\/2\/2025\/02\/DSF5545-scaled.jpg\",\"contentUrl\":\"https:\/\/staging.forenteforlag.no\/dreyers\/wp-content\/uploads\/sites\/2\/2025\/02\/DSF5545-scaled.jpg\",\"width\":1920,\"height\":1280},{\"@type\":\"BreadcrumbList\",\"@id\":\"https:\/\/staging.forenteforlag.no\/dreyers\/forfatter\/lars-erik-l-gjerde-2\/#breadcrumb\",\"itemListElement\":[{\"@type\":\"ListItem\",\"position\":1,\"name\":\"Hjem\",\"item\":\"https:\/\/staging.forenteforlag.no\/dreyers\/\"},{\"@type\":\"ListItem\",\"position\":2,\"name\":\"Lars Erik L. Gjerde\"}]},{\"@type\":\"WebSite\",\"@id\":\"https:\/\/staging.forenteforlag.no\/dreyers\/#website\",\"url\":\"https:\/\/staging.forenteforlag.no\/dreyers\/\",\"name\":\"Dreyers Forlag\",\"description\":\"\",\"potentialAction\":[{\"@type\":\"SearchAction\",\"target\":{\"@type\":\"EntryPoint\",\"urlTemplate\":\"https:\/\/staging.forenteforlag.no\/dreyers\/?s={search_term_string}\"},\"query-input\":{\"@type\":\"PropertyValueSpecification\",\"valueRequired\":true,\"valueName\":\"search_term_string\"}}],\"inLanguage\":\"nb-NO\"}]}<\/script>\n<!-- \/ Yoast SEO plugin. -->","yoast_head_json":{"title":"Lars Erik L. Gjerde - Dreyers Forlag","robots":{"index":"noindex","follow":"follow","max-snippet":"max-snippet:-1","max-image-preview":"max-image-preview:large","max-video-preview":"max-video-preview:-1"},"og_locale":"nb_NO","og_type":"article","og_title":"Lars Erik L. Gjerde - Dreyers Forlag","og_description":"Lars Erik L. Gjerde (f. 1992) er sosiolog og har doktorgrad fra Det europeiske universitetsinstitutt i Firenze. Hans n\u00e5v\u00e6rende forskning orienteres prim\u00e6rt rundt koronapolitikk i Skandinavia og sp\u00f8rsm\u00e5let om staten og makt. Han har tidligere studert digitale medier samt populisme, med et fokus p\u00e5 ideologi. Wokeisme. Det liberale demokratiets nye utfordrer er hans f\u00f8rste bok.","og_url":"https:\/\/staging.forenteforlag.no\/dreyers\/forfatter\/lars-erik-l-gjerde-2\/","og_site_name":"Dreyers Forlag","article_modified_time":"2025-08-29T09:11:05+00:00","og_image":[{"width":1920,"height":1280,"url":"https:\/\/staging.forenteforlag.no\/dreyers\/wp-content\/uploads\/sites\/2\/2025\/02\/DSF5545-scaled.jpg","type":"image\/jpeg"}],"twitter_card":"summary_large_image","twitter_misc":{"Ansl. lesetid":"1 minutt"},"schema":{"@context":"https:\/\/schema.org","@graph":[{"@type":"WebPage","@id":"https:\/\/staging.forenteforlag.no\/dreyers\/forfatter\/lars-erik-l-gjerde-2\/","url":"https:\/\/staging.forenteforlag.no\/dreyers\/forfatter\/lars-erik-l-gjerde-2\/","name":"Lars Erik L. Gjerde - Dreyers Forlag","isPartOf":{"@id":"https:\/\/staging.forenteforlag.no\/dreyers\/#website"},"primaryImageOfPage":{"@id":"https:\/\/staging.forenteforlag.no\/dreyers\/forfatter\/lars-erik-l-gjerde-2\/#primaryimage"},"image":{"@id":"https:\/\/staging.forenteforlag.no\/dreyers\/forfatter\/lars-erik-l-gjerde-2\/#primaryimage"},"thumbnailUrl":"https:\/\/staging.forenteforlag.no\/dreyers\/wp-content\/uploads\/sites\/2\/2025\/02\/DSF5545-scaled.jpg","datePublished":"2025-02-13T09:58:26+00:00","dateModified":"2025-08-29T09:11:05+00:00","breadcrumb":{"@id":"https:\/\/staging.forenteforlag.no\/dreyers\/forfatter\/lars-erik-l-gjerde-2\/#breadcrumb"},"inLanguage":"nb-NO","potentialAction":[{"@type":"ReadAction","target":["https:\/\/staging.forenteforlag.no\/dreyers\/forfatter\/lars-erik-l-gjerde-2\/"]}]},{"@type":"ImageObject","inLanguage":"nb-NO","@id":"https:\/\/staging.forenteforlag.no\/dreyers\/forfatter\/lars-erik-l-gjerde-2\/#primaryimage","url":"https:\/\/staging.forenteforlag.no\/dreyers\/wp-content\/uploads\/sites\/2\/2025\/02\/DSF5545-scaled.jpg","contentUrl":"https:\/\/staging.forenteforlag.no\/dreyers\/wp-content\/uploads\/sites\/2\/2025\/02\/DSF5545-scaled.jpg","width":1920,"height":1280},{"@type":"BreadcrumbList","@id":"https:\/\/staging.forenteforlag.no\/dreyers\/forfatter\/lars-erik-l-gjerde-2\/#breadcrumb","itemListElement":[{"@type":"ListItem","position":1,"name":"Hjem","item":"https:\/\/staging.forenteforlag.no\/dreyers\/"},{"@type":"ListItem","position":2,"name":"Lars Erik L. Gjerde"}]},{"@type":"WebSite","@id":"https:\/\/staging.forenteforlag.no\/dreyers\/#website","url":"https:\/\/staging.forenteforlag.no\/dreyers\/","name":"Dreyers Forlag","description":"","potentialAction":[{"@type":"SearchAction","target":{"@type":"EntryPoint","urlTemplate":"https:\/\/staging.forenteforlag.no\/dreyers\/?s={search_term_string}"},"query-input":{"@type":"PropertyValueSpecification","valueRequired":true,"valueName":"search_term_string"}}],"inLanguage":"nb-NO"}]}},"_links":{"self":[{"href":"https:\/\/staging.forenteforlag.no\/dreyers\/wp-json\/wp\/v2\/forfatter\/22197","targetHints":{"allow":["GET"]}}],"collection":[{"href":"https:\/\/staging.forenteforlag.no\/dreyers\/wp-json\/wp\/v2\/forfatter"}],"about":[{"href":"https:\/\/staging.forenteforlag.no\/dreyers\/wp-json\/wp\/v2\/types\/forfatter"}],"version-history":[{"count":1,"href":"https:\/\/staging.forenteforlag.no\/dreyers\/wp-json\/wp\/v2\/forfatter\/22197\/revisions"}],"predecessor-version":[{"id":22571,"href":"https:\/\/staging.forenteforlag.no\/dreyers\/wp-json\/wp\/v2\/forfatter\/22197\/revisions\/22571"}],"wp:featuredmedia":[{"embeddable":true,"href":"https:\/\/staging.forenteforlag.no\/dreyers\/wp-json\/wp\/v2\/media\/22198"}],"wp:attachment":[{"href":"https:\/\/staging.forenteforlag.no\/dreyers\/wp-json\/wp\/v2\/media?parent=22197"}],"curies":[{"name":"wp","href":"https:\/\/api.w.org\/{rel}","templated":true}]}}

<p>Lars Erik L. Gjerde (f. 1992) er sosiolog og har doktorgrad fra Det europeiske universitetsinstitutt i Firenze. Hans nåværende forskning orienteres primært rundt koronapolitikk i Skandinavia og spørsmålet om staten og makt. Han har tidligere studert digitale medier samt populisme, med et fokus på ideologi. <em>Wokeisme. Det liberale demokratiets nye utfordrer</em> er hans første bok.</p>

<!-- This site is optimized with the Yoast SEO plugin v26.6 - https://yoast.com/wordpress/plugins/seo/ -->
<title>Lars Erik L. Gjerde - Dreyers Forlag</title>
<meta name="robots" content="noindex, follow, max-snippet:-1, max-image-preview:large, max-video-preview:-1" />
<meta property="og:locale" content="nb_NO" />
<meta property="og:type" content="article" />
<meta property="og:title" content="Lars Erik L. Gjerde - Dreyers Forlag" />
<meta property="og:description" content="Lars Erik L. Gjerde (f. 1992) er sosiolog og har doktorgrad fra Det europeiske universitetsinstitutt i Firenze. Hans nåværende forskning orienteres primært rundt koronapolitikk i Skandinavia og spørsmålet om staten og makt. Han har tidligere studert digitale medier samt populisme, med et fokus på ideologi. Wokeisme. Det liberale demokratiets nye utfordrer er hans første bok." />
<meta property="og:url" content="https://staging.forenteforlag.no/dreyers/forfatter/lars-erik-l-gjerde-2/" />
<meta property="og:site_name" content="Dreyers Forlag" />
<meta property="article:modified_time" content="2025-08-29T09:11:05+00:00" />
<meta property="og:image" content="https://staging.forenteforlag.no/dreyers/wp-content/uploads/sites/2/2025/02/DSF5545-scaled.jpg" />
	<meta property="og:image:width" content="1920" />
	<meta property="og:image:height" content="1280" />
	<meta property="og:image:type" content="image/jpeg" />
<meta name="twitter:card" content="summary_large_image" />
<meta name="twitter:label1" content="Ansl. lesetid" />
	<meta name="twitter:data1" content="1 minutt" />
<script type="application/ld+json" class="yoast-schema-graph">{"@context":"https://schema.org","@graph":[{"@type":"WebPage","@id":"https://staging.forenteforlag.no/dreyers/forfatter/lars-erik-l-gjerde-2/","url":"https://staging.forenteforlag.no/dreyers/forfatter/lars-erik-l-gjerde-2/","name":"Lars Erik L. Gjerde - Dreyers Forlag","isPartOf":{"@id":"https://staging.forenteforlag.no/dreyers/#website"},"primaryImageOfPage":{"@id":"https://staging.forenteforlag.no/dreyers/forfatter/lars-erik-l-gjerde-2/#primaryimage"},"image":{"@id":"https://staging.forenteforlag.no/dreyers/forfatter/lars-erik-l-gjerde-2/#primaryimage"},"thumbnailUrl":"https://staging.forenteforlag.no/dreyers/wp-content/uploads/sites/2/2025/02/DSF5545-scaled.jpg","datePublished":"2025-02-13T09:58:26+00:00","dateModified":"2025-08-29T09:11:05+00:00","breadcrumb":{"@id":"https://staging.forenteforlag.no/dreyers/forfatter/lars-erik-l-gjerde-2/#breadcrumb"},"inLanguage":"nb-NO","potentialAction":[{"@type":"ReadAction","target":["https://staging.forenteforlag.no/dreyers/forfatter/lars-erik-l-gjerde-2/"]}]},{"@type":"ImageObject","inLanguage":"nb-NO","@id":"https://staging.forenteforlag.no/dreyers/forfatter/lars-erik-l-gjerde-2/#primaryimage","url":"https://staging.forenteforlag.no/dreyers/wp-content/uploads/sites/2/2025/02/DSF5545-scaled.jpg","contentUrl":"https://staging.forenteforlag.no/dreyers/wp-content/uploads/sites/2/2025/02/DSF5545-scaled.jpg","width":1920,"height":1280},{"@type":"BreadcrumbList","@id":"https://staging.forenteforlag.no/dreyers/forfatter/lars-erik-l-gjerde-2/#breadcrumb","itemListElement":[{"@type":"ListItem","position":1,"name":"Hjem","item":"https://staging.forenteforlag.no/dreyers/"},{"@type":"ListItem","position":2,"name":"Lars Erik L. Gjerde"}]},{"@type":"WebSite","@id":"https://staging.forenteforlag.no/dreyers/#website","url":"https://staging.forenteforlag.no/dreyers/","name":"Dreyers Forlag","description":"","potentialAction":[{"@type":"SearchAction","target":{"@type":"EntryPoint","urlTemplate":"https://staging.forenteforlag.no/dreyers/?s={search_term_string}"},"query-input":{"@type":"PropertyValueSpecification","valueRequired":true,"valueName":"search_term_string"}}],"inLanguage":"nb-NO"}]}</script>
<!-- / Yoast SEO plugin. -->

Lars Erik L. Gjerde (f. 1992) er sosiolog og har doktorgrad fra Det europeiske universitetsinstitutt i Firenze. Hans nåværende forskning orienteres primært rundt koronapolitikk i Skandinavia og spørsmålet om staten og makt. Han har tidligere studert digitale medier samt populisme, med et fokus på ideologi. Wokeisme. Det liberale demokratiets nye utfordrer er hans første bok.
