{"id":22133,"date":"2025-02-12T07:03:59","date_gmt":"2025-02-12T06:03:59","guid":{"rendered":"https:\/\/dreyersforlag.forenteforlag.no\/forfatter\/morten-svinndal\/"},"modified":"2025-08-29T11:11:05","modified_gmt":"2025-08-29T09:11:05","slug":"morten-svinndal","status":"publish","type":"forfatter","link":"https:\/\/staging.forenteforlag.no\/dreyers\/forfatter\/morten-svinndal\/","title":{"rendered":"Morten Svinndal"},"content":{"rendered":"<p>Morten Svinndal har tjenestegjort i Forsvaret i 40 \u00e5r og pensjonerte seg i 2016. Han har tjenestebakgrunn fra de fleste kystartillerifort, var fortsjef p\u00e5 Skrolsvik og Mel\u00f8yv\u00e6r og nestkommanderende ved Oscarsborg festning\/Befalsskolen for Kystartilleriet 1993\u20131996. Diverse stabstjeneste ved Forsvarets stabsskole, Forsvarsdepartementet og NATO. Internasjonal tjeneste i Afghanistan, tidligere Jugoslavia og USA.<\/p>\n<p>Svinndal har siden 2016 jobbet med kartlegging av historien ved Oscarsborg festning, med vekt p\u00e5 9. april 1940 og oberst Eriksen.<\/p>\n","protected":false},"featured_media":22495,"template":"","class_list":["post-22133","forfatter","type-forfatter","status-publish","has-post-thumbnail","hentry"],"acf":{"bildekreditering_forfatter":"","fornavn":"Morten","etternavn":"Svinndal","navn":"Svinndal, Morten"},"yoast_head":"<!-- This site is optimized with the Yoast SEO plugin v26.6 - https:\/\/yoast.com\/wordpress\/plugins\/seo\/ -->\n<title>Morten Svinndal - Dreyers Forlag<\/title>\n<meta name=\"robots\" content=\"noindex, follow, max-snippet:-1, max-image-preview:large, max-video-preview:-1\" \/>\n<meta property=\"og:locale\" content=\"nb_NO\" \/>\n<meta property=\"og:type\" content=\"article\" \/>\n<meta property=\"og:title\" content=\"Morten Svinndal - Dreyers Forlag\" \/>\n<meta property=\"og:description\" content=\"Morten Svinndal har tjenestegjort i Forsvaret i 40 \u00e5r og pensjonerte seg i 2016. Han har tjenestebakgrunn fra de fleste kystartillerifort, var fortsjef p\u00e5 Skrolsvik og Mel\u00f8yv\u00e6r og nestkommanderende ved Oscarsborg festning\/Befalsskolen for Kystartilleriet 1993\u20131996. Diverse stabstjeneste ved Forsvarets stabsskole, Forsvarsdepartementet og NATO. Internasjonal tjeneste i Afghanistan, tidligere Jugoslavia og USA. Svinndal har siden 2016 [&hellip;]\" \/>\n<meta property=\"og:url\" content=\"https:\/\/staging.forenteforlag.no\/dreyers\/forfatter\/morten-svinndal\/\" \/>\n<meta property=\"og:site_name\" content=\"Dreyers Forlag\" \/>\n<meta property=\"article:modified_time\" content=\"2025-08-29T09:11:05+00:00\" \/>\n<meta property=\"og:image\" content=\"https:\/\/staging.forenteforlag.no\/dreyers\/wp-content\/uploads\/sites\/2\/2025\/02\/FotoMortenSvinndaltilnettside.jpg\" \/>\n\t<meta property=\"og:image:width\" content=\"227\" \/>\n\t<meta property=\"og:image:height\" content=\"283\" \/>\n\t<meta property=\"og:image:type\" content=\"image\/jpeg\" \/>\n<meta name=\"twitter:card\" content=\"summary_large_image\" \/>\n<meta name=\"twitter:label1\" content=\"Ansl. lesetid\" \/>\n\t<meta name=\"twitter:data1\" content=\"1 minutt\" \/>\n<script type=\"application\/ld+json\" class=\"yoast-schema-graph\">{\"@context\":\"https:\/\/schema.org\",\"@graph\":[{\"@type\":\"WebPage\",\"@id\":\"https:\/\/staging.forenteforlag.no\/dreyers\/forfatter\/morten-svinndal\/\",\"url\":\"https:\/\/staging.forenteforlag.no\/dreyers\/forfatter\/morten-svinndal\/\",\"name\":\"Morten Svinndal - Dreyers Forlag\",\"isPartOf\":{\"@id\":\"https:\/\/staging.forenteforlag.no\/dreyers\/#website\"},\"primaryImageOfPage\":{\"@id\":\"https:\/\/staging.forenteforlag.no\/dreyers\/forfatter\/morten-svinndal\/#primaryimage\"},\"image\":{\"@id\":\"https:\/\/staging.forenteforlag.no\/dreyers\/forfatter\/morten-svinndal\/#primaryimage\"},\"thumbnailUrl\":\"https:\/\/staging.forenteforlag.no\/dreyers\/wp-content\/uploads\/sites\/2\/2025\/02\/FotoMortenSvinndaltilnettside.jpg\",\"datePublished\":\"2025-02-12T06:03:59+00:00\",\"dateModified\":\"2025-08-29T09:11:05+00:00\",\"breadcrumb\":{\"@id\":\"https:\/\/staging.forenteforlag.no\/dreyers\/forfatter\/morten-svinndal\/#breadcrumb\"},\"inLanguage\":\"nb-NO\",\"potentialAction\":[{\"@type\":\"ReadAction\",\"target\":[\"https:\/\/staging.forenteforlag.no\/dreyers\/forfatter\/morten-svinndal\/\"]}]},{\"@type\":\"ImageObject\",\"inLanguage\":\"nb-NO\",\"@id\":\"https:\/\/staging.forenteforlag.no\/dreyers\/forfatter\/morten-svinndal\/#primaryimage\",\"url\":\"https:\/\/staging.forenteforlag.no\/dreyers\/wp-content\/uploads\/sites\/2\/2025\/02\/FotoMortenSvinndaltilnettside.jpg\",\"contentUrl\":\"https:\/\/staging.forenteforlag.no\/dreyers\/wp-content\/uploads\/sites\/2\/2025\/02\/FotoMortenSvinndaltilnettside.jpg\",\"width\":227,\"height\":283},{\"@type\":\"BreadcrumbList\",\"@id\":\"https:\/\/staging.forenteforlag.no\/dreyers\/forfatter\/morten-svinndal\/#breadcrumb\",\"itemListElement\":[{\"@type\":\"ListItem\",\"position\":1,\"name\":\"Hjem\",\"item\":\"https:\/\/staging.forenteforlag.no\/dreyers\/\"},{\"@type\":\"ListItem\",\"position\":2,\"name\":\"Morten Svinndal\"}]},{\"@type\":\"WebSite\",\"@id\":\"https:\/\/staging.forenteforlag.no\/dreyers\/#website\",\"url\":\"https:\/\/staging.forenteforlag.no\/dreyers\/\",\"name\":\"Dreyers Forlag\",\"description\":\"\",\"potentialAction\":[{\"@type\":\"SearchAction\",\"target\":{\"@type\":\"EntryPoint\",\"urlTemplate\":\"https:\/\/staging.forenteforlag.no\/dreyers\/?s={search_term_string}\"},\"query-input\":{\"@type\":\"PropertyValueSpecification\",\"valueRequired\":true,\"valueName\":\"search_term_string\"}}],\"inLanguage\":\"nb-NO\"}]}<\/script>\n<!-- \/ Yoast SEO plugin. -->","yoast_head_json":{"title":"Morten Svinndal - Dreyers Forlag","robots":{"index":"noindex","follow":"follow","max-snippet":"max-snippet:-1","max-image-preview":"max-image-preview:large","max-video-preview":"max-video-preview:-1"},"og_locale":"nb_NO","og_type":"article","og_title":"Morten Svinndal - Dreyers Forlag","og_description":"Morten Svinndal har tjenestegjort i Forsvaret i 40 \u00e5r og pensjonerte seg i 2016. Han har tjenestebakgrunn fra de fleste kystartillerifort, var fortsjef p\u00e5 Skrolsvik og Mel\u00f8yv\u00e6r og nestkommanderende ved Oscarsborg festning\/Befalsskolen for Kystartilleriet 1993\u20131996. Diverse stabstjeneste ved Forsvarets stabsskole, Forsvarsdepartementet og NATO. Internasjonal tjeneste i Afghanistan, tidligere Jugoslavia og USA. Svinndal har siden 2016 [&hellip;]","og_url":"https:\/\/staging.forenteforlag.no\/dreyers\/forfatter\/morten-svinndal\/","og_site_name":"Dreyers Forlag","article_modified_time":"2025-08-29T09:11:05+00:00","og_image":[{"width":227,"height":283,"url":"https:\/\/staging.forenteforlag.no\/dreyers\/wp-content\/uploads\/sites\/2\/2025\/02\/FotoMortenSvinndaltilnettside.jpg","type":"image\/jpeg"}],"twitter_card":"summary_large_image","twitter_misc":{"Ansl. lesetid":"1 minutt"},"schema":{"@context":"https:\/\/schema.org","@graph":[{"@type":"WebPage","@id":"https:\/\/staging.forenteforlag.no\/dreyers\/forfatter\/morten-svinndal\/","url":"https:\/\/staging.forenteforlag.no\/dreyers\/forfatter\/morten-svinndal\/","name":"Morten Svinndal - Dreyers Forlag","isPartOf":{"@id":"https:\/\/staging.forenteforlag.no\/dreyers\/#website"},"primaryImageOfPage":{"@id":"https:\/\/staging.forenteforlag.no\/dreyers\/forfatter\/morten-svinndal\/#primaryimage"},"image":{"@id":"https:\/\/staging.forenteforlag.no\/dreyers\/forfatter\/morten-svinndal\/#primaryimage"},"thumbnailUrl":"https:\/\/staging.forenteforlag.no\/dreyers\/wp-content\/uploads\/sites\/2\/2025\/02\/FotoMortenSvinndaltilnettside.jpg","datePublished":"2025-02-12T06:03:59+00:00","dateModified":"2025-08-29T09:11:05+00:00","breadcrumb":{"@id":"https:\/\/staging.forenteforlag.no\/dreyers\/forfatter\/morten-svinndal\/#breadcrumb"},"inLanguage":"nb-NO","potentialAction":[{"@type":"ReadAction","target":["https:\/\/staging.forenteforlag.no\/dreyers\/forfatter\/morten-svinndal\/"]}]},{"@type":"ImageObject","inLanguage":"nb-NO","@id":"https:\/\/staging.forenteforlag.no\/dreyers\/forfatter\/morten-svinndal\/#primaryimage","url":"https:\/\/staging.forenteforlag.no\/dreyers\/wp-content\/uploads\/sites\/2\/2025\/02\/FotoMortenSvinndaltilnettside.jpg","contentUrl":"https:\/\/staging.forenteforlag.no\/dreyers\/wp-content\/uploads\/sites\/2\/2025\/02\/FotoMortenSvinndaltilnettside.jpg","width":227,"height":283},{"@type":"BreadcrumbList","@id":"https:\/\/staging.forenteforlag.no\/dreyers\/forfatter\/morten-svinndal\/#breadcrumb","itemListElement":[{"@type":"ListItem","position":1,"name":"Hjem","item":"https:\/\/staging.forenteforlag.no\/dreyers\/"},{"@type":"ListItem","position":2,"name":"Morten Svinndal"}]},{"@type":"WebSite","@id":"https:\/\/staging.forenteforlag.no\/dreyers\/#website","url":"https:\/\/staging.forenteforlag.no\/dreyers\/","name":"Dreyers Forlag","description":"","potentialAction":[{"@type":"SearchAction","target":{"@type":"EntryPoint","urlTemplate":"https:\/\/staging.forenteforlag.no\/dreyers\/?s={search_term_string}"},"query-input":{"@type":"PropertyValueSpecification","valueRequired":true,"valueName":"search_term_string"}}],"inLanguage":"nb-NO"}]}},"_links":{"self":[{"href":"https:\/\/staging.forenteforlag.no\/dreyers\/wp-json\/wp\/v2\/forfatter\/22133","targetHints":{"allow":["GET"]}}],"collection":[{"href":"https:\/\/staging.forenteforlag.no\/dreyers\/wp-json\/wp\/v2\/forfatter"}],"about":[{"href":"https:\/\/staging.forenteforlag.no\/dreyers\/wp-json\/wp\/v2\/types\/forfatter"}],"version-history":[{"count":2,"href":"https:\/\/staging.forenteforlag.no\/dreyers\/wp-json\/wp\/v2\/forfatter\/22133\/revisions"}],"predecessor-version":[{"id":22575,"href":"https:\/\/staging.forenteforlag.no\/dreyers\/wp-json\/wp\/v2\/forfatter\/22133\/revisions\/22575"}],"wp:featuredmedia":[{"embeddable":true,"href":"https:\/\/staging.forenteforlag.no\/dreyers\/wp-json\/wp\/v2\/media\/22495"}],"wp:attachment":[{"href":"https:\/\/staging.forenteforlag.no\/dreyers\/wp-json\/wp\/v2\/media?parent=22133"}],"curies":[{"name":"wp","href":"https:\/\/api.w.org\/{rel}","templated":true}]}}

<p>Morten Svinndal har tjenestegjort i Forsvaret i 40 år og pensjonerte seg i 2016. Han har tjenestebakgrunn fra de fleste kystartillerifort, var fortsjef på Skrolsvik og Meløyvær og nestkommanderende ved Oscarsborg festning/Befalsskolen for Kystartilleriet 1993–1996. Diverse stabstjeneste ved Forsvarets stabsskole, Forsvarsdepartementet og NATO. Internasjonal tjeneste i Afghanistan, tidligere Jugoslavia og USA.</p>
<p>Svinndal har siden 2016 jobbet med kartlegging av historien ved Oscarsborg festning, med vekt på 9. april 1940 og oberst Eriksen.</p>

<!-- This site is optimized with the Yoast SEO plugin v26.6 - https://yoast.com/wordpress/plugins/seo/ -->
<title>Morten Svinndal - Dreyers Forlag</title>
<meta name="robots" content="noindex, follow, max-snippet:-1, max-image-preview:large, max-video-preview:-1" />
<meta property="og:locale" content="nb_NO" />
<meta property="og:type" content="article" />
<meta property="og:title" content="Morten Svinndal - Dreyers Forlag" />
<meta property="og:description" content="Morten Svinndal har tjenestegjort i Forsvaret i 40 år og pensjonerte seg i 2016. Han har tjenestebakgrunn fra de fleste kystartillerifort, var fortsjef på Skrolsvik og Meløyvær og nestkommanderende ved Oscarsborg festning/Befalsskolen for Kystartilleriet 1993–1996. Diverse stabstjeneste ved Forsvarets stabsskole, Forsvarsdepartementet og NATO. Internasjonal tjeneste i Afghanistan, tidligere Jugoslavia og USA. Svinndal har siden 2016 [&hellip;]" />
<meta property="og:url" content="https://staging.forenteforlag.no/dreyers/forfatter/morten-svinndal/" />
<meta property="og:site_name" content="Dreyers Forlag" />
<meta property="article:modified_time" content="2025-08-29T09:11:05+00:00" />
<meta property="og:image" content="https://staging.forenteforlag.no/dreyers/wp-content/uploads/sites/2/2025/02/FotoMortenSvinndaltilnettside.jpg" />
	<meta property="og:image:width" content="227" />
	<meta property="og:image:height" content="283" />
	<meta property="og:image:type" content="image/jpeg" />
<meta name="twitter:card" content="summary_large_image" />
<meta name="twitter:label1" content="Ansl. lesetid" />
	<meta name="twitter:data1" content="1 minutt" />
<script type="application/ld+json" class="yoast-schema-graph">{"@context":"https://schema.org","@graph":[{"@type":"WebPage","@id":"https://staging.forenteforlag.no/dreyers/forfatter/morten-svinndal/","url":"https://staging.forenteforlag.no/dreyers/forfatter/morten-svinndal/","name":"Morten Svinndal - Dreyers Forlag","isPartOf":{"@id":"https://staging.forenteforlag.no/dreyers/#website"},"primaryImageOfPage":{"@id":"https://staging.forenteforlag.no/dreyers/forfatter/morten-svinndal/#primaryimage"},"image":{"@id":"https://staging.forenteforlag.no/dreyers/forfatter/morten-svinndal/#primaryimage"},"thumbnailUrl":"https://staging.forenteforlag.no/dreyers/wp-content/uploads/sites/2/2025/02/FotoMortenSvinndaltilnettside.jpg","datePublished":"2025-02-12T06:03:59+00:00","dateModified":"2025-08-29T09:11:05+00:00","breadcrumb":{"@id":"https://staging.forenteforlag.no/dreyers/forfatter/morten-svinndal/#breadcrumb"},"inLanguage":"nb-NO","potentialAction":[{"@type":"ReadAction","target":["https://staging.forenteforlag.no/dreyers/forfatter/morten-svinndal/"]}]},{"@type":"ImageObject","inLanguage":"nb-NO","@id":"https://staging.forenteforlag.no/dreyers/forfatter/morten-svinndal/#primaryimage","url":"https://staging.forenteforlag.no/dreyers/wp-content/uploads/sites/2/2025/02/FotoMortenSvinndaltilnettside.jpg","contentUrl":"https://staging.forenteforlag.no/dreyers/wp-content/uploads/sites/2/2025/02/FotoMortenSvinndaltilnettside.jpg","width":227,"height":283},{"@type":"BreadcrumbList","@id":"https://staging.forenteforlag.no/dreyers/forfatter/morten-svinndal/#breadcrumb","itemListElement":[{"@type":"ListItem","position":1,"name":"Hjem","item":"https://staging.forenteforlag.no/dreyers/"},{"@type":"ListItem","position":2,"name":"Morten Svinndal"}]},{"@type":"WebSite","@id":"https://staging.forenteforlag.no/dreyers/#website","url":"https://staging.forenteforlag.no/dreyers/","name":"Dreyers Forlag","description":"","potentialAction":[{"@type":"SearchAction","target":{"@type":"EntryPoint","urlTemplate":"https://staging.forenteforlag.no/dreyers/?s={search_term_string}"},"query-input":{"@type":"PropertyValueSpecification","valueRequired":true,"valueName":"search_term_string"}}],"inLanguage":"nb-NO"}]}</script>
<!-- / Yoast SEO plugin. -->

Morten Svinndal har tjenestegjort i Forsvaret i 40 år og pensjonerte seg i 2016. Han har tjenestebakgrunn fra de fleste kystartillerifort, var fortsjef på Skrolsvik og Meløyvær og nestkommanderende ved Oscarsborg festning/Befalsskolen for Kystartilleriet 1993–1996. Diverse stabstjeneste ved Forsvarets stabsskole, Forsvarsdepartementet og NATO. Internasjonal tjeneste i Afghanistan, tidligere Jugoslavia og USA. Svinndal har siden 2016 [&hellip;]
