{"id":21938,"date":"2024-12-10T23:25:01","date_gmt":"2024-12-10T22:25:01","guid":{"rendered":"https:\/\/staging.forenteforlag.no\/forfatter\/primo-levi\/"},"modified":"2025-09-03T14:49:47","modified_gmt":"2025-09-03T12:49:47","slug":"primo-levi","status":"publish","type":"forfatter","link":"https:\/\/staging.forenteforlag.no\/dreyers\/forfatter\/primo-levi\/","title":{"rendered":"Primo Levi"},"content":{"rendered":"<p>Primo Levi ble f\u00f8dt inn i en j\u00f8disk-piemontesisk familie i Torino i 1919. Han studerte kjemi, men m\u00e5tte ta sin eksamen i all hemmelighet da Mussolini i oktober 1938 innf\u00f8rte j\u00f8dediskriminerende lover. I 1943 sluttet Levi seg til en partisangruppe i Aostadalen. I desember samme \u00e5ret ble han tatt til fange og internert i Fossoli-leiren n\u00e6r Modena, og 22. februar 1944 ble han sendt av tyskerne til Auschwitz. Kjemien som vitenskap og filosofi preger Levis tekster og livsholdning. Hans prosa er klar og konsis, fortellingene er logiske og samtidig kreative og utforskende. Hans skildringer av erfaringene i d\u00f8dsleirene er preget av dette vitenskapelige og saklige spr\u00e5ket uten patos, men med en analytisk og dypt etisk tiln\u00e6rming til disse vanskelige temaene. Det er denne tiln\u00e6rmingen som gj\u00f8r Levis selvbiografiske b\u00f8ker til noe allment som i tillegg l\u00f8fter dem ut av den rene vitnefortellingen.<\/p>\n<p>\u00abEt ruvende moralsk forfatterskap. Lik omstreifende dyr har italienske Primo Levis b\u00f8ker satt dype spor etter seg i verden. [\u2026] et forfatterskap som i dag m\u00e5 regnes som ett av de aller fremste uansett spr\u00e5k. [\u2026] Primo Levi skriver ut ifra en bekymring for at det som hendte i konsentrasjonsleirene, skal bli umulig \u00e5 tro i ettertid. [\u2026] Det er et forfatterskap som ogs\u00e5 l\u00e6rer oss at moral bestandig er noe konkret og situasjonsavhengig, samt at sp\u00f8rsm\u00e5let om hva som er riktig og hva som er galt \u00e5 gj\u00f8re for \u00e5 overleve under ekstreme forhold, ofte leder inn i en gr\u00e5sone der grensene der grensene mellom overgriper og offer viske ut. Og hvor vanskelig det senere kan bli \u00e5 leve med dette.\u00bb<\/p>\n<p><strong>Preben Jordal, AFTENPOSTEN<\/strong><\/p>\n","protected":false},"featured_media":23028,"template":"","class_list":["post-21938","forfatter","type-forfatter","status-publish","has-post-thumbnail","hentry"],"acf":{"bildekreditering_forfatter":"","fornavn":"Primo","etternavn":"Levi","navn":"Levi, Primo"},"yoast_head":"<!-- This site is optimized with the Yoast SEO plugin v26.6 - https:\/\/yoast.com\/wordpress\/plugins\/seo\/ -->\n<title>Primo Levi - Dreyers Forlag<\/title>\n<meta name=\"robots\" content=\"noindex, follow, max-snippet:-1, max-image-preview:large, max-video-preview:-1\" \/>\n<meta property=\"og:locale\" content=\"nb_NO\" \/>\n<meta property=\"og:type\" content=\"article\" \/>\n<meta property=\"og:title\" content=\"Primo Levi - Dreyers Forlag\" \/>\n<meta property=\"og:description\" content=\"Primo Levi ble f\u00f8dt inn i en j\u00f8disk-piemontesisk familie i Torino i 1919. Han studerte kjemi, men m\u00e5tte ta sin eksamen i all hemmelighet da Mussolini i oktober 1938 innf\u00f8rte j\u00f8dediskriminerende lover. I 1943 sluttet Levi seg til en partisangruppe i Aostadalen. I desember samme \u00e5ret ble han tatt til fange og internert i Fossoli-leiren [&hellip;]\" \/>\n<meta property=\"og:url\" content=\"https:\/\/staging.forenteforlag.no\/dreyers\/forfatter\/primo-levi\/\" \/>\n<meta property=\"og:site_name\" content=\"Dreyers Forlag\" \/>\n<meta property=\"article:modified_time\" content=\"2025-09-03T12:49:47+00:00\" \/>\n<meta property=\"og:image\" content=\"https:\/\/staging.forenteforlag.no\/dreyers\/wp-content\/uploads\/sites\/2\/2025\/03\/Primo_Levi_19604.5.jpg\" \/>\n\t<meta property=\"og:image:width\" content=\"416\" \/>\n\t<meta property=\"og:image:height\" content=\"520\" \/>\n\t<meta property=\"og:image:type\" content=\"image\/jpeg\" \/>\n<meta name=\"twitter:card\" content=\"summary_large_image\" \/>\n<meta name=\"twitter:label1\" content=\"Ansl. lesetid\" \/>\n\t<meta name=\"twitter:data1\" content=\"2 minutter\" \/>\n<script type=\"application\/ld+json\" class=\"yoast-schema-graph\">{\"@context\":\"https:\/\/schema.org\",\"@graph\":[{\"@type\":\"WebPage\",\"@id\":\"https:\/\/staging.forenteforlag.no\/dreyers\/forfatter\/primo-levi\/\",\"url\":\"https:\/\/staging.forenteforlag.no\/dreyers\/forfatter\/primo-levi\/\",\"name\":\"Primo Levi - Dreyers Forlag\",\"isPartOf\":{\"@id\":\"https:\/\/staging.forenteforlag.no\/dreyers\/#website\"},\"primaryImageOfPage\":{\"@id\":\"https:\/\/staging.forenteforlag.no\/dreyers\/forfatter\/primo-levi\/#primaryimage\"},\"image\":{\"@id\":\"https:\/\/staging.forenteforlag.no\/dreyers\/forfatter\/primo-levi\/#primaryimage\"},\"thumbnailUrl\":\"https:\/\/staging.forenteforlag.no\/dreyers\/wp-content\/uploads\/sites\/2\/2025\/03\/Primo_Levi_19604.5.jpg\",\"datePublished\":\"2024-12-10T22:25:01+00:00\",\"dateModified\":\"2025-09-03T12:49:47+00:00\",\"breadcrumb\":{\"@id\":\"https:\/\/staging.forenteforlag.no\/dreyers\/forfatter\/primo-levi\/#breadcrumb\"},\"inLanguage\":\"nb-NO\",\"potentialAction\":[{\"@type\":\"ReadAction\",\"target\":[\"https:\/\/staging.forenteforlag.no\/dreyers\/forfatter\/primo-levi\/\"]}]},{\"@type\":\"ImageObject\",\"inLanguage\":\"nb-NO\",\"@id\":\"https:\/\/staging.forenteforlag.no\/dreyers\/forfatter\/primo-levi\/#primaryimage\",\"url\":\"https:\/\/staging.forenteforlag.no\/dreyers\/wp-content\/uploads\/sites\/2\/2025\/03\/Primo_Levi_19604.5.jpg\",\"contentUrl\":\"https:\/\/staging.forenteforlag.no\/dreyers\/wp-content\/uploads\/sites\/2\/2025\/03\/Primo_Levi_19604.5.jpg\",\"width\":416,\"height\":520},{\"@type\":\"BreadcrumbList\",\"@id\":\"https:\/\/staging.forenteforlag.no\/dreyers\/forfatter\/primo-levi\/#breadcrumb\",\"itemListElement\":[{\"@type\":\"ListItem\",\"position\":1,\"name\":\"Hjem\",\"item\":\"https:\/\/staging.forenteforlag.no\/dreyers\/\"},{\"@type\":\"ListItem\",\"position\":2,\"name\":\"Primo Levi\"}]},{\"@type\":\"WebSite\",\"@id\":\"https:\/\/staging.forenteforlag.no\/dreyers\/#website\",\"url\":\"https:\/\/staging.forenteforlag.no\/dreyers\/\",\"name\":\"Dreyers Forlag\",\"description\":\"\",\"potentialAction\":[{\"@type\":\"SearchAction\",\"target\":{\"@type\":\"EntryPoint\",\"urlTemplate\":\"https:\/\/staging.forenteforlag.no\/dreyers\/?s={search_term_string}\"},\"query-input\":{\"@type\":\"PropertyValueSpecification\",\"valueRequired\":true,\"valueName\":\"search_term_string\"}}],\"inLanguage\":\"nb-NO\"}]}<\/script>\n<!-- \/ Yoast SEO plugin. -->","yoast_head_json":{"title":"Primo Levi - Dreyers Forlag","robots":{"index":"noindex","follow":"follow","max-snippet":"max-snippet:-1","max-image-preview":"max-image-preview:large","max-video-preview":"max-video-preview:-1"},"og_locale":"nb_NO","og_type":"article","og_title":"Primo Levi - Dreyers Forlag","og_description":"Primo Levi ble f\u00f8dt inn i en j\u00f8disk-piemontesisk familie i Torino i 1919. Han studerte kjemi, men m\u00e5tte ta sin eksamen i all hemmelighet da Mussolini i oktober 1938 innf\u00f8rte j\u00f8dediskriminerende lover. I 1943 sluttet Levi seg til en partisangruppe i Aostadalen. I desember samme \u00e5ret ble han tatt til fange og internert i Fossoli-leiren [&hellip;]","og_url":"https:\/\/staging.forenteforlag.no\/dreyers\/forfatter\/primo-levi\/","og_site_name":"Dreyers Forlag","article_modified_time":"2025-09-03T12:49:47+00:00","og_image":[{"width":416,"height":520,"url":"https:\/\/staging.forenteforlag.no\/dreyers\/wp-content\/uploads\/sites\/2\/2025\/03\/Primo_Levi_19604.5.jpg","type":"image\/jpeg"}],"twitter_card":"summary_large_image","twitter_misc":{"Ansl. lesetid":"2 minutter"},"schema":{"@context":"https:\/\/schema.org","@graph":[{"@type":"WebPage","@id":"https:\/\/staging.forenteforlag.no\/dreyers\/forfatter\/primo-levi\/","url":"https:\/\/staging.forenteforlag.no\/dreyers\/forfatter\/primo-levi\/","name":"Primo Levi - Dreyers Forlag","isPartOf":{"@id":"https:\/\/staging.forenteforlag.no\/dreyers\/#website"},"primaryImageOfPage":{"@id":"https:\/\/staging.forenteforlag.no\/dreyers\/forfatter\/primo-levi\/#primaryimage"},"image":{"@id":"https:\/\/staging.forenteforlag.no\/dreyers\/forfatter\/primo-levi\/#primaryimage"},"thumbnailUrl":"https:\/\/staging.forenteforlag.no\/dreyers\/wp-content\/uploads\/sites\/2\/2025\/03\/Primo_Levi_19604.5.jpg","datePublished":"2024-12-10T22:25:01+00:00","dateModified":"2025-09-03T12:49:47+00:00","breadcrumb":{"@id":"https:\/\/staging.forenteforlag.no\/dreyers\/forfatter\/primo-levi\/#breadcrumb"},"inLanguage":"nb-NO","potentialAction":[{"@type":"ReadAction","target":["https:\/\/staging.forenteforlag.no\/dreyers\/forfatter\/primo-levi\/"]}]},{"@type":"ImageObject","inLanguage":"nb-NO","@id":"https:\/\/staging.forenteforlag.no\/dreyers\/forfatter\/primo-levi\/#primaryimage","url":"https:\/\/staging.forenteforlag.no\/dreyers\/wp-content\/uploads\/sites\/2\/2025\/03\/Primo_Levi_19604.5.jpg","contentUrl":"https:\/\/staging.forenteforlag.no\/dreyers\/wp-content\/uploads\/sites\/2\/2025\/03\/Primo_Levi_19604.5.jpg","width":416,"height":520},{"@type":"BreadcrumbList","@id":"https:\/\/staging.forenteforlag.no\/dreyers\/forfatter\/primo-levi\/#breadcrumb","itemListElement":[{"@type":"ListItem","position":1,"name":"Hjem","item":"https:\/\/staging.forenteforlag.no\/dreyers\/"},{"@type":"ListItem","position":2,"name":"Primo Levi"}]},{"@type":"WebSite","@id":"https:\/\/staging.forenteforlag.no\/dreyers\/#website","url":"https:\/\/staging.forenteforlag.no\/dreyers\/","name":"Dreyers Forlag","description":"","potentialAction":[{"@type":"SearchAction","target":{"@type":"EntryPoint","urlTemplate":"https:\/\/staging.forenteforlag.no\/dreyers\/?s={search_term_string}"},"query-input":{"@type":"PropertyValueSpecification","valueRequired":true,"valueName":"search_term_string"}}],"inLanguage":"nb-NO"}]}},"_links":{"self":[{"href":"https:\/\/staging.forenteforlag.no\/dreyers\/wp-json\/wp\/v2\/forfatter\/21938","targetHints":{"allow":["GET"]}}],"collection":[{"href":"https:\/\/staging.forenteforlag.no\/dreyers\/wp-json\/wp\/v2\/forfatter"}],"about":[{"href":"https:\/\/staging.forenteforlag.no\/dreyers\/wp-json\/wp\/v2\/types\/forfatter"}],"version-history":[{"count":1,"href":"https:\/\/staging.forenteforlag.no\/dreyers\/wp-json\/wp\/v2\/forfatter\/21938\/revisions"}],"predecessor-version":[{"id":22762,"href":"https:\/\/staging.forenteforlag.no\/dreyers\/wp-json\/wp\/v2\/forfatter\/21938\/revisions\/22762"}],"wp:featuredmedia":[{"embeddable":true,"href":"https:\/\/staging.forenteforlag.no\/dreyers\/wp-json\/wp\/v2\/media\/23028"}],"wp:attachment":[{"href":"https:\/\/staging.forenteforlag.no\/dreyers\/wp-json\/wp\/v2\/media?parent=21938"}],"curies":[{"name":"wp","href":"https:\/\/api.w.org\/{rel}","templated":true}]}}

<p>Primo Levi ble født inn i en jødisk-piemontesisk familie i Torino i 1919. Han studerte kjemi, men måtte ta sin eksamen i all hemmelighet da Mussolini i oktober 1938 innførte jødediskriminerende lover. I 1943 sluttet Levi seg til en partisangruppe i Aostadalen. I desember samme året ble han tatt til fange og internert i Fossoli-leiren nær Modena, og 22. februar 1944 ble han sendt av tyskerne til Auschwitz. Kjemien som vitenskap og filosofi preger Levis tekster og livsholdning. Hans prosa er klar og konsis, fortellingene er logiske og samtidig kreative og utforskende. Hans skildringer av erfaringene i dødsleirene er preget av dette vitenskapelige og saklige språket uten patos, men med en analytisk og dypt etisk tilnærming til disse vanskelige temaene. Det er denne tilnærmingen som gjør Levis selvbiografiske bøker til noe allment som i tillegg løfter dem ut av den rene vitnefortellingen.</p>
<p>«Et ruvende moralsk forfatterskap. Lik omstreifende dyr har italienske Primo Levis bøker satt dype spor etter seg i verden. […] et forfatterskap som i dag må regnes som ett av de aller fremste uansett språk. […] Primo Levi skriver ut ifra en bekymring for at det som hendte i konsentrasjonsleirene, skal bli umulig å tro i ettertid. […] Det er et forfatterskap som også lærer oss at moral bestandig er noe konkret og situasjonsavhengig, samt at spørsmålet om hva som er riktig og hva som er galt å gjøre for å overleve under ekstreme forhold, ofte leder inn i en gråsone der grensene der grensene mellom overgriper og offer viske ut. Og hvor vanskelig det senere kan bli å leve med dette.»</p>
<p><strong>Preben Jordal, AFTENPOSTEN</strong></p>

<!-- This site is optimized with the Yoast SEO plugin v26.6 - https://yoast.com/wordpress/plugins/seo/ -->
<title>Primo Levi - Dreyers Forlag</title>
<meta name="robots" content="noindex, follow, max-snippet:-1, max-image-preview:large, max-video-preview:-1" />
<meta property="og:locale" content="nb_NO" />
<meta property="og:type" content="article" />
<meta property="og:title" content="Primo Levi - Dreyers Forlag" />
<meta property="og:description" content="Primo Levi ble født inn i en jødisk-piemontesisk familie i Torino i 1919. Han studerte kjemi, men måtte ta sin eksamen i all hemmelighet da Mussolini i oktober 1938 innførte jødediskriminerende lover. I 1943 sluttet Levi seg til en partisangruppe i Aostadalen. I desember samme året ble han tatt til fange og internert i Fossoli-leiren [&hellip;]" />
<meta property="og:url" content="https://staging.forenteforlag.no/dreyers/forfatter/primo-levi/" />
<meta property="og:site_name" content="Dreyers Forlag" />
<meta property="article:modified_time" content="2025-09-03T12:49:47+00:00" />
<meta property="og:image" content="https://staging.forenteforlag.no/dreyers/wp-content/uploads/sites/2/2025/03/Primo_Levi_19604.5.jpg" />
	<meta property="og:image:width" content="416" />
	<meta property="og:image:height" content="520" />
	<meta property="og:image:type" content="image/jpeg" />
<meta name="twitter:card" content="summary_large_image" />
<meta name="twitter:label1" content="Ansl. lesetid" />
	<meta name="twitter:data1" content="2 minutter" />
<script type="application/ld+json" class="yoast-schema-graph">{"@context":"https://schema.org","@graph":[{"@type":"WebPage","@id":"https://staging.forenteforlag.no/dreyers/forfatter/primo-levi/","url":"https://staging.forenteforlag.no/dreyers/forfatter/primo-levi/","name":"Primo Levi - Dreyers Forlag","isPartOf":{"@id":"https://staging.forenteforlag.no/dreyers/#website"},"primaryImageOfPage":{"@id":"https://staging.forenteforlag.no/dreyers/forfatter/primo-levi/#primaryimage"},"image":{"@id":"https://staging.forenteforlag.no/dreyers/forfatter/primo-levi/#primaryimage"},"thumbnailUrl":"https://staging.forenteforlag.no/dreyers/wp-content/uploads/sites/2/2025/03/Primo_Levi_19604.5.jpg","datePublished":"2024-12-10T22:25:01+00:00","dateModified":"2025-09-03T12:49:47+00:00","breadcrumb":{"@id":"https://staging.forenteforlag.no/dreyers/forfatter/primo-levi/#breadcrumb"},"inLanguage":"nb-NO","potentialAction":[{"@type":"ReadAction","target":["https://staging.forenteforlag.no/dreyers/forfatter/primo-levi/"]}]},{"@type":"ImageObject","inLanguage":"nb-NO","@id":"https://staging.forenteforlag.no/dreyers/forfatter/primo-levi/#primaryimage","url":"https://staging.forenteforlag.no/dreyers/wp-content/uploads/sites/2/2025/03/Primo_Levi_19604.5.jpg","contentUrl":"https://staging.forenteforlag.no/dreyers/wp-content/uploads/sites/2/2025/03/Primo_Levi_19604.5.jpg","width":416,"height":520},{"@type":"BreadcrumbList","@id":"https://staging.forenteforlag.no/dreyers/forfatter/primo-levi/#breadcrumb","itemListElement":[{"@type":"ListItem","position":1,"name":"Hjem","item":"https://staging.forenteforlag.no/dreyers/"},{"@type":"ListItem","position":2,"name":"Primo Levi"}]},{"@type":"WebSite","@id":"https://staging.forenteforlag.no/dreyers/#website","url":"https://staging.forenteforlag.no/dreyers/","name":"Dreyers Forlag","description":"","potentialAction":[{"@type":"SearchAction","target":{"@type":"EntryPoint","urlTemplate":"https://staging.forenteforlag.no/dreyers/?s={search_term_string}"},"query-input":{"@type":"PropertyValueSpecification","valueRequired":true,"valueName":"search_term_string"}}],"inLanguage":"nb-NO"}]}</script>
<!-- / Yoast SEO plugin. -->

Primo Levi ble født inn i en jødisk-piemontesisk familie i Torino i 1919. Han studerte kjemi, men måtte ta sin eksamen i all hemmelighet da Mussolini i oktober 1938 innførte jødediskriminerende lover. I 1943 sluttet Levi seg til en partisangruppe i Aostadalen. I desember samme året ble han tatt til fange og internert i Fossoli-leiren [&hellip;]
